{"id":9955,"date":"2025-10-30T14:45:51","date_gmt":"2025-10-30T13:45:51","guid":{"rendered":"https:\/\/www.colours.cz\/ucinkujici\/sofian-medj-medj-colours\/"},"modified":"2026-03-18T10:26:11","modified_gmt":"2026-03-18T09:26:11","slug":"sofian-medj-medj-colours","status":"publish","type":"program","link":"https:\/\/www.colours.cz\/en\/ucinkujici\/sofian-medj-medj-colours\/","title":{"rendered":"SOFIAN MEDJMEDJ"},"content":{"rendered":"\n<figure class=\"wp-block-embed is-type-rich is-provider-spotify wp-block-embed-spotify wp-embed-aspect-21-9 wp-has-aspect-ratio\"><div class=\"wp-block-embed__wrapper\">\n<iframe title=\"Spotify Embed: Sofian Medjmedj\" style=\"border-radius: 12px\" width=\"100%\" height=\"352\" frameborder=\"0\" allowfullscreen allow=\"autoplay; clipboard-write; encrypted-media; fullscreen; picture-in-picture\" loading=\"lazy\" src=\"https:\/\/open.spotify.com\/embed\/artist\/2ZHJEckf6HJXMSuD2icSSW?si=5T_nMZ5IQvWWoq79nbFCnA&#038;utm_source=oembed\"><\/iframe>\n<\/div><\/figure>\n\n\n\n<p>I kdy\u017e to n\u011bjakou dobu trvalo, v\u011bt\u0161ina poslucha\u010d\u016f u\u017e dok\u00e1\u017ee bez probl\u00e9mu p\u0159e\u010d\u00edst jeho jm\u00e9no. Aby ne, kdy\u017e se objevuje v tolika playlistech. Stoj\u00ed za t\u00edm tak\u00e9 neutuchaj\u00edc\u00ed s\u00edla konstantn\u011b pracovat a neust\u00e1le se vyv\u00edjet a zlep\u0161ovat. Zp\u011bv\u00e1k, skladatel a producent s ko\u0159eny v \u010cesku i Al\u017e\u00edrsku si z\u00edskal publikum autenticitou, otev\u0159enost\u00ed a neoby\u010dejn\u00fdm citem pro melodii. Ale tak\u00e9 dravost\u00ed d\u00e1vaj\u00edc\u00ed prostor pro kreativn\u00ed propojen\u00ed modern\u00edho popu, R&amp;B i soulu, a energi\u00ed, kter\u00e1 je naka\u017eliv\u00e1, up\u0159\u00edmn\u00e1 a pln\u00e1 \u017eivota. Talentu si v\u0161iml i \u010dasopis Forbes, kter\u00fd Sofiana za\u0159adil na za\u010d\u00e1tku roku 2025 do presti\u017en\u00edho v\u00fdb\u011bru 30 pod 30, kde se potkal s um\u011bleck\u00fdm \u0159editelem Colours of Ostrava Filipem Ko\u0161\u0165\u00e1lkem.<\/p>\n\n\n\n<figure class=\"wp-block-embed is-type-video is-provider-youtube wp-block-embed-youtube wp-embed-aspect-4-3 wp-has-aspect-ratio\"><div class=\"wp-block-embed__wrapper\">\n<iframe loading=\"lazy\" title=\"Sofian Medjmedj x Ben Cristovao - Slzy (official video)\" width=\"500\" height=\"375\" src=\"https:\/\/www.youtube.com\/embed\/z9thCcGxaKM?feature=oembed\" frameborder=\"0\" allow=\"accelerometer; autoplay; clipboard-write; encrypted-media; gyroscope; picture-in-picture; web-share\" referrerpolicy=\"strict-origin-when-cross-origin\" allowfullscreen><\/iframe>\n<\/div><\/figure>\n\n\n\n<p>Sofian Medjmedj vstoupil na sc\u00e9nu plnohodnotn\u011b po hudebn\u00ed v\u00fdzv\u011b, d\u00edky kter\u00e9 nato\u010dil v presti\u017en\u00edm lond\u00fdnsk\u00e9m studiu Abbey Road spole\u010dn\u00fd singl s Benem Cristovaem, s n\u00edm\u017e ho poj\u00ed p\u0159\u00e1telstv\u00ed dodnes. Aktu\u00e1ln\u011b maj\u00ed na sv\u00e9m kont\u011b dv\u011b spole\u010dn\u00e9 nahr\u00e1vky KHAOSAN a DENPASAR. P\u0159ed vstupem do hudebn\u00edho pr\u016fmyslu se u\u010dil od sv\u00fdch vzor\u016f jako Justin Bieber nebo Linkin Park. Zku\u0161enosti nab\u00edral sv\u00e9pomoc\u00ed nahr\u00e1v\u00e1n\u00edm cover\u016f na YouTube. Dodnes jsou pro n\u011bj kan\u00e1ly soci\u00e1ln\u00edch s\u00edt\u00ed kl\u00ed\u010dov\u00e9. I d\u00edky nim dok\u00e1\u017ee nal\u00e1kat na sv\u00e1 vystoupen\u00ed davy fanou\u0161k\u016f, stejn\u011b jako se mu to poda\u0159ilo na 22. ro\u010dn\u00edku Colours, kdy ho vid\u011blo v partnersk\u00e9 z\u00f3n\u011b zhruba t\u0159i tis\u00edce p\u00e1r\u016f o\u010d\u00ed. Jak velk\u00e9 publikum si zajist\u00ed na ofici\u00e1ln\u00ed sc\u00e9n\u011b v \u010dervenci? A kolik hlasivek se spoj\u00ed nad refr\u00e9nem \u201eTak mi \u0159ekni, kde te\u010f sp\u00ed\u0161\u2026\u201c?<\/p>\n","protected":false},"excerpt":{"rendered":"<p>Match match na prvn\u00ed poslech, bylo jen ot\u00e1zkou \u010dasu, kdy se Sofian stane sou\u010d\u00e1st\u00ed Colours.<\/p>\n","protected":false},"featured_media":9943,"menu_order":0,"template":"","meta":[],"program-year":[456],"program-category":[120],"program-genre":[180,258,262],"program-country":[256],"class_list":["post-9955","program","type-program","status-publish","has-post-thumbnail","hentry","program-category-music-programme","program-genre-pop-en","program-genre-rnb-en","program-genre-rap-en","program-country-cesko-en"],"yoast_head":"<!-- This site is optimized with the Yoast SEO plugin v25.3.1 - https:\/\/yoast.com\/wordpress\/plugins\/seo\/ -->\n<title>SOFIAN MEDJMEDJ - Colours of Ostrava<\/title>\n<meta name=\"description\" content=\"Match match na prvn\u00ed poslech, bylo jen ot\u00e1zkou \u010dasu, kdy se Sofian stane sou\u010d\u00e1st\u00ed Colours.\" \/>\n<meta name=\"robots\" content=\"index, follow, max-snippet:-1, max-image-preview:large, max-video-preview:-1\" \/>\n<link rel=\"canonical\" href=\"https:\/\/www.colours.cz\/en\/ucinkujici\/sofian-medj-medj-colours\/\" \/>\n<meta property=\"og:locale\" content=\"en_US\" \/>\n<meta property=\"og:type\" content=\"article\" \/>\n<meta property=\"og:title\" content=\"SOFIAN MEDJMEDJ - Colours of Ostrava\" \/>\n<meta property=\"og:description\" content=\"Match match na prvn\u00ed poslech, bylo jen ot\u00e1zkou \u010dasu, kdy se Sofian stane sou\u010d\u00e1st\u00ed Colours.\" \/>\n<meta property=\"og:url\" content=\"https:\/\/www.colours.cz\/en\/ucinkujici\/sofian-medj-medj-colours\/\" \/>\n<meta property=\"og:site_name\" content=\"Colours of Ostrava\" \/>\n<meta property=\"article:modified_time\" content=\"2026-03-18T09:26:11+00:00\" \/>\n<meta property=\"og:image\" content=\"https:\/\/www.colours.cz\/wp-content\/uploads\/2025\/10\/FANCY_PROMO_3-e1761832731318.jpg\" \/>\n\t<meta property=\"og:image:width\" content=\"2000\" \/>\n\t<meta property=\"og:image:height\" content=\"1630\" \/>\n\t<meta property=\"og:image:type\" content=\"image\/jpeg\" \/>\n<meta name=\"twitter:card\" content=\"summary_large_image\" \/>\n<meta name=\"twitter:label1\" content=\"Est. reading time\" \/>\n\t<meta name=\"twitter:data1\" content=\"2 minutes\" \/>\n<!-- \/ Yoast SEO plugin. -->","yoast_head_json":{"title":"SOFIAN MEDJMEDJ - Colours of Ostrava","description":"Match match na prvn\u00ed poslech, bylo jen ot\u00e1zkou \u010dasu, kdy se Sofian stane sou\u010d\u00e1st\u00ed Colours.","robots":{"index":"index","follow":"follow","max-snippet":"max-snippet:-1","max-image-preview":"max-image-preview:large","max-video-preview":"max-video-preview:-1"},"canonical":"https:\/\/www.colours.cz\/en\/ucinkujici\/sofian-medj-medj-colours\/","og_locale":"en_US","og_type":"article","og_title":"SOFIAN MEDJMEDJ - Colours of Ostrava","og_description":"Match match na prvn\u00ed poslech, bylo jen ot\u00e1zkou \u010dasu, kdy se Sofian stane sou\u010d\u00e1st\u00ed Colours.","og_url":"https:\/\/www.colours.cz\/en\/ucinkujici\/sofian-medj-medj-colours\/","og_site_name":"Colours of Ostrava","article_modified_time":"2026-03-18T09:26:11+00:00","og_image":[{"width":2000,"height":1630,"url":"https:\/\/www.colours.cz\/wp-content\/uploads\/2025\/10\/FANCY_PROMO_3-e1761832731318.jpg","type":"image\/jpeg"}],"twitter_card":"summary_large_image","twitter_misc":{"Est. reading time":"2 minutes"},"schema":{"@context":"https:\/\/schema.org","@graph":[{"@type":"WebPage","@id":"https:\/\/www.colours.cz\/en\/ucinkujici\/sofian-medj-medj-colours\/","url":"https:\/\/www.colours.cz\/en\/ucinkujici\/sofian-medj-medj-colours\/","name":"SOFIAN MEDJMEDJ - Colours of Ostrava","isPartOf":{"@id":"https:\/\/www.colours.cz\/en\/#website"},"primaryImageOfPage":{"@id":"https:\/\/www.colours.cz\/en\/ucinkujici\/sofian-medj-medj-colours\/#primaryimage"},"image":{"@id":"https:\/\/www.colours.cz\/en\/ucinkujici\/sofian-medj-medj-colours\/#primaryimage"},"thumbnailUrl":"https:\/\/www.colours.cz\/wp-content\/uploads\/2025\/10\/FANCY_PROMO_3-e1761832731318.jpg","datePublished":"2025-10-30T13:45:51+00:00","dateModified":"2026-03-18T09:26:11+00:00","description":"Match match na prvn\u00ed poslech, bylo jen ot\u00e1zkou \u010dasu, kdy se Sofian stane sou\u010d\u00e1st\u00ed Colours.","breadcrumb":{"@id":"https:\/\/www.colours.cz\/en\/ucinkujici\/sofian-medj-medj-colours\/#breadcrumb"},"inLanguage":"en-US","potentialAction":[{"@type":"ReadAction","target":["https:\/\/www.colours.cz\/en\/ucinkujici\/sofian-medj-medj-colours\/"]}]},{"@type":"ImageObject","inLanguage":"en-US","@id":"https:\/\/www.colours.cz\/en\/ucinkujici\/sofian-medj-medj-colours\/#primaryimage","url":"https:\/\/www.colours.cz\/wp-content\/uploads\/2025\/10\/FANCY_PROMO_3-e1761832731318.jpg","contentUrl":"https:\/\/www.colours.cz\/wp-content\/uploads\/2025\/10\/FANCY_PROMO_3-e1761832731318.jpg","width":2000,"height":1630},{"@type":"BreadcrumbList","@id":"https:\/\/www.colours.cz\/en\/ucinkujici\/sofian-medj-medj-colours\/#breadcrumb","itemListElement":[{"@type":"ListItem","position":1,"name":"Dom\u016f","item":"https:\/\/www.colours.cz\/en\/"},{"@type":"ListItem","position":2,"name":"SOFIAN MEDJMEDJ"}]},{"@type":"WebSite","@id":"https:\/\/www.colours.cz\/en\/#website","url":"https:\/\/www.colours.cz\/en\/","name":"Colours of Ostrava","description":"","potentialAction":[{"@type":"SearchAction","target":{"@type":"EntryPoint","urlTemplate":"https:\/\/www.colours.cz\/en\/?s={search_term_string}"},"query-input":{"@type":"PropertyValueSpecification","valueRequired":true,"valueName":"search_term_string"}}],"inLanguage":"en-US"}]}},"program-params-interpret-block-order":"0","program-params-thumbnail-mobile-id":"","program-params-sign-language-available":"0","program-params-timeline-description":"","program-tickets-not-included":"0","program-events-items-ids":[{"program-event-items-date-start":"16.07.2026 13:00","program-event-items-date-end":"","program-event-items-date-length":"0","program-event-items-place":"6480"}],"program-spotify-iframe":"","program-spotify-position":"center","program-socials-facebook":"https:\/\/www.facebook.com\/sofianmedjmedjofficial\/?locale=cs_CZ","program-socials-youtube":"https:\/\/www.youtube.com\/@sofianmedjmedj7690","program-socials-spotify":"https:\/\/open.spotify.com\/artist\/2ZHJEckf6HJXMSuD2icSSW?si=5T_nMZ5IQvWWoq79nbFCnA","program-socials-instagram":"https:\/\/www.instagram.com\/sofianmedjmedj\/?hl=cs","program-socials-threads":"","program-socials-tiktok":"https:\/\/www.tiktok.com\/@sofianmedjmedj","program-socials-linkedin":"","program-gallery-items-ids":[{"program-items-url":"","program-items-title":"","program-items-description":"","program-items-duration":"","program-items-image-id":""}],"program-discover-title":"","program-discover-show-in-modal":"0","program-discover-items-ids":"","_links":{"self":[{"href":"https:\/\/www.colours.cz\/en\/wp-json\/wp\/v2\/program\/9955","targetHints":{"allow":["GET"]}}],"collection":[{"href":"https:\/\/www.colours.cz\/en\/wp-json\/wp\/v2\/program"}],"about":[{"href":"https:\/\/www.colours.cz\/en\/wp-json\/wp\/v2\/types\/program"}],"wp:featuredmedia":[{"embeddable":true,"href":"https:\/\/www.colours.cz\/en\/wp-json\/wp\/v2\/media\/9943"}],"wp:attachment":[{"href":"https:\/\/www.colours.cz\/en\/wp-json\/wp\/v2\/media?parent=9955"}],"wp:term":[{"taxonomy":"program-year","embeddable":true,"href":"https:\/\/www.colours.cz\/en\/wp-json\/wp\/v2\/program-year?post=9955"},{"taxonomy":"program-category","embeddable":true,"href":"https:\/\/www.colours.cz\/en\/wp-json\/wp\/v2\/program-category?post=9955"},{"taxonomy":"program-genre","embeddable":true,"href":"https:\/\/www.colours.cz\/en\/wp-json\/wp\/v2\/program-genre?post=9955"},{"taxonomy":"program-country","embeddable":true,"href":"https:\/\/www.colours.cz\/en\/wp-json\/wp\/v2\/program-country?post=9955"}],"curies":[{"name":"wp","href":"https:\/\/api.w.org\/{rel}","templated":true}]}}

<figure class="wp-block-embed is-type-rich is-provider-spotify wp-block-embed-spotify wp-embed-aspect-21-9 wp-has-aspect-ratio"><div class="wp-block-embed__wrapper">
<iframe title="Spotify Embed: Sofian Medjmedj" style="border-radius: 12px" width="100%" height="352" frameborder="0" allowfullscreen allow="autoplay; clipboard-write; encrypted-media; fullscreen; picture-in-picture" loading="lazy" src="https://open.spotify.com/embed/artist/2ZHJEckf6HJXMSuD2icSSW?si=5T_nMZ5IQvWWoq79nbFCnA&#038;utm_source=oembed"></iframe>
</div></figure>



<p>I když to nějakou dobu trvalo, většina posluchačů už dokáže bez problému přečíst jeho jméno. Aby ne, když se objevuje v tolika playlistech. Stojí za tím také neutuchající síla konstantně pracovat a neustále se vyvíjet a zlepšovat. Zpěvák, skladatel a producent s kořeny v Česku i Alžírsku si získal publikum autenticitou, otevřeností a neobyčejným citem pro melodii. Ale také dravostí dávající prostor pro kreativní propojení moderního popu, R&amp;B i soulu, a energií, která je nakažlivá, upřímná a plná života. Talentu si všiml i časopis Forbes, který Sofiana zařadil na začátku roku 2025 do prestižního výběru 30 pod 30, kde se potkal s uměleckým ředitelem Colours of Ostrava Filipem Košťálkem.</p>



<figure class="wp-block-embed is-type-video is-provider-youtube wp-block-embed-youtube wp-embed-aspect-4-3 wp-has-aspect-ratio"><div class="wp-block-embed__wrapper">
<iframe loading="lazy" title="Sofian Medjmedj x Ben Cristovao - Slzy (official video)" width="500" height="375" src="https://www.youtube.com/embed/z9thCcGxaKM?feature=oembed" frameborder="0" allow="accelerometer; autoplay; clipboard-write; encrypted-media; gyroscope; picture-in-picture; web-share" referrerpolicy="strict-origin-when-cross-origin" allowfullscreen></iframe>
</div></figure>



<p>Sofian Medjmedj vstoupil na scénu plnohodnotně po hudební výzvě, díky které natočil v prestižním londýnském studiu Abbey Road společný singl s Benem Cristovaem, s nímž ho pojí přátelství dodnes. Aktuálně mají na svém kontě dvě společné nahrávky KHAOSAN a DENPASAR. Před vstupem do hudebního průmyslu se učil od svých vzorů jako Justin Bieber nebo Linkin Park. Zkušenosti nabíral svépomocí nahráváním coverů na YouTube. Dodnes jsou pro něj kanály sociálních sítí klíčové. I díky nim dokáže nalákat na svá vystoupení davy fanoušků, stejně jako se mu to podařilo na 22. ročníku Colours, kdy ho vidělo v partnerské zóně zhruba tři tisíce párů očí. Jak velké publikum si zajistí na oficiální scéně v červenci? A kolik hlasivek se spojí nad refrénem „Tak mi řekni, kde teď spíš…“?</p>

<p>Match match na první poslech, bylo jen otázkou času, kdy se Sofian stane součástí Colours.</p>

<!-- This site is optimized with the Yoast SEO plugin v25.3.1 - https://yoast.com/wordpress/plugins/seo/ -->
<title>SOFIAN MEDJMEDJ - Colours of Ostrava</title>
<meta name="description" content="Match match na první poslech, bylo jen otázkou času, kdy se Sofian stane součástí Colours." />
<meta name="robots" content="index, follow, max-snippet:-1, max-image-preview:large, max-video-preview:-1" />
<link rel="canonical" href="https://www.colours.cz/en/ucinkujici/sofian-medj-medj-colours/" />
<meta property="og:locale" content="en_US" />
<meta property="og:type" content="article" />
<meta property="og:title" content="SOFIAN MEDJMEDJ - Colours of Ostrava" />
<meta property="og:description" content="Match match na první poslech, bylo jen otázkou času, kdy se Sofian stane součástí Colours." />
<meta property="og:url" content="https://www.colours.cz/en/ucinkujici/sofian-medj-medj-colours/" />
<meta property="og:site_name" content="Colours of Ostrava" />
<meta property="article:modified_time" content="2026-03-18T09:26:11+00:00" />
<meta property="og:image" content="https://www.colours.cz/wp-content/uploads/2025/10/FANCY_PROMO_3-e1761832731318.jpg" />
	<meta property="og:image:width" content="2000" />
	<meta property="og:image:height" content="1630" />
	<meta property="og:image:type" content="image/jpeg" />
<meta name="twitter:card" content="summary_large_image" />
<meta name="twitter:label1" content="Est. reading time" />
	<meta name="twitter:data1" content="2 minutes" />
<!-- / Yoast SEO plugin. -->

Match match na první poslech, bylo jen otázkou času, kdy se Sofian stane součástí Colours.

Domů
