{"id":9922,"date":"2025-10-30T08:33:46","date_gmt":"2025-10-30T07:33:46","guid":{"rendered":"https:\/\/www.colours.cz\/ucinkujici\/harry-strange\/"},"modified":"2026-03-16T13:52:47","modified_gmt":"2026-03-16T12:52:47","slug":"harry-strange","status":"publish","type":"program","link":"https:\/\/www.colours.cz\/en\/ucinkujici\/harry-strange\/","title":{"rendered":"HARRY STRANGE"},"content":{"rendered":"\n<figure class=\"wp-block-embed is-type-rich is-provider-spotify wp-block-embed-spotify wp-embed-aspect-21-9 wp-has-aspect-ratio\"><div class=\"wp-block-embed__wrapper\">\n<iframe title=\"Spotify Embed: Harry Strange\" style=\"border-radius: 12px\" width=\"100%\" height=\"352\" frameborder=\"0\" allowfullscreen allow=\"autoplay; clipboard-write; encrypted-media; fullscreen; picture-in-picture\" loading=\"lazy\" src=\"https:\/\/open.spotify.com\/embed\/artist\/33hzAXIWsHwT9LxvlQ1ZAr?si=kZhcYk7lQ0qhdzIV13rNKQ&#038;utm_source=oembed\"><\/iframe>\n<\/div><\/figure>\n\n\n\n<p>D\u00edky sv\u00e9mu podmaniv\u00e9mu hlasu a emocion\u00e1ln\u011b bohat\u00fdm text\u016fm je jedn\u00edm z nejzaj\u00edmav\u011bj\u0161\u00edch za\u010d\u00ednaj\u00edc\u00edch um\u011blc\u016f ve Velk\u00e9 Brit\u00e1nii. Jeho hudba se pohybuje na pomez\u00ed elektronick\u00e9ho popu a intimn\u00edho soulu. Syrov\u00e1 up\u0159\u00edmnost nam\u00edchan\u00e1 s t\u0159pytivou produkc\u00ed, cel\u00e9 zabalen\u00e9 do pestrobarevn\u00e9ho queer kab\u00e1tu.<\/p>\n\n\n\n<figure class=\"wp-block-embed is-type-video is-provider-youtube wp-block-embed-youtube wp-embed-aspect-4-3 wp-has-aspect-ratio\"><div class=\"wp-block-embed__wrapper\">\n<iframe loading=\"lazy\" title=\"Harry Strange - I Like You (Official Video)\" width=\"500\" height=\"375\" src=\"https:\/\/www.youtube.com\/embed\/UpIGcB8XUa0?feature=oembed\" frameborder=\"0\" allow=\"accelerometer; autoplay; clipboard-write; encrypted-media; gyroscope; picture-in-picture; web-share\" referrerpolicy=\"strict-origin-when-cross-origin\" allowfullscreen><\/iframe>\n<\/div><\/figure>\n\n\n\n<p>Harry Strange m\u00e1 na sv\u00e9m kont\u011b \u010dty\u0159i EP, to posledn\u00ed vy\u0161lo loni a obsahuje p\u011bt skladeb. Listopad 2025 p\u0159in\u00e1\u0161\u00ed prvn\u00ed singl alright, alright z o\u010dek\u00e1van\u00e9ho debutu. Pokud se r\u00e1di zaposlouch\u00e1te do hudby um\u011blc\u016f jako Ryan Beatty, Troye Sivan nebo Orville Peck, m\u011bli byste si v programu Colours vyzna\u010dit pr\u00e1v\u011b Harryho. I kdy\u017e jeho jm\u00e9no zat\u00edm z\u016fst\u00e1v\u00e1 v\u011bt\u0161in\u011b ciz\u00ed, na dom\u00e1c\u00ed sc\u00e9n\u011b, v Lond\u00fdn\u011b u\u017e m\u00e1 slu\u0161nou z\u00e1kladnu fanou\u0161k\u016f. K roz\u0161i\u0159ov\u00e1n\u00ed pov\u011bdom\u00ed mu pom\u00e1h\u00e1 i vlastn\u00ed posilovna otev\u0159en\u00e1 queer komunit\u011b. \u017div\u00e9 vystoupen\u00ed slibuje intimn\u00ed momenty, kdy je zp\u011bv doprov\u00e1zen jen \u0161pan\u011blkou, stejn\u011b jako v\u00fdbu\u0161n\u00e9 skladby k\u0159i\u010d\u00edc\u00ed radost do cel\u00e9ho are\u00e1lu.<\/p>\n","protected":false},"excerpt":{"rendered":"<p>Nejup\u0159\u00edmn\u011bj\u0161\u00ed a nejh\u0159ejiv\u011bj\u0161\u00ed objet\u00ed 23. Colours\ud83c\udff3\ufe0f\u200d\ud83c\udf08.<\/p>\n","protected":false},"featured_media":9905,"menu_order":0,"template":"","meta":[],"program-year":[456],"program-category":[120],"program-genre":[180,460],"program-country":[163],"class_list":["post-9922","program","type-program","status-publish","has-post-thumbnail","hentry","program-category-music-programme","program-genre-pop-en","program-genre-soul-en","program-country-velka-britanie-en"],"yoast_head":"<!-- This site is optimized with the Yoast SEO plugin v25.3.1 - https:\/\/yoast.com\/wordpress\/plugins\/seo\/ -->\n<title>HARRY STRANGE - Colours of Ostrava<\/title>\n<meta name=\"description\" content=\"Nejup\u0159\u00edmn\u011bj\u0161\u00ed a nejh\u0159ejiv\u011bj\u0161\u00ed objet\u00ed 23. ro\u010dn\u00edku Colours of Ostrava\ud83c\udff3\ufe0f\u200d\ud83c\udf08.\" \/>\n<meta name=\"robots\" content=\"index, follow, max-snippet:-1, max-image-preview:large, max-video-preview:-1\" \/>\n<link rel=\"canonical\" href=\"https:\/\/www.colours.cz\/en\/ucinkujici\/harry-strange\/\" \/>\n<meta property=\"og:locale\" content=\"en_US\" \/>\n<meta property=\"og:type\" content=\"article\" \/>\n<meta property=\"og:title\" content=\"HARRY STRANGE - Colours of Ostrava\" \/>\n<meta property=\"og:description\" content=\"Nejup\u0159\u00edmn\u011bj\u0161\u00ed a nejh\u0159ejiv\u011bj\u0161\u00ed objet\u00ed 23. ro\u010dn\u00edku Colours of Ostrava\ud83c\udff3\ufe0f\u200d\ud83c\udf08.\" \/>\n<meta property=\"og:url\" content=\"https:\/\/www.colours.cz\/en\/ucinkujici\/harry-strange\/\" \/>\n<meta property=\"og:site_name\" content=\"Colours of Ostrava\" \/>\n<meta property=\"article:modified_time\" content=\"2026-03-16T12:52:47+00:00\" \/>\n<meta property=\"og:image\" content=\"https:\/\/www.colours.cz\/wp-content\/uploads\/2025\/10\/R1-06784-004A-scaled.jpg\" \/>\n\t<meta property=\"og:image:width\" content=\"2560\" \/>\n\t<meta property=\"og:image:height\" content=\"1598\" \/>\n\t<meta property=\"og:image:type\" content=\"image\/jpeg\" \/>\n<meta name=\"twitter:card\" content=\"summary_large_image\" \/>\n<meta name=\"twitter:label1\" content=\"Est. reading time\" \/>\n\t<meta name=\"twitter:data1\" content=\"1 minute\" \/>\n<!-- \/ Yoast SEO plugin. -->","yoast_head_json":{"title":"HARRY STRANGE - Colours of Ostrava","description":"Nejup\u0159\u00edmn\u011bj\u0161\u00ed a nejh\u0159ejiv\u011bj\u0161\u00ed objet\u00ed 23. ro\u010dn\u00edku Colours of Ostrava\ud83c\udff3\ufe0f\u200d\ud83c\udf08.","robots":{"index":"index","follow":"follow","max-snippet":"max-snippet:-1","max-image-preview":"max-image-preview:large","max-video-preview":"max-video-preview:-1"},"canonical":"https:\/\/www.colours.cz\/en\/ucinkujici\/harry-strange\/","og_locale":"en_US","og_type":"article","og_title":"HARRY STRANGE - Colours of Ostrava","og_description":"Nejup\u0159\u00edmn\u011bj\u0161\u00ed a nejh\u0159ejiv\u011bj\u0161\u00ed objet\u00ed 23. ro\u010dn\u00edku Colours of Ostrava\ud83c\udff3\ufe0f\u200d\ud83c\udf08.","og_url":"https:\/\/www.colours.cz\/en\/ucinkujici\/harry-strange\/","og_site_name":"Colours of Ostrava","article_modified_time":"2026-03-16T12:52:47+00:00","og_image":[{"width":2560,"height":1598,"url":"https:\/\/www.colours.cz\/wp-content\/uploads\/2025\/10\/R1-06784-004A-scaled.jpg","type":"image\/jpeg"}],"twitter_card":"summary_large_image","twitter_misc":{"Est. reading time":"1 minute"},"schema":{"@context":"https:\/\/schema.org","@graph":[{"@type":"WebPage","@id":"https:\/\/www.colours.cz\/en\/ucinkujici\/harry-strange\/","url":"https:\/\/www.colours.cz\/en\/ucinkujici\/harry-strange\/","name":"HARRY STRANGE - Colours of Ostrava","isPartOf":{"@id":"https:\/\/www.colours.cz\/en\/#website"},"primaryImageOfPage":{"@id":"https:\/\/www.colours.cz\/en\/ucinkujici\/harry-strange\/#primaryimage"},"image":{"@id":"https:\/\/www.colours.cz\/en\/ucinkujici\/harry-strange\/#primaryimage"},"thumbnailUrl":"https:\/\/www.colours.cz\/wp-content\/uploads\/2025\/10\/R1-06784-004A-scaled.jpg","datePublished":"2025-10-30T07:33:46+00:00","dateModified":"2026-03-16T12:52:47+00:00","description":"Nejup\u0159\u00edmn\u011bj\u0161\u00ed a nejh\u0159ejiv\u011bj\u0161\u00ed objet\u00ed 23. ro\u010dn\u00edku Colours of Ostrava\ud83c\udff3\ufe0f\u200d\ud83c\udf08.","breadcrumb":{"@id":"https:\/\/www.colours.cz\/en\/ucinkujici\/harry-strange\/#breadcrumb"},"inLanguage":"en-US","potentialAction":[{"@type":"ReadAction","target":["https:\/\/www.colours.cz\/en\/ucinkujici\/harry-strange\/"]}]},{"@type":"ImageObject","inLanguage":"en-US","@id":"https:\/\/www.colours.cz\/en\/ucinkujici\/harry-strange\/#primaryimage","url":"https:\/\/www.colours.cz\/wp-content\/uploads\/2025\/10\/R1-06784-004A-scaled.jpg","contentUrl":"https:\/\/www.colours.cz\/wp-content\/uploads\/2025\/10\/R1-06784-004A-scaled.jpg","width":2560,"height":1598},{"@type":"BreadcrumbList","@id":"https:\/\/www.colours.cz\/en\/ucinkujici\/harry-strange\/#breadcrumb","itemListElement":[{"@type":"ListItem","position":1,"name":"Dom\u016f","item":"https:\/\/www.colours.cz\/en\/"},{"@type":"ListItem","position":2,"name":"HARRY STRANGE"}]},{"@type":"WebSite","@id":"https:\/\/www.colours.cz\/en\/#website","url":"https:\/\/www.colours.cz\/en\/","name":"Colours of Ostrava","description":"","potentialAction":[{"@type":"SearchAction","target":{"@type":"EntryPoint","urlTemplate":"https:\/\/www.colours.cz\/en\/?s={search_term_string}"},"query-input":{"@type":"PropertyValueSpecification","valueRequired":true,"valueName":"search_term_string"}}],"inLanguage":"en-US"}]}},"program-params-interpret-block-order":"100","program-params-thumbnail-mobile-id":"9904","program-params-sign-language-available":"0","program-params-timeline-description":"","program-tickets-not-included":"0","program-events-items-ids":[{"program-event-items-date-start":"16.07.2026 13:00","program-event-items-date-end":"","program-event-items-date-length":"0","program-event-items-place":"12484"}],"program-spotify-iframe":"","program-spotify-position":"center","program-socials-facebook":"https:\/\/www.facebook.com\/harrystrangemusic\/","program-socials-youtube":"https:\/\/www.youtube.com\/channel\/UCbaHGoQwaqFs7euWjVhW4Og","program-socials-spotify":"https:\/\/open.spotify.com\/artist\/33hzAXIWsHwT9LxvlQ1ZAr?si=kZhcYk7lQ0qhdzIV13rNKQ","program-socials-instagram":"https:\/\/www.instagram.com\/harrystrangemusic\/?hl=cs","program-socials-threads":"","program-socials-tiktok":"","program-socials-linkedin":"","program-gallery-items-ids":[{"program-items-url":"","program-items-title":"","program-items-description":"","program-items-duration":"","program-items-image-id":""}],"program-discover-title":"","program-discover-show-in-modal":"0","program-discover-items-ids":"","_links":{"self":[{"href":"https:\/\/www.colours.cz\/en\/wp-json\/wp\/v2\/program\/9922","targetHints":{"allow":["GET"]}}],"collection":[{"href":"https:\/\/www.colours.cz\/en\/wp-json\/wp\/v2\/program"}],"about":[{"href":"https:\/\/www.colours.cz\/en\/wp-json\/wp\/v2\/types\/program"}],"wp:featuredmedia":[{"embeddable":true,"href":"https:\/\/www.colours.cz\/en\/wp-json\/wp\/v2\/media\/9905"}],"wp:attachment":[{"href":"https:\/\/www.colours.cz\/en\/wp-json\/wp\/v2\/media?parent=9922"}],"wp:term":[{"taxonomy":"program-year","embeddable":true,"href":"https:\/\/www.colours.cz\/en\/wp-json\/wp\/v2\/program-year?post=9922"},{"taxonomy":"program-category","embeddable":true,"href":"https:\/\/www.colours.cz\/en\/wp-json\/wp\/v2\/program-category?post=9922"},{"taxonomy":"program-genre","embeddable":true,"href":"https:\/\/www.colours.cz\/en\/wp-json\/wp\/v2\/program-genre?post=9922"},{"taxonomy":"program-country","embeddable":true,"href":"https:\/\/www.colours.cz\/en\/wp-json\/wp\/v2\/program-country?post=9922"}],"curies":[{"name":"wp","href":"https:\/\/api.w.org\/{rel}","templated":true}]}}

<figure class="wp-block-embed is-type-rich is-provider-spotify wp-block-embed-spotify wp-embed-aspect-21-9 wp-has-aspect-ratio"><div class="wp-block-embed__wrapper">
<iframe title="Spotify Embed: Harry Strange" style="border-radius: 12px" width="100%" height="352" frameborder="0" allowfullscreen allow="autoplay; clipboard-write; encrypted-media; fullscreen; picture-in-picture" loading="lazy" src="https://open.spotify.com/embed/artist/33hzAXIWsHwT9LxvlQ1ZAr?si=kZhcYk7lQ0qhdzIV13rNKQ&#038;utm_source=oembed"></iframe>
</div></figure>



<p>Díky svému podmanivému hlasu a emocionálně bohatým textům je jedním z nejzajímavějších začínajících umělců ve Velké Británii. Jeho hudba se pohybuje na pomezí elektronického popu a intimního soulu. Syrová upřímnost namíchaná s třpytivou produkcí, celé zabalené do pestrobarevného queer kabátu.</p>



<figure class="wp-block-embed is-type-video is-provider-youtube wp-block-embed-youtube wp-embed-aspect-4-3 wp-has-aspect-ratio"><div class="wp-block-embed__wrapper">
<iframe loading="lazy" title="Harry Strange - I Like You (Official Video)" width="500" height="375" src="https://www.youtube.com/embed/UpIGcB8XUa0?feature=oembed" frameborder="0" allow="accelerometer; autoplay; clipboard-write; encrypted-media; gyroscope; picture-in-picture; web-share" referrerpolicy="strict-origin-when-cross-origin" allowfullscreen></iframe>
</div></figure>



<p>Harry Strange má na svém kontě čtyři EP, to poslední vyšlo loni a obsahuje pět skladeb. Listopad 2025 přináší první singl alright, alright z očekávaného debutu. Pokud se rádi zaposloucháte do hudby umělců jako Ryan Beatty, Troye Sivan nebo Orville Peck, měli byste si v programu Colours vyznačit právě Harryho. I když jeho jméno zatím zůstává většině cizí, na domácí scéně, v Londýně už má slušnou základnu fanoušků. K rozšiřování povědomí mu pomáhá i vlastní posilovna otevřená queer komunitě. Živé vystoupení slibuje intimní momenty, kdy je zpěv doprovázen jen španělkou, stejně jako výbušné skladby křičící radost do celého areálu.</p>

<p>Nejupřímnější a nejhřejivější objetí 23. Colours🏳️‍🌈.</p>

<!-- This site is optimized with the Yoast SEO plugin v25.3.1 - https://yoast.com/wordpress/plugins/seo/ -->
<title>HARRY STRANGE - Colours of Ostrava</title>
<meta name="description" content="Nejupřímnější a nejhřejivější objetí 23. ročníku Colours of Ostrava🏳️‍🌈." />
<meta name="robots" content="index, follow, max-snippet:-1, max-image-preview:large, max-video-preview:-1" />
<link rel="canonical" href="https://www.colours.cz/en/ucinkujici/harry-strange/" />
<meta property="og:locale" content="en_US" />
<meta property="og:type" content="article" />
<meta property="og:title" content="HARRY STRANGE - Colours of Ostrava" />
<meta property="og:description" content="Nejupřímnější a nejhřejivější objetí 23. ročníku Colours of Ostrava🏳️‍🌈." />
<meta property="og:url" content="https://www.colours.cz/en/ucinkujici/harry-strange/" />
<meta property="og:site_name" content="Colours of Ostrava" />
<meta property="article:modified_time" content="2026-03-16T12:52:47+00:00" />
<meta property="og:image" content="https://www.colours.cz/wp-content/uploads/2025/10/R1-06784-004A-scaled.jpg" />
	<meta property="og:image:width" content="2560" />
	<meta property="og:image:height" content="1598" />
	<meta property="og:image:type" content="image/jpeg" />
<meta name="twitter:card" content="summary_large_image" />
<meta name="twitter:label1" content="Est. reading time" />
	<meta name="twitter:data1" content="1 minute" />
<!-- / Yoast SEO plugin. -->

Nejupřímnější a nejhřejivější objetí 23. ročníku Colours of Ostrava🏳️‍🌈.

Domů
