{"id":9920,"date":"2025-10-30T08:33:28","date_gmt":"2025-10-30T07:33:28","guid":{"rendered":"https:\/\/www.colours.cz\/ucinkujici\/paris-paloma\/"},"modified":"2026-03-16T13:56:00","modified_gmt":"2026-03-16T12:56:00","slug":"paris-paloma","status":"publish","type":"program","link":"https:\/\/www.colours.cz\/en\/ucinkujici\/paris-paloma\/","title":{"rendered":"Paris Paloma"},"content":{"rendered":"\n<figure class=\"wp-block-embed is-type-rich is-provider-spotify wp-block-embed-spotify wp-embed-aspect-21-9 wp-has-aspect-ratio\"><div class=\"wp-block-embed__wrapper\">\n<iframe title=\"Spotify Embed: Paris Paloma\" style=\"border-radius: 12px\" width=\"100%\" height=\"352\" frameborder=\"0\" allowfullscreen allow=\"autoplay; clipboard-write; encrypted-media; fullscreen; picture-in-picture\" loading=\"lazy\" src=\"https:\/\/open.spotify.com\/embed\/artist\/2EXpthNgSeTDeX8nGwxppp?si=j4duNHa6RbGXyK1aXQtDCA&amp;utm_source=oembed\"><\/iframe>\n<\/div><\/figure>\n\n\n\n<p>A voice rooted in the traditions of the past yet shaped by a modern sensibility has carried the singer to a place where she has been embraced by millions of listeners around the world. Her music blends poetic storytelling with haunting melodies, moving along the edges of folk, baroque pop, and dark, ethereal soundscapes \u2013 a world where myth meets emotion and vulnerability becomes strength.<\/p>\n\n\n\n<figure class=\"wp-block-embed is-type-video is-provider-youtube wp-block-embed-youtube wp-embed-aspect-16-9 wp-has-aspect-ratio\"><div class=\"wp-block-embed__wrapper\">\n<iframe loading=\"lazy\" title=\"Paris Paloma - labour [Official Video]\" width=\"500\" height=\"281\" src=\"https:\/\/www.youtube.com\/embed\/jvU4xWsN7-A?feature=oembed\" frameborder=\"0\" allow=\"accelerometer; autoplay; clipboard-write; encrypted-media; gyroscope; picture-in-picture; web-share\" referrerpolicy=\"strict-origin-when-cross-origin\" allowfullscreen><\/iframe>\n<\/div><\/figure>\n\n\n\n<p>Paris Paloma emerged from the vibrant British indie scene and first drew widespread attention with her feminist anthem\u00a0<em>Labour<\/em>\u00a0\u2013 a captivating call for emancipation that resonated deeply with audiences across the globe. Behind this viral moment, however, stands an artist of remarkable emotional intelligence and creative vision. Her songs are rich in symbolism, filled with cinematic moments and musical canvases painted in sound, exploring femininity, resilience, love, and anger through a poet\u2019s lens.<\/p>\n\n\n\n<p><br>Comparisons to artists such as The Last Dinner Party, AURORA, or Florence + The Machine are no coincidence; instead, her work naturally complements and expands these musical worlds. Her live performances radiate a quiet power \u2013 a blend of intensity and elegance that draws listeners in from the very first note. Audiences can look forward to songs from last year\u2019s debut album\u00a0<em>Cacophony<\/em>\u00a0as well as new material heralded by the recent single\u00a0<em>Good Boy<\/em>.<\/p>\n","protected":false},"excerpt":{"rendered":"<p>The male world and the entire patriarchy tremble at the foundations under her voice.<\/p>\n","protected":false},"featured_media":9884,"menu_order":0,"template":"","meta":[],"program-year":[456],"program-category":[120],"program-genre":[329,260],"program-country":[163],"class_list":["post-9920","program","type-program","status-publish","has-post-thumbnail","hentry","program-category-music-programme","program-genre-alternative-en","program-genre-indie-en","program-country-velka-britanie-en"],"yoast_head":"<!-- This site is optimized with the Yoast SEO plugin v25.3.1 - https:\/\/yoast.com\/wordpress\/plugins\/seo\/ -->\n<title>Paris Paloma - Colours of Ostrava<\/title>\n<meta name=\"description\" content=\"Mu\u017esk\u00fd sv\u011bt a cel\u00fd patriarch\u00e1t se pod jej\u00edm hlasem ot\u0159\u00e1s\u00e1 v z\u00e1kladech. Bude tomu tak i na Colours of Ostrava 2026?\" \/>\n<meta name=\"robots\" content=\"index, follow, max-snippet:-1, max-image-preview:large, max-video-preview:-1\" \/>\n<link rel=\"canonical\" href=\"https:\/\/www.colours.cz\/en\/ucinkujici\/paris-paloma\/\" \/>\n<meta property=\"og:locale\" content=\"en_US\" \/>\n<meta property=\"og:type\" content=\"article\" \/>\n<meta property=\"og:title\" content=\"Paris Paloma - Colours of Ostrava\" \/>\n<meta property=\"og:description\" content=\"Mu\u017esk\u00fd sv\u011bt a cel\u00fd patriarch\u00e1t se pod jej\u00edm hlasem ot\u0159\u00e1s\u00e1 v z\u00e1kladech. Bude tomu tak i na Colours of Ostrava 2026?\" \/>\n<meta property=\"og:url\" content=\"https:\/\/www.colours.cz\/en\/ucinkujici\/paris-paloma\/\" \/>\n<meta property=\"og:site_name\" content=\"Colours of Ostrava\" \/>\n<meta property=\"article:modified_time\" content=\"2026-03-16T12:56:00+00:00\" \/>\n<meta property=\"og:image\" content=\"https:\/\/www.colours.cz\/wp-content\/uploads\/2025\/10\/PARIS_GB_3_Credit_PhoebeFox-scaled.jpg\" \/>\n\t<meta property=\"og:image:width\" content=\"2560\" \/>\n\t<meta property=\"og:image:height\" content=\"1696\" \/>\n\t<meta property=\"og:image:type\" content=\"image\/jpeg\" \/>\n<meta name=\"twitter:card\" content=\"summary_large_image\" \/>\n<meta name=\"twitter:label1\" content=\"Est. reading time\" \/>\n\t<meta name=\"twitter:data1\" content=\"2 minutes\" \/>\n<!-- \/ Yoast SEO plugin. -->","yoast_head_json":{"title":"Paris Paloma - Colours of Ostrava","description":"Mu\u017esk\u00fd sv\u011bt a cel\u00fd patriarch\u00e1t se pod jej\u00edm hlasem ot\u0159\u00e1s\u00e1 v z\u00e1kladech. Bude tomu tak i na Colours of Ostrava 2026?","robots":{"index":"index","follow":"follow","max-snippet":"max-snippet:-1","max-image-preview":"max-image-preview:large","max-video-preview":"max-video-preview:-1"},"canonical":"https:\/\/www.colours.cz\/en\/ucinkujici\/paris-paloma\/","og_locale":"en_US","og_type":"article","og_title":"Paris Paloma - Colours of Ostrava","og_description":"Mu\u017esk\u00fd sv\u011bt a cel\u00fd patriarch\u00e1t se pod jej\u00edm hlasem ot\u0159\u00e1s\u00e1 v z\u00e1kladech. Bude tomu tak i na Colours of Ostrava 2026?","og_url":"https:\/\/www.colours.cz\/en\/ucinkujici\/paris-paloma\/","og_site_name":"Colours of Ostrava","article_modified_time":"2026-03-16T12:56:00+00:00","og_image":[{"width":2560,"height":1696,"url":"https:\/\/www.colours.cz\/wp-content\/uploads\/2025\/10\/PARIS_GB_3_Credit_PhoebeFox-scaled.jpg","type":"image\/jpeg"}],"twitter_card":"summary_large_image","twitter_misc":{"Est. reading time":"2 minutes"},"schema":{"@context":"https:\/\/schema.org","@graph":[{"@type":"WebPage","@id":"https:\/\/www.colours.cz\/en\/ucinkujici\/paris-paloma\/","url":"https:\/\/www.colours.cz\/en\/ucinkujici\/paris-paloma\/","name":"Paris Paloma - Colours of Ostrava","isPartOf":{"@id":"https:\/\/www.colours.cz\/en\/#website"},"primaryImageOfPage":{"@id":"https:\/\/www.colours.cz\/en\/ucinkujici\/paris-paloma\/#primaryimage"},"image":{"@id":"https:\/\/www.colours.cz\/en\/ucinkujici\/paris-paloma\/#primaryimage"},"thumbnailUrl":"https:\/\/www.colours.cz\/wp-content\/uploads\/2025\/10\/PARIS_GB_3_Credit_PhoebeFox-scaled.jpg","datePublished":"2025-10-30T07:33:28+00:00","dateModified":"2026-03-16T12:56:00+00:00","description":"Mu\u017esk\u00fd sv\u011bt a cel\u00fd patriarch\u00e1t se pod jej\u00edm hlasem ot\u0159\u00e1s\u00e1 v z\u00e1kladech. Bude tomu tak i na Colours of Ostrava 2026?","breadcrumb":{"@id":"https:\/\/www.colours.cz\/en\/ucinkujici\/paris-paloma\/#breadcrumb"},"inLanguage":"en-US","potentialAction":[{"@type":"ReadAction","target":["https:\/\/www.colours.cz\/en\/ucinkujici\/paris-paloma\/"]}]},{"@type":"ImageObject","inLanguage":"en-US","@id":"https:\/\/www.colours.cz\/en\/ucinkujici\/paris-paloma\/#primaryimage","url":"https:\/\/www.colours.cz\/wp-content\/uploads\/2025\/10\/PARIS_GB_3_Credit_PhoebeFox-scaled.jpg","contentUrl":"https:\/\/www.colours.cz\/wp-content\/uploads\/2025\/10\/PARIS_GB_3_Credit_PhoebeFox-scaled.jpg","width":2560,"height":1696,"caption":"Paris Paloma"},{"@type":"BreadcrumbList","@id":"https:\/\/www.colours.cz\/en\/ucinkujici\/paris-paloma\/#breadcrumb","itemListElement":[{"@type":"ListItem","position":1,"name":"Dom\u016f","item":"https:\/\/www.colours.cz\/en\/"},{"@type":"ListItem","position":2,"name":"Paris Paloma"}]},{"@type":"WebSite","@id":"https:\/\/www.colours.cz\/en\/#website","url":"https:\/\/www.colours.cz\/en\/","name":"Colours of Ostrava","description":"","potentialAction":[{"@type":"SearchAction","target":{"@type":"EntryPoint","urlTemplate":"https:\/\/www.colours.cz\/en\/?s={search_term_string}"},"query-input":{"@type":"PropertyValueSpecification","valueRequired":true,"valueName":"search_term_string"}}],"inLanguage":"en-US"}]}},"program-params-interpret-block-order":"370","program-params-thumbnail-mobile-id":"9883","program-params-sign-language-available":"0","program-params-timeline-description":"","program-tickets-not-included":"0","program-events-items-ids":[{"program-event-items-date-start":"17.07.2026 19:00","program-event-items-date-end":"","program-event-items-date-length":"0","program-event-items-place":"6464"}],"program-spotify-iframe":"","program-spotify-position":"center","program-socials-facebook":"https:\/\/www.facebook.com\/parispalomamusic\/","program-socials-youtube":"https:\/\/www.youtube.com\/channel\/UCdNen4E3nI4P5_5M8s1hz1w","program-socials-spotify":"https:\/\/open.spotify.com\/artist\/2EXpthNgSeTDeX8nGwxppp?si=j4duNHa6RbGXyK1aXQtDCA","program-socials-instagram":"https:\/\/www.instagram.com\/parispaloma\/?hl=cs","program-socials-threads":"","program-socials-tiktok":"https:\/\/www.tiktok.com\/@parispalomaofficial","program-socials-linkedin":"","program-gallery-items-ids":[{"program-items-url":"","program-items-title":"","program-items-description":"","program-items-duration":"","program-items-image-id":""}],"program-discover-title":"","program-discover-show-in-modal":"0","program-discover-items-ids":"","_links":{"self":[{"href":"https:\/\/www.colours.cz\/en\/wp-json\/wp\/v2\/program\/9920","targetHints":{"allow":["GET"]}}],"collection":[{"href":"https:\/\/www.colours.cz\/en\/wp-json\/wp\/v2\/program"}],"about":[{"href":"https:\/\/www.colours.cz\/en\/wp-json\/wp\/v2\/types\/program"}],"wp:featuredmedia":[{"embeddable":true,"href":"https:\/\/www.colours.cz\/en\/wp-json\/wp\/v2\/media\/9884"}],"wp:attachment":[{"href":"https:\/\/www.colours.cz\/en\/wp-json\/wp\/v2\/media?parent=9920"}],"wp:term":[{"taxonomy":"program-year","embeddable":true,"href":"https:\/\/www.colours.cz\/en\/wp-json\/wp\/v2\/program-year?post=9920"},{"taxonomy":"program-category","embeddable":true,"href":"https:\/\/www.colours.cz\/en\/wp-json\/wp\/v2\/program-category?post=9920"},{"taxonomy":"program-genre","embeddable":true,"href":"https:\/\/www.colours.cz\/en\/wp-json\/wp\/v2\/program-genre?post=9920"},{"taxonomy":"program-country","embeddable":true,"href":"https:\/\/www.colours.cz\/en\/wp-json\/wp\/v2\/program-country?post=9920"}],"curies":[{"name":"wp","href":"https:\/\/api.w.org\/{rel}","templated":true}]}}

<!-- This site is optimized with the Yoast SEO plugin v25.3.1 - https://yoast.com/wordpress/plugins/seo/ -->
<title>Paris Paloma - Colours of Ostrava</title>
<meta name="description" content="Mužský svět a celý patriarchát se pod jejím hlasem otřásá v základech. Bude tomu tak i na Colours of Ostrava 2026?" />
<meta name="robots" content="index, follow, max-snippet:-1, max-image-preview:large, max-video-preview:-1" />
<link rel="canonical" href="https://www.colours.cz/en/ucinkujici/paris-paloma/" />
<meta property="og:locale" content="en_US" />
<meta property="og:type" content="article" />
<meta property="og:title" content="Paris Paloma - Colours of Ostrava" />
<meta property="og:description" content="Mužský svět a celý patriarchát se pod jejím hlasem otřásá v základech. Bude tomu tak i na Colours of Ostrava 2026?" />
<meta property="og:url" content="https://www.colours.cz/en/ucinkujici/paris-paloma/" />
<meta property="og:site_name" content="Colours of Ostrava" />
<meta property="article:modified_time" content="2026-03-16T12:56:00+00:00" />
<meta property="og:image" content="https://www.colours.cz/wp-content/uploads/2025/10/PARIS_GB_3_Credit_PhoebeFox-scaled.jpg" />
	<meta property="og:image:width" content="2560" />
	<meta property="og:image:height" content="1696" />
	<meta property="og:image:type" content="image/jpeg" />
<meta name="twitter:card" content="summary_large_image" />
<meta name="twitter:label1" content="Est. reading time" />
	<meta name="twitter:data1" content="2 minutes" />
<!-- / Yoast SEO plugin. -->

Mužský svět a celý patriarchát se pod jejím hlasem otřásá v základech. Bude tomu tak i na Colours of Ostrava 2026?

Domů
