{"id":7171,"date":"2025-06-28T15:25:10","date_gmt":"2025-06-28T13:25:10","guid":{"rendered":"https:\/\/www.colours.cz\/ucinkujici\/tomas-reha\/"},"modified":"2025-06-28T15:26:07","modified_gmt":"2025-06-28T13:26:07","slug":"tomas-reha","status":"publish","type":"program","link":"https:\/\/www.colours.cz\/en\/ucinkujici\/tomas-reha\/","title":{"rendered":"Tom\u00e1\u0161 \u0158eha"},"content":{"rendered":"\n<p>Tom\u00e1\u0161 \u0158eha works for the state enterprise Lesy \u010cesk\u00e9 republiky as Deputy Head of Stream Management for the Odra River Basin area. With over 20 years of experience in water management, he has held nearly all operational positions within the unit responsible for managing small watercourses in the Moravian-Silesian Region and parts of the Olomouc Region.<\/p>\n\n\n\n<p>In his work, he sees water not only as a life-giving element but also as an unpredictable force that occasionally reveals weaknesses in landscape management \u2013 most recently during the floods of September 2024. Stream managers are tasked with maintaining a delicate balance between protecting nearby communities and ensuring safe water flow through riverbeds. Increasingly, he also addresses the opposite extreme \u2013 prolonged drought. To respond to this, the enterprise launched the \u201cReturning Water to the Forest\u201d program, which aims to implement systemic landscape measures to retain water more effectively and improve regional water balance.<\/p>\n","protected":false},"excerpt":{"rendered":"<p>Deputy Head of Stream Management, Lesy \u010cesk\u00e9 republiky<\/p>\n","protected":false},"featured_media":7169,"menu_order":0,"template":"","meta":[],"program-year":[119],"program-category":[372],"program-genre":[],"program-country":[256],"class_list":["post-7171","program","type-program","status-publish","has-post-thumbnail","hentry","program-category-meltingpot-cz-en","program-country-cesko-en"],"yoast_head":"<!-- This site is optimized with the Yoast SEO plugin v25.3.1 - https:\/\/yoast.com\/wordpress\/plugins\/seo\/ -->\n<title>Tom\u00e1\u0161 \u0158eha - Colours of Ostrava<\/title>\n<meta name=\"robots\" content=\"index, follow, max-snippet:-1, max-image-preview:large, max-video-preview:-1\" \/>\n<link rel=\"canonical\" href=\"https:\/\/www.colours.cz\/en\/ucinkujici\/tomas-reha\/\" \/>\n<meta property=\"og:locale\" content=\"en_US\" \/>\n<meta property=\"og:type\" content=\"article\" \/>\n<meta property=\"og:title\" content=\"Tom\u00e1\u0161 \u0158eha - Colours of Ostrava\" \/>\n<meta property=\"og:description\" content=\"Deputy Head of Stream Management, Lesy \u010cesk\u00e9 republiky\" \/>\n<meta property=\"og:url\" content=\"https:\/\/www.colours.cz\/en\/ucinkujici\/tomas-reha\/\" \/>\n<meta property=\"og:site_name\" content=\"Colours of Ostrava\" \/>\n<meta property=\"article:modified_time\" content=\"2025-06-28T13:26:07+00:00\" \/>\n<meta property=\"og:image\" content=\"https:\/\/www.colours.cz\/wp-content\/uploads\/2025\/06\/Tomas-Reha.jpg\" \/>\n\t<meta property=\"og:image:width\" content=\"481\" \/>\n\t<meta property=\"og:image:height\" content=\"529\" \/>\n\t<meta property=\"og:image:type\" content=\"image\/jpeg\" \/>\n<meta name=\"twitter:card\" content=\"summary_large_image\" \/>\n<meta name=\"twitter:label1\" content=\"Est. reading time\" \/>\n\t<meta name=\"twitter:data1\" content=\"2 minutes\" \/>\n<!-- \/ Yoast SEO plugin. -->","yoast_head_json":{"title":"Tom\u00e1\u0161 \u0158eha - Colours of Ostrava","robots":{"index":"index","follow":"follow","max-snippet":"max-snippet:-1","max-image-preview":"max-image-preview:large","max-video-preview":"max-video-preview:-1"},"canonical":"https:\/\/www.colours.cz\/en\/ucinkujici\/tomas-reha\/","og_locale":"en_US","og_type":"article","og_title":"Tom\u00e1\u0161 \u0158eha - Colours of Ostrava","og_description":"Deputy Head of Stream Management, Lesy \u010cesk\u00e9 republiky","og_url":"https:\/\/www.colours.cz\/en\/ucinkujici\/tomas-reha\/","og_site_name":"Colours of Ostrava","article_modified_time":"2025-06-28T13:26:07+00:00","og_image":[{"width":481,"height":529,"url":"https:\/\/www.colours.cz\/wp-content\/uploads\/2025\/06\/Tomas-Reha.jpg","type":"image\/jpeg"}],"twitter_card":"summary_large_image","twitter_misc":{"Est. reading time":"2 minutes"},"schema":{"@context":"https:\/\/schema.org","@graph":[{"@type":"WebPage","@id":"https:\/\/www.colours.cz\/en\/ucinkujici\/tomas-reha\/","url":"https:\/\/www.colours.cz\/en\/ucinkujici\/tomas-reha\/","name":"Tom\u00e1\u0161 \u0158eha - Colours of Ostrava","isPartOf":{"@id":"https:\/\/www.colours.cz\/en\/#website"},"primaryImageOfPage":{"@id":"https:\/\/www.colours.cz\/en\/ucinkujici\/tomas-reha\/#primaryimage"},"image":{"@id":"https:\/\/www.colours.cz\/en\/ucinkujici\/tomas-reha\/#primaryimage"},"thumbnailUrl":"https:\/\/www.colours.cz\/wp-content\/uploads\/2025\/06\/Tomas-Reha.jpg","datePublished":"2025-06-28T13:25:10+00:00","dateModified":"2025-06-28T13:26:07+00:00","breadcrumb":{"@id":"https:\/\/www.colours.cz\/en\/ucinkujici\/tomas-reha\/#breadcrumb"},"inLanguage":"en-US","potentialAction":[{"@type":"ReadAction","target":["https:\/\/www.colours.cz\/en\/ucinkujici\/tomas-reha\/"]}]},{"@type":"ImageObject","inLanguage":"en-US","@id":"https:\/\/www.colours.cz\/en\/ucinkujici\/tomas-reha\/#primaryimage","url":"https:\/\/www.colours.cz\/wp-content\/uploads\/2025\/06\/Tomas-Reha.jpg","contentUrl":"https:\/\/www.colours.cz\/wp-content\/uploads\/2025\/06\/Tomas-Reha.jpg","width":481,"height":529},{"@type":"BreadcrumbList","@id":"https:\/\/www.colours.cz\/en\/ucinkujici\/tomas-reha\/#breadcrumb","itemListElement":[{"@type":"ListItem","position":1,"name":"Dom\u016f","item":"https:\/\/www.colours.cz\/en\/"},{"@type":"ListItem","position":2,"name":"Tom\u00e1\u0161 \u0158eha"}]},{"@type":"WebSite","@id":"https:\/\/www.colours.cz\/en\/#website","url":"https:\/\/www.colours.cz\/en\/","name":"Colours of Ostrava","description":"","potentialAction":[{"@type":"SearchAction","target":{"@type":"EntryPoint","urlTemplate":"https:\/\/www.colours.cz\/en\/?s={search_term_string}"},"query-input":{"@type":"PropertyValueSpecification","valueRequired":true,"valueName":"search_term_string"}}],"inLanguage":"en-US"}]}},"program-params-interpret-block-order":"0","program-params-thumbnail-mobile-id":"","program-params-sign-language-available":"0","program-params-timeline-description":"","program-tickets-not-included":"0","program-events-items-ids":[{"program-event-items-date-start":"","program-event-items-date-end":"","program-event-items-date-length":"0","program-event-items-place":""}],"program-spotify-iframe":"","program-spotify-position":"center","program-socials-facebook":"","program-socials-youtube":"","program-socials-spotify":"","program-socials-instagram":"","program-socials-threads":"","program-socials-tiktok":"","program-socials-linkedin":"","program-gallery-items-ids":[{"program-items-url":"","program-items-title":"","program-items-description":"","program-items-duration":"","program-items-image-id":""}],"program-discover-title":"","program-discover-show-in-modal":"0","program-discover-items-ids":"","_links":{"self":[{"href":"https:\/\/www.colours.cz\/en\/wp-json\/wp\/v2\/program\/7171","targetHints":{"allow":["GET"]}}],"collection":[{"href":"https:\/\/www.colours.cz\/en\/wp-json\/wp\/v2\/program"}],"about":[{"href":"https:\/\/www.colours.cz\/en\/wp-json\/wp\/v2\/types\/program"}],"wp:featuredmedia":[{"embeddable":true,"href":"https:\/\/www.colours.cz\/en\/wp-json\/wp\/v2\/media\/7169"}],"wp:attachment":[{"href":"https:\/\/www.colours.cz\/en\/wp-json\/wp\/v2\/media?parent=7171"}],"wp:term":[{"taxonomy":"program-year","embeddable":true,"href":"https:\/\/www.colours.cz\/en\/wp-json\/wp\/v2\/program-year?post=7171"},{"taxonomy":"program-category","embeddable":true,"href":"https:\/\/www.colours.cz\/en\/wp-json\/wp\/v2\/program-category?post=7171"},{"taxonomy":"program-genre","embeddable":true,"href":"https:\/\/www.colours.cz\/en\/wp-json\/wp\/v2\/program-genre?post=7171"},{"taxonomy":"program-country","embeddable":true,"href":"https:\/\/www.colours.cz\/en\/wp-json\/wp\/v2\/program-country?post=7171"}],"curies":[{"name":"wp","href":"https:\/\/api.w.org\/{rel}","templated":true}]}}

Tomáš Řeha

<p>Tomáš Řeha works for the state enterprise Lesy České republiky as Deputy Head of Stream Management for the Odra River Basin area. With over 20 years of experience in water management, he has held nearly all operational positions within the unit responsible for managing small watercourses in the Moravian-Silesian Region and parts of the Olomouc Region.</p>



<p>In his work, he sees water not only as a life-giving element but also as an unpredictable force that occasionally reveals weaknesses in landscape management – most recently during the floods of September 2024. Stream managers are tasked with maintaining a delicate balance between protecting nearby communities and ensuring safe water flow through riverbeds. Increasingly, he also addresses the opposite extreme – prolonged drought. To respond to this, the enterprise launched the “Returning Water to the Forest” program, which aims to implement systemic landscape measures to retain water more effectively and improve regional water balance.</p>

<p>Deputy Head of Stream Management, Lesy České republiky</p>

<!-- This site is optimized with the Yoast SEO plugin v25.3.1 - https://yoast.com/wordpress/plugins/seo/ -->
<title>Tomáš Řeha - Colours of Ostrava</title>
<meta name="robots" content="index, follow, max-snippet:-1, max-image-preview:large, max-video-preview:-1" />
<link rel="canonical" href="https://www.colours.cz/en/ucinkujici/tomas-reha/" />
<meta property="og:locale" content="en_US" />
<meta property="og:type" content="article" />
<meta property="og:title" content="Tomáš Řeha - Colours of Ostrava" />
<meta property="og:description" content="Deputy Head of Stream Management, Lesy České republiky" />
<meta property="og:url" content="https://www.colours.cz/en/ucinkujici/tomas-reha/" />
<meta property="og:site_name" content="Colours of Ostrava" />
<meta property="article:modified_time" content="2025-06-28T13:26:07+00:00" />
<meta property="og:image" content="https://www.colours.cz/wp-content/uploads/2025/06/Tomas-Reha.jpg" />
	<meta property="og:image:width" content="481" />
	<meta property="og:image:height" content="529" />
	<meta property="og:image:type" content="image/jpeg" />
<meta name="twitter:card" content="summary_large_image" />
<meta name="twitter:label1" content="Est. reading time" />
	<meta name="twitter:data1" content="2 minutes" />
<!-- / Yoast SEO plugin. -->

Tomáš Řeha - Colours of Ostrava

Deputy Head of Stream Management, Lesy České republiky

Domů
