{"id":7092,"date":"2025-06-26T21:15:15","date_gmt":"2025-06-26T19:15:15","guid":{"rendered":"https:\/\/www.colours.cz\/ucinkujici\/damuza-golem\/"},"modified":"2025-06-27T09:09:35","modified_gmt":"2025-06-27T07:09:35","slug":"damuza-golem","status":"publish","type":"program","link":"https:\/\/www.colours.cz\/en\/ucinkujici\/damuza-golem\/","title":{"rendered":"DAM\u00daZA: Golem"},"content":{"rendered":"\n<p>A puppet tale based on old Jewish tales, especially the legend of the Golem. Our story takes place during the reign of Rudolf II. The most important alchemists and artists of their time gather at Prague Castle. A treacherous advisor tries to line his pockets as much as possible, and so the people below the castle experience hard times. Therefore, Rabbi L\u00f6we calls for help from a hero made of clay \u2013 the Golem. However, the Golem\u2019s power is so great that even the emperor himself is captivated by the desire to seize it and use it as a weapon of war. Thanks to the courage of the rabbi\u2019s daughter Esther, however, the story, as is often the case in fairy tales, ends well in the end.<\/p>\n\n\n\n<p>The word golem means incomplete, imperfect in Hebrew. This animated creature is also conceived in the same way in Jewish legends; it had no thoughts or will of its own, it only literally carried out the orders of its master.<br>For children from 6 years old and their parents.<\/p>\n\n\n\n<p>Concept, direction: Tom\u00e1\u0161 Podrazil<br>Scenography: Marie H\u00e1skov\u00e1<br>Starring: Tom\u00e1\u0161 Podrazil<\/p>\n","protected":false},"excerpt":{"rendered":"<p>A puppet tale based on old Jewish tales, especially the legend of the Golem.<\/p>\n","protected":false},"featured_media":7090,"menu_order":0,"template":"","meta":[],"program-year":[119],"program-category":[280],"program-genre":[],"program-country":[],"class_list":["post-7092","program","type-program","status-publish","has-post-thumbnail","hentry","program-category-kids-programme"],"yoast_head":"<!-- This site is optimized with the Yoast SEO plugin v25.3.1 - https:\/\/yoast.com\/wordpress\/plugins\/seo\/ -->\n<title>DAM\u00daZA: Golem - Colours of Ostrava<\/title>\n<meta name=\"robots\" content=\"index, follow, max-snippet:-1, max-image-preview:large, max-video-preview:-1\" \/>\n<link rel=\"canonical\" href=\"https:\/\/www.colours.cz\/en\/ucinkujici\/damuza-golem\/\" \/>\n<meta property=\"og:locale\" content=\"en_US\" \/>\n<meta property=\"og:type\" content=\"article\" \/>\n<meta property=\"og:title\" content=\"DAM\u00daZA: Golem - Colours of Ostrava\" \/>\n<meta property=\"og:description\" content=\"A puppet tale based on old Jewish tales, especially the legend of the Golem.\" \/>\n<meta property=\"og:url\" content=\"https:\/\/www.colours.cz\/en\/ucinkujici\/damuza-golem\/\" \/>\n<meta property=\"og:site_name\" content=\"Colours of Ostrava\" \/>\n<meta property=\"article:modified_time\" content=\"2025-06-27T07:09:35+00:00\" \/>\n<meta property=\"og:image\" content=\"https:\/\/www.colours.cz\/wp-content\/uploads\/2025\/06\/thumb_IMG_6655_1024.jpg\" \/>\n\t<meta property=\"og:image:width\" content=\"1086\" \/>\n\t<meta property=\"og:image:height\" content=\"724\" \/>\n\t<meta property=\"og:image:type\" content=\"image\/jpeg\" \/>\n<meta name=\"twitter:card\" content=\"summary_large_image\" \/>\n<meta name=\"twitter:label1\" content=\"Est. reading time\" \/>\n\t<meta name=\"twitter:data1\" content=\"2 minutes\" \/>\n<!-- \/ Yoast SEO plugin. -->","yoast_head_json":{"title":"DAM\u00daZA: Golem - Colours of Ostrava","robots":{"index":"index","follow":"follow","max-snippet":"max-snippet:-1","max-image-preview":"max-image-preview:large","max-video-preview":"max-video-preview:-1"},"canonical":"https:\/\/www.colours.cz\/en\/ucinkujici\/damuza-golem\/","og_locale":"en_US","og_type":"article","og_title":"DAM\u00daZA: Golem - Colours of Ostrava","og_description":"A puppet tale based on old Jewish tales, especially the legend of the Golem.","og_url":"https:\/\/www.colours.cz\/en\/ucinkujici\/damuza-golem\/","og_site_name":"Colours of Ostrava","article_modified_time":"2025-06-27T07:09:35+00:00","og_image":[{"width":1086,"height":724,"url":"https:\/\/www.colours.cz\/wp-content\/uploads\/2025\/06\/thumb_IMG_6655_1024.jpg","type":"image\/jpeg"}],"twitter_card":"summary_large_image","twitter_misc":{"Est. reading time":"2 minutes"},"schema":{"@context":"https:\/\/schema.org","@graph":[{"@type":"WebPage","@id":"https:\/\/www.colours.cz\/en\/ucinkujici\/damuza-golem\/","url":"https:\/\/www.colours.cz\/en\/ucinkujici\/damuza-golem\/","name":"DAM\u00daZA: Golem - Colours of Ostrava","isPartOf":{"@id":"https:\/\/www.colours.cz\/en\/#website"},"primaryImageOfPage":{"@id":"https:\/\/www.colours.cz\/en\/ucinkujici\/damuza-golem\/#primaryimage"},"image":{"@id":"https:\/\/www.colours.cz\/en\/ucinkujici\/damuza-golem\/#primaryimage"},"thumbnailUrl":"https:\/\/www.colours.cz\/wp-content\/uploads\/2025\/06\/thumb_IMG_6655_1024.jpg","datePublished":"2025-06-26T19:15:15+00:00","dateModified":"2025-06-27T07:09:35+00:00","breadcrumb":{"@id":"https:\/\/www.colours.cz\/en\/ucinkujici\/damuza-golem\/#breadcrumb"},"inLanguage":"en-US","potentialAction":[{"@type":"ReadAction","target":["https:\/\/www.colours.cz\/en\/ucinkujici\/damuza-golem\/"]}]},{"@type":"ImageObject","inLanguage":"en-US","@id":"https:\/\/www.colours.cz\/en\/ucinkujici\/damuza-golem\/#primaryimage","url":"https:\/\/www.colours.cz\/wp-content\/uploads\/2025\/06\/thumb_IMG_6655_1024.jpg","contentUrl":"https:\/\/www.colours.cz\/wp-content\/uploads\/2025\/06\/thumb_IMG_6655_1024.jpg","width":1086,"height":724},{"@type":"BreadcrumbList","@id":"https:\/\/www.colours.cz\/en\/ucinkujici\/damuza-golem\/#breadcrumb","itemListElement":[{"@type":"ListItem","position":1,"name":"Dom\u016f","item":"https:\/\/www.colours.cz\/en\/"},{"@type":"ListItem","position":2,"name":"DAM\u00daZA: Golem"}]},{"@type":"WebSite","@id":"https:\/\/www.colours.cz\/en\/#website","url":"https:\/\/www.colours.cz\/en\/","name":"Colours of Ostrava","description":"","potentialAction":[{"@type":"SearchAction","target":{"@type":"EntryPoint","urlTemplate":"https:\/\/www.colours.cz\/en\/?s={search_term_string}"},"query-input":{"@type":"PropertyValueSpecification","valueRequired":true,"valueName":"search_term_string"}}],"inLanguage":"en-US"}]}},"program-params-interpret-block-order":"0","program-params-thumbnail-mobile-id":"","program-params-sign-language-available":"0","program-params-timeline-description":"","program-tickets-not-included":"0","program-events-items-ids":[{"program-event-items-date-start":"18.07.2025 17:15","program-event-items-date-end":"18.07.2025 18:00","program-event-items-date-length":"0","program-event-items-place":"6525"}],"program-spotify-iframe":"","program-spotify-position":"center","program-socials-facebook":"","program-socials-youtube":"","program-socials-spotify":"","program-socials-instagram":"","program-socials-threads":"","program-socials-tiktok":"","program-socials-linkedin":"","program-gallery-items-ids":[{"program-items-url":"","program-items-title":"","program-items-description":"","program-items-duration":"","program-items-image-id":""}],"program-discover-title":"","program-discover-show-in-modal":"0","program-discover-items-ids":"","_links":{"self":[{"href":"https:\/\/www.colours.cz\/en\/wp-json\/wp\/v2\/program\/7092","targetHints":{"allow":["GET"]}}],"collection":[{"href":"https:\/\/www.colours.cz\/en\/wp-json\/wp\/v2\/program"}],"about":[{"href":"https:\/\/www.colours.cz\/en\/wp-json\/wp\/v2\/types\/program"}],"wp:featuredmedia":[{"embeddable":true,"href":"https:\/\/www.colours.cz\/en\/wp-json\/wp\/v2\/media\/7090"}],"wp:attachment":[{"href":"https:\/\/www.colours.cz\/en\/wp-json\/wp\/v2\/media?parent=7092"}],"wp:term":[{"taxonomy":"program-year","embeddable":true,"href":"https:\/\/www.colours.cz\/en\/wp-json\/wp\/v2\/program-year?post=7092"},{"taxonomy":"program-category","embeddable":true,"href":"https:\/\/www.colours.cz\/en\/wp-json\/wp\/v2\/program-category?post=7092"},{"taxonomy":"program-genre","embeddable":true,"href":"https:\/\/www.colours.cz\/en\/wp-json\/wp\/v2\/program-genre?post=7092"},{"taxonomy":"program-country","embeddable":true,"href":"https:\/\/www.colours.cz\/en\/wp-json\/wp\/v2\/program-country?post=7092"}],"curies":[{"name":"wp","href":"https:\/\/api.w.org\/{rel}","templated":true}]}}

DAMÚZA: Golem

<p>A puppet tale based on old Jewish tales, especially the legend of the Golem. Our story takes place during the reign of Rudolf II. The most important alchemists and artists of their time gather at Prague Castle. A treacherous advisor tries to line his pockets as much as possible, and so the people below the castle experience hard times. Therefore, Rabbi Löwe calls for help from a hero made of clay – the Golem. However, the Golem’s power is so great that even the emperor himself is captivated by the desire to seize it and use it as a weapon of war. Thanks to the courage of the rabbi’s daughter Esther, however, the story, as is often the case in fairy tales, ends well in the end.</p>



<p>The word golem means incomplete, imperfect in Hebrew. This animated creature is also conceived in the same way in Jewish legends; it had no thoughts or will of its own, it only literally carried out the orders of its master.<br>For children from 6 years old and their parents.</p>



<p>Concept, direction: Tomáš Podrazil<br>Scenography: Marie Hásková<br>Starring: Tomáš Podrazil</p>

<!-- This site is optimized with the Yoast SEO plugin v25.3.1 - https://yoast.com/wordpress/plugins/seo/ -->
<title>DAMÚZA: Golem - Colours of Ostrava</title>
<meta name="robots" content="index, follow, max-snippet:-1, max-image-preview:large, max-video-preview:-1" />
<link rel="canonical" href="https://www.colours.cz/en/ucinkujici/damuza-golem/" />
<meta property="og:locale" content="en_US" />
<meta property="og:type" content="article" />
<meta property="og:title" content="DAMÚZA: Golem - Colours of Ostrava" />
<meta property="og:description" content="A puppet tale based on old Jewish tales, especially the legend of the Golem." />
<meta property="og:url" content="https://www.colours.cz/en/ucinkujici/damuza-golem/" />
<meta property="og:site_name" content="Colours of Ostrava" />
<meta property="article:modified_time" content="2025-06-27T07:09:35+00:00" />
<meta property="og:image" content="https://www.colours.cz/wp-content/uploads/2025/06/thumb_IMG_6655_1024.jpg" />
	<meta property="og:image:width" content="1086" />
	<meta property="og:image:height" content="724" />
	<meta property="og:image:type" content="image/jpeg" />
<meta name="twitter:card" content="summary_large_image" />
<meta name="twitter:label1" content="Est. reading time" />
	<meta name="twitter:data1" content="2 minutes" />
<!-- / Yoast SEO plugin. -->

DAMÚZA: Golem - Colours of Ostrava

Domů
