{"id":7071,"date":"2025-06-26T21:03:15","date_gmt":"2025-06-26T19:03:15","guid":{"rendered":"https:\/\/www.colours.cz\/ucinkujici\/dobrou-noc-s-vecernickem-to-si-pis-je-to-mys\/"},"modified":"2025-06-26T21:04:15","modified_gmt":"2025-06-26T19:04:15","slug":"dobrou-noc-s-vecernickem-to-si-pis-je-to-mys","status":"publish","type":"program","link":"https:\/\/www.colours.cz\/en\/ucinkujici\/dobrou-noc-s-vecernickem-to-si-pis-je-to-mys\/","title":{"rendered":"Dobrou noc s Ve\u010dern\u00ed\u010dkem: To si pi\u0161, je to my\u0161!"},"content":{"rendered":"\n<p>A family of mice lives in a house. Thanks to a secret underground passage, they discover all sorts of corners and experience many surprises and fun along the way.<\/p>\n\n\n\n<p><\/p>\n","protected":false},"excerpt":{"rendered":"<p>Expedition to the Fridge<\/p>\n","protected":false},"featured_media":7069,"menu_order":0,"template":"","meta":[],"program-year":[119],"program-category":[280],"program-genre":[],"program-country":[],"class_list":["post-7071","program","type-program","status-publish","has-post-thumbnail","hentry","program-category-kids-programme"],"yoast_head":"<!-- This site is optimized with the Yoast SEO plugin v25.3.1 - https:\/\/yoast.com\/wordpress\/plugins\/seo\/ -->\n<title>Dobrou noc s Ve\u010dern\u00ed\u010dkem: To si pi\u0161, je to my\u0161! - Colours of Ostrava<\/title>\n<meta name=\"robots\" content=\"index, follow, max-snippet:-1, max-image-preview:large, max-video-preview:-1\" \/>\n<link rel=\"canonical\" href=\"https:\/\/www.colours.cz\/en\/ucinkujici\/dobrou-noc-s-vecernickem-to-si-pis-je-to-mys\/\" \/>\n<meta property=\"og:locale\" content=\"en_US\" \/>\n<meta property=\"og:type\" content=\"article\" \/>\n<meta property=\"og:title\" content=\"Dobrou noc s Ve\u010dern\u00ed\u010dkem: To si pi\u0161, je to my\u0161! - Colours of Ostrava\" \/>\n<meta property=\"og:description\" content=\"Expedition to the Fridge\" \/>\n<meta property=\"og:url\" content=\"https:\/\/www.colours.cz\/en\/ucinkujici\/dobrou-noc-s-vecernickem-to-si-pis-je-to-mys\/\" \/>\n<meta property=\"og:site_name\" content=\"Colours of Ostrava\" \/>\n<meta property=\"article:modified_time\" content=\"2025-06-26T19:04:15+00:00\" \/>\n<meta property=\"og:image\" content=\"https:\/\/www.colours.cz\/wp-content\/uploads\/2025\/06\/To-si-pis-je-to-mys-Darek-pro-dedu-3.jpg\" \/>\n\t<meta property=\"og:image:width\" content=\"1920\" \/>\n\t<meta property=\"og:image:height\" content=\"1080\" \/>\n\t<meta property=\"og:image:type\" content=\"image\/jpeg\" \/>\n<meta name=\"twitter:card\" content=\"summary_large_image\" \/>\n<meta name=\"twitter:label1\" content=\"Est. reading time\" \/>\n\t<meta name=\"twitter:data1\" content=\"1 minute\" \/>\n<!-- \/ Yoast SEO plugin. -->","yoast_head_json":{"title":"Dobrou noc s Ve\u010dern\u00ed\u010dkem: To si pi\u0161, je to my\u0161! - Colours of Ostrava","robots":{"index":"index","follow":"follow","max-snippet":"max-snippet:-1","max-image-preview":"max-image-preview:large","max-video-preview":"max-video-preview:-1"},"canonical":"https:\/\/www.colours.cz\/en\/ucinkujici\/dobrou-noc-s-vecernickem-to-si-pis-je-to-mys\/","og_locale":"en_US","og_type":"article","og_title":"Dobrou noc s Ve\u010dern\u00ed\u010dkem: To si pi\u0161, je to my\u0161! - Colours of Ostrava","og_description":"Expedition to the Fridge","og_url":"https:\/\/www.colours.cz\/en\/ucinkujici\/dobrou-noc-s-vecernickem-to-si-pis-je-to-mys\/","og_site_name":"Colours of Ostrava","article_modified_time":"2025-06-26T19:04:15+00:00","og_image":[{"width":1920,"height":1080,"url":"https:\/\/www.colours.cz\/wp-content\/uploads\/2025\/06\/To-si-pis-je-to-mys-Darek-pro-dedu-3.jpg","type":"image\/jpeg"}],"twitter_card":"summary_large_image","twitter_misc":{"Est. reading time":"1 minute"},"schema":{"@context":"https:\/\/schema.org","@graph":[{"@type":"WebPage","@id":"https:\/\/www.colours.cz\/en\/ucinkujici\/dobrou-noc-s-vecernickem-to-si-pis-je-to-mys\/","url":"https:\/\/www.colours.cz\/en\/ucinkujici\/dobrou-noc-s-vecernickem-to-si-pis-je-to-mys\/","name":"Dobrou noc s Ve\u010dern\u00ed\u010dkem: To si pi\u0161, je to my\u0161! - Colours of Ostrava","isPartOf":{"@id":"https:\/\/www.colours.cz\/en\/#website"},"primaryImageOfPage":{"@id":"https:\/\/www.colours.cz\/en\/ucinkujici\/dobrou-noc-s-vecernickem-to-si-pis-je-to-mys\/#primaryimage"},"image":{"@id":"https:\/\/www.colours.cz\/en\/ucinkujici\/dobrou-noc-s-vecernickem-to-si-pis-je-to-mys\/#primaryimage"},"thumbnailUrl":"https:\/\/www.colours.cz\/wp-content\/uploads\/2025\/06\/To-si-pis-je-to-mys-Darek-pro-dedu-3.jpg","datePublished":"2025-06-26T19:03:15+00:00","dateModified":"2025-06-26T19:04:15+00:00","breadcrumb":{"@id":"https:\/\/www.colours.cz\/en\/ucinkujici\/dobrou-noc-s-vecernickem-to-si-pis-je-to-mys\/#breadcrumb"},"inLanguage":"en-US","potentialAction":[{"@type":"ReadAction","target":["https:\/\/www.colours.cz\/en\/ucinkujici\/dobrou-noc-s-vecernickem-to-si-pis-je-to-mys\/"]}]},{"@type":"ImageObject","inLanguage":"en-US","@id":"https:\/\/www.colours.cz\/en\/ucinkujici\/dobrou-noc-s-vecernickem-to-si-pis-je-to-mys\/#primaryimage","url":"https:\/\/www.colours.cz\/wp-content\/uploads\/2025\/06\/To-si-pis-je-to-mys-Darek-pro-dedu-3.jpg","contentUrl":"https:\/\/www.colours.cz\/wp-content\/uploads\/2025\/06\/To-si-pis-je-to-mys-Darek-pro-dedu-3.jpg","width":1920,"height":1080},{"@type":"BreadcrumbList","@id":"https:\/\/www.colours.cz\/en\/ucinkujici\/dobrou-noc-s-vecernickem-to-si-pis-je-to-mys\/#breadcrumb","itemListElement":[{"@type":"ListItem","position":1,"name":"Dom\u016f","item":"https:\/\/www.colours.cz\/en\/"},{"@type":"ListItem","position":2,"name":"Dobrou noc s Ve\u010dern\u00ed\u010dkem: To si pi\u0161, je to my\u0161!"}]},{"@type":"WebSite","@id":"https:\/\/www.colours.cz\/en\/#website","url":"https:\/\/www.colours.cz\/en\/","name":"Colours of Ostrava","description":"","potentialAction":[{"@type":"SearchAction","target":{"@type":"EntryPoint","urlTemplate":"https:\/\/www.colours.cz\/en\/?s={search_term_string}"},"query-input":{"@type":"PropertyValueSpecification","valueRequired":true,"valueName":"search_term_string"}}],"inLanguage":"en-US"}]}},"program-params-interpret-block-order":"0","program-params-thumbnail-mobile-id":"","program-params-sign-language-available":"0","program-params-timeline-description":"","program-tickets-not-included":"0","program-events-items-ids":[{"program-event-items-date-start":"18.07.2025 19:45","program-event-items-date-end":"18.07.2025 19:55","program-event-items-date-length":"0","program-event-items-place":"6523"}],"program-spotify-iframe":"","program-spotify-position":"center","program-socials-facebook":"","program-socials-youtube":"","program-socials-spotify":"","program-socials-instagram":"","program-socials-threads":"","program-socials-tiktok":"","program-socials-linkedin":"","program-gallery-items-ids":[{"program-items-url":"","program-items-title":"","program-items-description":"","program-items-duration":"","program-items-image-id":""}],"program-discover-title":"","program-discover-show-in-modal":"","program-discover-items-ids":"","_links":{"self":[{"href":"https:\/\/www.colours.cz\/en\/wp-json\/wp\/v2\/program\/7071","targetHints":{"allow":["GET"]}}],"collection":[{"href":"https:\/\/www.colours.cz\/en\/wp-json\/wp\/v2\/program"}],"about":[{"href":"https:\/\/www.colours.cz\/en\/wp-json\/wp\/v2\/types\/program"}],"wp:featuredmedia":[{"embeddable":true,"href":"https:\/\/www.colours.cz\/en\/wp-json\/wp\/v2\/media\/7069"}],"wp:attachment":[{"href":"https:\/\/www.colours.cz\/en\/wp-json\/wp\/v2\/media?parent=7071"}],"wp:term":[{"taxonomy":"program-year","embeddable":true,"href":"https:\/\/www.colours.cz\/en\/wp-json\/wp\/v2\/program-year?post=7071"},{"taxonomy":"program-category","embeddable":true,"href":"https:\/\/www.colours.cz\/en\/wp-json\/wp\/v2\/program-category?post=7071"},{"taxonomy":"program-genre","embeddable":true,"href":"https:\/\/www.colours.cz\/en\/wp-json\/wp\/v2\/program-genre?post=7071"},{"taxonomy":"program-country","embeddable":true,"href":"https:\/\/www.colours.cz\/en\/wp-json\/wp\/v2\/program-country?post=7071"}],"curies":[{"name":"wp","href":"https:\/\/api.w.org\/{rel}","templated":true}]}}

Dobrou noc s Večerníčkem: To si piš, je to myš!

<!-- This site is optimized with the Yoast SEO plugin v25.3.1 - https://yoast.com/wordpress/plugins/seo/ -->
<title>Dobrou noc s Večerníčkem: To si piš, je to myš! - Colours of Ostrava</title>
<meta name="robots" content="index, follow, max-snippet:-1, max-image-preview:large, max-video-preview:-1" />
<link rel="canonical" href="https://www.colours.cz/en/ucinkujici/dobrou-noc-s-vecernickem-to-si-pis-je-to-mys/" />
<meta property="og:locale" content="en_US" />
<meta property="og:type" content="article" />
<meta property="og:title" content="Dobrou noc s Večerníčkem: To si piš, je to myš! - Colours of Ostrava" />
<meta property="og:description" content="Expedition to the Fridge" />
<meta property="og:url" content="https://www.colours.cz/en/ucinkujici/dobrou-noc-s-vecernickem-to-si-pis-je-to-mys/" />
<meta property="og:site_name" content="Colours of Ostrava" />
<meta property="article:modified_time" content="2025-06-26T19:04:15+00:00" />
<meta property="og:image" content="https://www.colours.cz/wp-content/uploads/2025/06/To-si-pis-je-to-mys-Darek-pro-dedu-3.jpg" />
	<meta property="og:image:width" content="1920" />
	<meta property="og:image:height" content="1080" />
	<meta property="og:image:type" content="image/jpeg" />
<meta name="twitter:card" content="summary_large_image" />
<meta name="twitter:label1" content="Est. reading time" />
	<meta name="twitter:data1" content="1 minute" />
<!-- / Yoast SEO plugin. -->

Dobrou noc s Večerníčkem: To si piš, je to myš! - Colours of Ostrava

Domů
