{"id":7018,"date":"2025-06-26T19:30:35","date_gmt":"2025-06-26T17:30:35","guid":{"rendered":"https:\/\/www.colours.cz\/ucinkujici\/bratri-v-tricku-praseci-cirkus\/"},"modified":"2025-06-26T19:31:34","modified_gmt":"2025-06-26T17:31:34","slug":"bratri-v-tricku-praseci-cirkus","status":"publish","type":"program","link":"https:\/\/www.colours.cz\/en\/ucinkujici\/bratri-v-tricku-praseci-cirkus\/","title":{"rendered":"Brat\u0159i v tricku: Prase\u010d\u00ed cirkus"},"content":{"rendered":"\n<p>Have you ever wished a pig had wings? The Pig Circus lures you into the world of two eccentrics who believe without limits that if it did, the whole world would be a more beautiful place! Don&#8217;t expect any pig stys, pig sties or pig sties, just tasteful pig humor. Let yourself be carried away by the pig wings and know that the show will make the sturdy pigs, beautiful sows and little piglets, in short, the whole family, grunt with happiness. Up with the pig!<\/p>\n\n\n\n<p>The brothers in the trick perform an absurd spectacle and win over children and adults with their traditional motto of juggling and object manipulation, as well as using elements of puppetry and clowning.<\/p>\n\n\n\n<p>Pig supervisor: Tomsa Legierski<br>Pigs made by: Jarmila Enochov\u00e1<br>Players with pigs: Adam Jarchovsk\u00fd, V\u00e1clav Jel\u00ednek<br>Producer: Michaela Holb\u00edkov\u00e1, ART Prometheus<\/p>\n\n\n\n<p>Performance length: 30 min<br>Age: 4+<\/p>\n","protected":false},"excerpt":{"rendered":"<p>Street family performance.<\/p>\n","protected":false},"featured_media":7016,"menu_order":0,"template":"","meta":[],"program-year":[119],"program-category":[280],"program-genre":[],"program-country":[],"class_list":["post-7018","program","type-program","status-publish","has-post-thumbnail","hentry","program-category-kids-programme"],"yoast_head":"<!-- This site is optimized with the Yoast SEO plugin v25.3.1 - https:\/\/yoast.com\/wordpress\/plugins\/seo\/ -->\n<title>Brat\u0159i v tricku: Prase\u010d\u00ed cirkus - Colours of Ostrava<\/title>\n<meta name=\"robots\" content=\"index, follow, max-snippet:-1, max-image-preview:large, max-video-preview:-1\" \/>\n<link rel=\"canonical\" href=\"https:\/\/www.colours.cz\/en\/ucinkujici\/bratri-v-tricku-praseci-cirkus\/\" \/>\n<meta property=\"og:locale\" content=\"en_US\" \/>\n<meta property=\"og:type\" content=\"article\" \/>\n<meta property=\"og:title\" content=\"Brat\u0159i v tricku: Prase\u010d\u00ed cirkus - Colours of Ostrava\" \/>\n<meta property=\"og:description\" content=\"Street family performance.\" \/>\n<meta property=\"og:url\" content=\"https:\/\/www.colours.cz\/en\/ucinkujici\/bratri-v-tricku-praseci-cirkus\/\" \/>\n<meta property=\"og:site_name\" content=\"Colours of Ostrava\" \/>\n<meta property=\"article:modified_time\" content=\"2025-06-26T17:31:34+00:00\" \/>\n<meta property=\"og:image\" content=\"https:\/\/www.colours.cz\/wp-content\/uploads\/2025\/06\/@Studio-Apalat-3-scaled.jpg\" \/>\n\t<meta property=\"og:image:width\" content=\"2560\" \/>\n\t<meta property=\"og:image:height\" content=\"1707\" \/>\n\t<meta property=\"og:image:type\" content=\"image\/jpeg\" \/>\n<meta name=\"twitter:card\" content=\"summary_large_image\" \/>\n<meta name=\"twitter:label1\" content=\"Est. reading time\" \/>\n\t<meta name=\"twitter:data1\" content=\"1 minute\" \/>\n<!-- \/ Yoast SEO plugin. -->","yoast_head_json":{"title":"Brat\u0159i v tricku: Prase\u010d\u00ed cirkus - Colours of Ostrava","robots":{"index":"index","follow":"follow","max-snippet":"max-snippet:-1","max-image-preview":"max-image-preview:large","max-video-preview":"max-video-preview:-1"},"canonical":"https:\/\/www.colours.cz\/en\/ucinkujici\/bratri-v-tricku-praseci-cirkus\/","og_locale":"en_US","og_type":"article","og_title":"Brat\u0159i v tricku: Prase\u010d\u00ed cirkus - Colours of Ostrava","og_description":"Street family performance.","og_url":"https:\/\/www.colours.cz\/en\/ucinkujici\/bratri-v-tricku-praseci-cirkus\/","og_site_name":"Colours of Ostrava","article_modified_time":"2025-06-26T17:31:34+00:00","og_image":[{"width":2560,"height":1707,"url":"https:\/\/www.colours.cz\/wp-content\/uploads\/2025\/06\/@Studio-Apalat-3-scaled.jpg","type":"image\/jpeg"}],"twitter_card":"summary_large_image","twitter_misc":{"Est. reading time":"1 minute"},"schema":{"@context":"https:\/\/schema.org","@graph":[{"@type":"WebPage","@id":"https:\/\/www.colours.cz\/en\/ucinkujici\/bratri-v-tricku-praseci-cirkus\/","url":"https:\/\/www.colours.cz\/en\/ucinkujici\/bratri-v-tricku-praseci-cirkus\/","name":"Brat\u0159i v tricku: Prase\u010d\u00ed cirkus - Colours of Ostrava","isPartOf":{"@id":"https:\/\/www.colours.cz\/en\/#website"},"primaryImageOfPage":{"@id":"https:\/\/www.colours.cz\/en\/ucinkujici\/bratri-v-tricku-praseci-cirkus\/#primaryimage"},"image":{"@id":"https:\/\/www.colours.cz\/en\/ucinkujici\/bratri-v-tricku-praseci-cirkus\/#primaryimage"},"thumbnailUrl":"https:\/\/www.colours.cz\/wp-content\/uploads\/2025\/06\/@Studio-Apalat-3-scaled.jpg","datePublished":"2025-06-26T17:30:35+00:00","dateModified":"2025-06-26T17:31:34+00:00","breadcrumb":{"@id":"https:\/\/www.colours.cz\/en\/ucinkujici\/bratri-v-tricku-praseci-cirkus\/#breadcrumb"},"inLanguage":"en-US","potentialAction":[{"@type":"ReadAction","target":["https:\/\/www.colours.cz\/en\/ucinkujici\/bratri-v-tricku-praseci-cirkus\/"]}]},{"@type":"ImageObject","inLanguage":"en-US","@id":"https:\/\/www.colours.cz\/en\/ucinkujici\/bratri-v-tricku-praseci-cirkus\/#primaryimage","url":"https:\/\/www.colours.cz\/wp-content\/uploads\/2025\/06\/@Studio-Apalat-3-scaled.jpg","contentUrl":"https:\/\/www.colours.cz\/wp-content\/uploads\/2025\/06\/@Studio-Apalat-3-scaled.jpg","width":2560,"height":1707},{"@type":"BreadcrumbList","@id":"https:\/\/www.colours.cz\/en\/ucinkujici\/bratri-v-tricku-praseci-cirkus\/#breadcrumb","itemListElement":[{"@type":"ListItem","position":1,"name":"Dom\u016f","item":"https:\/\/www.colours.cz\/en\/"},{"@type":"ListItem","position":2,"name":"Brat\u0159i v tricku: Prase\u010d\u00ed cirkus"}]},{"@type":"WebSite","@id":"https:\/\/www.colours.cz\/en\/#website","url":"https:\/\/www.colours.cz\/en\/","name":"Colours of Ostrava","description":"","potentialAction":[{"@type":"SearchAction","target":{"@type":"EntryPoint","urlTemplate":"https:\/\/www.colours.cz\/en\/?s={search_term_string}"},"query-input":{"@type":"PropertyValueSpecification","valueRequired":true,"valueName":"search_term_string"}}],"inLanguage":"en-US"}]}},"program-params-interpret-block-order":"0","program-params-thumbnail-mobile-id":"","program-params-sign-language-available":"0","program-params-timeline-description":"","program-tickets-not-included":"0","program-events-items-ids":[{"program-event-items-date-start":"16.07.2025 17:00","program-event-items-date-end":"16.07.2025 17:30","program-event-items-date-length":"0","program-event-items-place":"6525"}],"program-spotify-iframe":"","program-spotify-position":"center","program-socials-facebook":"","program-socials-youtube":"","program-socials-spotify":"","program-socials-instagram":"","program-socials-threads":"","program-socials-tiktok":"","program-socials-linkedin":"","program-gallery-items-ids":[{"program-items-url":"","program-items-title":"","program-items-description":"","program-items-duration":"","program-items-image-id":""}],"program-discover-title":"","program-discover-show-in-modal":"","program-discover-items-ids":"","_links":{"self":[{"href":"https:\/\/www.colours.cz\/en\/wp-json\/wp\/v2\/program\/7018","targetHints":{"allow":["GET"]}}],"collection":[{"href":"https:\/\/www.colours.cz\/en\/wp-json\/wp\/v2\/program"}],"about":[{"href":"https:\/\/www.colours.cz\/en\/wp-json\/wp\/v2\/types\/program"}],"wp:featuredmedia":[{"embeddable":true,"href":"https:\/\/www.colours.cz\/en\/wp-json\/wp\/v2\/media\/7016"}],"wp:attachment":[{"href":"https:\/\/www.colours.cz\/en\/wp-json\/wp\/v2\/media?parent=7018"}],"wp:term":[{"taxonomy":"program-year","embeddable":true,"href":"https:\/\/www.colours.cz\/en\/wp-json\/wp\/v2\/program-year?post=7018"},{"taxonomy":"program-category","embeddable":true,"href":"https:\/\/www.colours.cz\/en\/wp-json\/wp\/v2\/program-category?post=7018"},{"taxonomy":"program-genre","embeddable":true,"href":"https:\/\/www.colours.cz\/en\/wp-json\/wp\/v2\/program-genre?post=7018"},{"taxonomy":"program-country","embeddable":true,"href":"https:\/\/www.colours.cz\/en\/wp-json\/wp\/v2\/program-country?post=7018"}],"curies":[{"name":"wp","href":"https:\/\/api.w.org\/{rel}","templated":true}]}}

Bratři v tricku: Prasečí cirkus

<p>Have you ever wished a pig had wings? The Pig Circus lures you into the world of two eccentrics who believe without limits that if it did, the whole world would be a more beautiful place! Don&#8217;t expect any pig stys, pig sties or pig sties, just tasteful pig humor. Let yourself be carried away by the pig wings and know that the show will make the sturdy pigs, beautiful sows and little piglets, in short, the whole family, grunt with happiness. Up with the pig!</p>



<p>The brothers in the trick perform an absurd spectacle and win over children and adults with their traditional motto of juggling and object manipulation, as well as using elements of puppetry and clowning.</p>



<p>Pig supervisor: Tomsa Legierski<br>Pigs made by: Jarmila Enochová<br>Players with pigs: Adam Jarchovský, Václav Jelínek<br>Producer: Michaela Holbíková, ART Prometheus</p>



<p>Performance length: 30 min<br>Age: 4+</p>

<!-- This site is optimized with the Yoast SEO plugin v25.3.1 - https://yoast.com/wordpress/plugins/seo/ -->
<title>Bratři v tricku: Prasečí cirkus - Colours of Ostrava</title>
<meta name="robots" content="index, follow, max-snippet:-1, max-image-preview:large, max-video-preview:-1" />
<link rel="canonical" href="https://www.colours.cz/en/ucinkujici/bratri-v-tricku-praseci-cirkus/" />
<meta property="og:locale" content="en_US" />
<meta property="og:type" content="article" />
<meta property="og:title" content="Bratři v tricku: Prasečí cirkus - Colours of Ostrava" />
<meta property="og:description" content="Street family performance." />
<meta property="og:url" content="https://www.colours.cz/en/ucinkujici/bratri-v-tricku-praseci-cirkus/" />
<meta property="og:site_name" content="Colours of Ostrava" />
<meta property="article:modified_time" content="2025-06-26T17:31:34+00:00" />
<meta property="og:image" content="https://www.colours.cz/wp-content/uploads/2025/06/@Studio-Apalat-3-scaled.jpg" />
	<meta property="og:image:width" content="2560" />
	<meta property="og:image:height" content="1707" />
	<meta property="og:image:type" content="image/jpeg" />
<meta name="twitter:card" content="summary_large_image" />
<meta name="twitter:label1" content="Est. reading time" />
	<meta name="twitter:data1" content="1 minute" />
<!-- / Yoast SEO plugin. -->

Bratři v tricku: Prasečí cirkus - Colours of Ostrava

Domů
