{"id":6889,"date":"2025-06-20T11:32:53","date_gmt":"2025-06-20T09:32:53","guid":{"rendered":"https:\/\/www.colours.cz\/ucinkujici\/daniel-kristof-ph-d\/"},"modified":"2025-06-25T19:41:55","modified_gmt":"2025-06-25T17:41:55","slug":"daniel-kristof-ph-d","status":"publish","type":"program","link":"https:\/\/www.colours.cz\/en\/ucinkujici\/daniel-kristof-ph-d\/","title":{"rendered":"Daniel Kri\u0161tof, Ph.D."},"content":{"rendered":"\n<p>Daniel Kri\u0161tof earned his doctorate at the Faculty of Arts, Charles University in Prague, where he studied Work and Organizational Psychology and Clinical Psychology. He completed accredited training in psychotherapy and crisis intervention.<\/p>\n\n\n\n<p>For ten years, he worked for Deloitte, where he managed large-scale company transformations and held top management positions in major companies such as \u010cEZ Prodej, \u010cesk\u00e1 spo\u0159itelna, and Direct poji\u0161\u0165ovna. He also led the \u010cEZ Academy, which, with the help of leading Czech experts, helps people save energy. Since September 2023, he has been the head of the Czech Labour Office and serves as the Director General of the largest helping organization in the country, which is currently undergoing significant transformation and digitalization of services for its clients.<\/p>\n\n\n\n<h2 class=\"wp-block-heading\">Featured:<\/h2>\n\n\n\n<ul class=\"wp-block-list\">\n<li>Thursday 17\/7 at 14:30:\u00a0<a href=\"https:\/\/www.colours.cz\/en\/ucinkujici\/who-will-light-up-czechia\/\">WHO WILL LIGHT UP CZECHIA?<\/a> | \u010cEZ Global stage<\/li>\n<\/ul>\n","protected":false},"excerpt":{"rendered":"<p>Director General of the Czech Labour Office<\/p>\n","protected":false},"featured_media":6568,"menu_order":0,"template":"","meta":[],"program-year":[119],"program-category":[372],"program-genre":[],"program-country":[],"class_list":["post-6889","program","type-program","status-publish","has-post-thumbnail","hentry","program-category-meltingpot-cz-en"],"yoast_head":"<!-- This site is optimized with the Yoast SEO plugin v25.3.1 - https:\/\/yoast.com\/wordpress\/plugins\/seo\/ -->\n<title>Daniel Kri\u0161tof, Ph.D. - Colours of Ostrava<\/title>\n<meta name=\"robots\" content=\"index, follow, max-snippet:-1, max-image-preview:large, max-video-preview:-1\" \/>\n<link rel=\"canonical\" href=\"https:\/\/www.colours.cz\/en\/ucinkujici\/daniel-kristof-ph-d\/\" \/>\n<meta property=\"og:locale\" content=\"en_US\" \/>\n<meta property=\"og:type\" content=\"article\" \/>\n<meta property=\"og:title\" content=\"Daniel Kri\u0161tof, Ph.D. - Colours of Ostrava\" \/>\n<meta property=\"og:description\" content=\"Director General of the Czech Labour Office\" \/>\n<meta property=\"og:url\" content=\"https:\/\/www.colours.cz\/en\/ucinkujici\/daniel-kristof-ph-d\/\" \/>\n<meta property=\"og:site_name\" content=\"Colours of Ostrava\" \/>\n<meta property=\"article:modified_time\" content=\"2025-06-25T17:41:55+00:00\" \/>\n<meta property=\"og:image\" content=\"https:\/\/www.colours.cz\/wp-content\/uploads\/2025\/06\/Daniel-Kristof_Urad-prace-3-scaled-e1750412033277.jpg\" \/>\n\t<meta property=\"og:image:width\" content=\"2560\" \/>\n\t<meta property=\"og:image:height\" content=\"1708\" \/>\n\t<meta property=\"og:image:type\" content=\"image\/jpeg\" \/>\n<meta name=\"twitter:card\" content=\"summary_large_image\" \/>\n<meta name=\"twitter:label1\" content=\"Est. reading time\" \/>\n\t<meta name=\"twitter:data1\" content=\"1 minute\" \/>\n<!-- \/ Yoast SEO plugin. -->","yoast_head_json":{"title":"Daniel Kri\u0161tof, Ph.D. - Colours of Ostrava","robots":{"index":"index","follow":"follow","max-snippet":"max-snippet:-1","max-image-preview":"max-image-preview:large","max-video-preview":"max-video-preview:-1"},"canonical":"https:\/\/www.colours.cz\/en\/ucinkujici\/daniel-kristof-ph-d\/","og_locale":"en_US","og_type":"article","og_title":"Daniel Kri\u0161tof, Ph.D. - Colours of Ostrava","og_description":"Director General of the Czech Labour Office","og_url":"https:\/\/www.colours.cz\/en\/ucinkujici\/daniel-kristof-ph-d\/","og_site_name":"Colours of Ostrava","article_modified_time":"2025-06-25T17:41:55+00:00","og_image":[{"width":2560,"height":1708,"url":"https:\/\/www.colours.cz\/wp-content\/uploads\/2025\/06\/Daniel-Kristof_Urad-prace-3-scaled-e1750412033277.jpg","type":"image\/jpeg"}],"twitter_card":"summary_large_image","twitter_misc":{"Est. reading time":"1 minute"},"schema":{"@context":"https:\/\/schema.org","@graph":[{"@type":"WebPage","@id":"https:\/\/www.colours.cz\/en\/ucinkujici\/daniel-kristof-ph-d\/","url":"https:\/\/www.colours.cz\/en\/ucinkujici\/daniel-kristof-ph-d\/","name":"Daniel Kri\u0161tof, Ph.D. - Colours of Ostrava","isPartOf":{"@id":"https:\/\/www.colours.cz\/en\/#website"},"primaryImageOfPage":{"@id":"https:\/\/www.colours.cz\/en\/ucinkujici\/daniel-kristof-ph-d\/#primaryimage"},"image":{"@id":"https:\/\/www.colours.cz\/en\/ucinkujici\/daniel-kristof-ph-d\/#primaryimage"},"thumbnailUrl":"https:\/\/www.colours.cz\/wp-content\/uploads\/2025\/06\/Daniel-Kristof_Urad-prace-3-scaled-e1750412033277.jpg","datePublished":"2025-06-20T09:32:53+00:00","dateModified":"2025-06-25T17:41:55+00:00","breadcrumb":{"@id":"https:\/\/www.colours.cz\/en\/ucinkujici\/daniel-kristof-ph-d\/#breadcrumb"},"inLanguage":"en-US","potentialAction":[{"@type":"ReadAction","target":["https:\/\/www.colours.cz\/en\/ucinkujici\/daniel-kristof-ph-d\/"]}]},{"@type":"ImageObject","inLanguage":"en-US","@id":"https:\/\/www.colours.cz\/en\/ucinkujici\/daniel-kristof-ph-d\/#primaryimage","url":"https:\/\/www.colours.cz\/wp-content\/uploads\/2025\/06\/Daniel-Kristof_Urad-prace-3-scaled-e1750412033277.jpg","contentUrl":"https:\/\/www.colours.cz\/wp-content\/uploads\/2025\/06\/Daniel-Kristof_Urad-prace-3-scaled-e1750412033277.jpg","width":2560,"height":1708},{"@type":"BreadcrumbList","@id":"https:\/\/www.colours.cz\/en\/ucinkujici\/daniel-kristof-ph-d\/#breadcrumb","itemListElement":[{"@type":"ListItem","position":1,"name":"Dom\u016f","item":"https:\/\/www.colours.cz\/en\/"},{"@type":"ListItem","position":2,"name":"Daniel Kri\u0161tof, Ph.D."}]},{"@type":"WebSite","@id":"https:\/\/www.colours.cz\/en\/#website","url":"https:\/\/www.colours.cz\/en\/","name":"Colours of Ostrava","description":"","potentialAction":[{"@type":"SearchAction","target":{"@type":"EntryPoint","urlTemplate":"https:\/\/www.colours.cz\/en\/?s={search_term_string}"},"query-input":{"@type":"PropertyValueSpecification","valueRequired":true,"valueName":"search_term_string"}}],"inLanguage":"en-US"}]}},"program-params-interpret-block-order":"0","program-params-thumbnail-mobile-id":"","program-params-sign-language-available":"0","program-params-timeline-description":"","program-tickets-not-included":"0","program-events-items-ids":[{"program-event-items-date-start":"","program-event-items-date-end":"","program-event-items-date-length":"0","program-event-items-place":""}],"program-spotify-iframe":"","program-spotify-position":"center","program-socials-facebook":"","program-socials-youtube":"","program-socials-spotify":"","program-socials-instagram":"","program-socials-threads":"","program-socials-tiktok":"","program-socials-linkedin":"","program-gallery-items-ids":[{"program-items-url":"","program-items-title":"","program-items-description":"","program-items-duration":"","program-items-image-id":""}],"program-discover-title":"","program-discover-show-in-modal":"","program-discover-items-ids":"","_links":{"self":[{"href":"https:\/\/www.colours.cz\/en\/wp-json\/wp\/v2\/program\/6889","targetHints":{"allow":["GET"]}}],"collection":[{"href":"https:\/\/www.colours.cz\/en\/wp-json\/wp\/v2\/program"}],"about":[{"href":"https:\/\/www.colours.cz\/en\/wp-json\/wp\/v2\/types\/program"}],"wp:featuredmedia":[{"embeddable":true,"href":"https:\/\/www.colours.cz\/en\/wp-json\/wp\/v2\/media\/6568"}],"wp:attachment":[{"href":"https:\/\/www.colours.cz\/en\/wp-json\/wp\/v2\/media?parent=6889"}],"wp:term":[{"taxonomy":"program-year","embeddable":true,"href":"https:\/\/www.colours.cz\/en\/wp-json\/wp\/v2\/program-year?post=6889"},{"taxonomy":"program-category","embeddable":true,"href":"https:\/\/www.colours.cz\/en\/wp-json\/wp\/v2\/program-category?post=6889"},{"taxonomy":"program-genre","embeddable":true,"href":"https:\/\/www.colours.cz\/en\/wp-json\/wp\/v2\/program-genre?post=6889"},{"taxonomy":"program-country","embeddable":true,"href":"https:\/\/www.colours.cz\/en\/wp-json\/wp\/v2\/program-country?post=6889"}],"curies":[{"name":"wp","href":"https:\/\/api.w.org\/{rel}","templated":true}]}}

Daniel Krištof, Ph.D.

<p>Daniel Krištof earned his doctorate at the Faculty of Arts, Charles University in Prague, where he studied Work and Organizational Psychology and Clinical Psychology. He completed accredited training in psychotherapy and crisis intervention.</p>



<p>For ten years, he worked for Deloitte, where he managed large-scale company transformations and held top management positions in major companies such as ČEZ Prodej, Česká spořitelna, and Direct pojišťovna. He also led the ČEZ Academy, which, with the help of leading Czech experts, helps people save energy. Since September 2023, he has been the head of the Czech Labour Office and serves as the Director General of the largest helping organization in the country, which is currently undergoing significant transformation and digitalization of services for its clients.</p>



<h2 class="wp-block-heading">Featured:</h2>



<ul class="wp-block-list">
<li>Thursday 17/7 at 14:30: <a href="https://www.colours.cz/en/ucinkujici/who-will-light-up-czechia/">WHO WILL LIGHT UP CZECHIA?</a> | ČEZ Global stage</li>
</ul>

<!-- This site is optimized with the Yoast SEO plugin v25.3.1 - https://yoast.com/wordpress/plugins/seo/ -->
<title>Daniel Krištof, Ph.D. - Colours of Ostrava</title>
<meta name="robots" content="index, follow, max-snippet:-1, max-image-preview:large, max-video-preview:-1" />
<link rel="canonical" href="https://www.colours.cz/en/ucinkujici/daniel-kristof-ph-d/" />
<meta property="og:locale" content="en_US" />
<meta property="og:type" content="article" />
<meta property="og:title" content="Daniel Krištof, Ph.D. - Colours of Ostrava" />
<meta property="og:description" content="Director General of the Czech Labour Office" />
<meta property="og:url" content="https://www.colours.cz/en/ucinkujici/daniel-kristof-ph-d/" />
<meta property="og:site_name" content="Colours of Ostrava" />
<meta property="article:modified_time" content="2025-06-25T17:41:55+00:00" />
<meta property="og:image" content="https://www.colours.cz/wp-content/uploads/2025/06/Daniel-Kristof_Urad-prace-3-scaled-e1750412033277.jpg" />
	<meta property="og:image:width" content="2560" />
	<meta property="og:image:height" content="1708" />
	<meta property="og:image:type" content="image/jpeg" />
<meta name="twitter:card" content="summary_large_image" />
<meta name="twitter:label1" content="Est. reading time" />
	<meta name="twitter:data1" content="1 minute" />
<!-- / Yoast SEO plugin. -->

Daniel Krištof, Ph.D. - Colours of Ostrava

Domů
