{"id":6886,"date":"2025-06-20T11:38:26","date_gmt":"2025-06-20T09:38:26","guid":{"rendered":"https:\/\/www.colours.cz\/ucinkujici\/zuzana-krejcirikova\/"},"modified":"2025-06-25T19:39:58","modified_gmt":"2025-06-25T17:39:58","slug":"zuzana-krejcirikova","status":"publish","type":"program","link":"https:\/\/www.colours.cz\/en\/ucinkujici\/zuzana-krejcirikova\/","title":{"rendered":"Zuzana Krej\u010di\u0159\u00edkov\u00e1"},"content":{"rendered":"\n<p>Zuzana is the Director of Public Affairs at \u010cEZ in Prague, a member of the Board of the Czech Chamber of Commerce, where she also chairs the energy section, and a member of the Board of Eurelectric.<\/p>\n\n\n\n<p>She graduated from the Faculty of Law of Charles University in Prague and completed two-year courses in European and commercial law at the Universities of Paris, Toulouse and Cambridge. From September 2003 to November 2006, she worked at the European Court of Justice. From 2008 to 2016, she was Director of the European Agenda Unit and the Brussels Representative Office of \u010cEZ.<br>She currently represents \u010cEZ in the international organisations Eurelectric, Nucleareurope and BusinessEurope. She specializes in European law with a focus on energy, environment and competition law.<\/p>\n\n\n\n<h2 class=\"wp-block-heading\">Featured:<\/h2>\n\n\n\n<ul class=\"wp-block-list\">\n<li>Thursday 17\/7 at 14:30:\u00a0<a href=\"https:\/\/www.colours.cz\/en\/ucinkujici\/who-will-light-up-czechia\/\">WHO WILL LIGHT UP CZECHIA?<\/a> | \u010cEZ Global stage<\/li>\n<\/ul>\n\n\n\n<p><\/p>\n","protected":false},"excerpt":{"rendered":"<p>Head of Public Affairs at \u010cEZ<\/p>\n","protected":false},"featured_media":6572,"menu_order":0,"template":"","meta":[],"program-year":[119],"program-category":[372],"program-genre":[],"program-country":[],"class_list":["post-6886","program","type-program","status-publish","has-post-thumbnail","hentry","program-category-meltingpot-cz-en"],"yoast_head":"<!-- This site is optimized with the Yoast SEO plugin v25.3.1 - https:\/\/yoast.com\/wordpress\/plugins\/seo\/ -->\n<title>Zuzana Krej\u010di\u0159\u00edkov\u00e1 - Colours of Ostrava<\/title>\n<meta name=\"robots\" content=\"index, follow, max-snippet:-1, max-image-preview:large, max-video-preview:-1\" \/>\n<link rel=\"canonical\" href=\"https:\/\/www.colours.cz\/en\/ucinkujici\/zuzana-krejcirikova\/\" \/>\n<meta property=\"og:locale\" content=\"en_US\" \/>\n<meta property=\"og:type\" content=\"article\" \/>\n<meta property=\"og:title\" content=\"Zuzana Krej\u010di\u0159\u00edkov\u00e1 - Colours of Ostrava\" \/>\n<meta property=\"og:description\" content=\"Head of Public Affairs at \u010cEZ\" \/>\n<meta property=\"og:url\" content=\"https:\/\/www.colours.cz\/en\/ucinkujici\/zuzana-krejcirikova\/\" \/>\n<meta property=\"og:site_name\" content=\"Colours of Ostrava\" \/>\n<meta property=\"article:modified_time\" content=\"2025-06-25T17:39:58+00:00\" \/>\n<meta property=\"og:image\" content=\"https:\/\/www.colours.cz\/wp-content\/uploads\/2025\/06\/3650-Zuzana-Krejcirikova-e1750412353373.jpeg\" \/>\n\t<meta property=\"og:image:width\" content=\"500\" \/>\n\t<meta property=\"og:image:height\" content=\"500\" \/>\n\t<meta property=\"og:image:type\" content=\"image\/jpeg\" \/>\n<meta name=\"twitter:card\" content=\"summary_large_image\" \/>\n<meta name=\"twitter:label1\" content=\"Est. reading time\" \/>\n\t<meta name=\"twitter:data1\" content=\"1 minute\" \/>\n<!-- \/ Yoast SEO plugin. -->","yoast_head_json":{"title":"Zuzana Krej\u010di\u0159\u00edkov\u00e1 - Colours of Ostrava","robots":{"index":"index","follow":"follow","max-snippet":"max-snippet:-1","max-image-preview":"max-image-preview:large","max-video-preview":"max-video-preview:-1"},"canonical":"https:\/\/www.colours.cz\/en\/ucinkujici\/zuzana-krejcirikova\/","og_locale":"en_US","og_type":"article","og_title":"Zuzana Krej\u010di\u0159\u00edkov\u00e1 - Colours of Ostrava","og_description":"Head of Public Affairs at \u010cEZ","og_url":"https:\/\/www.colours.cz\/en\/ucinkujici\/zuzana-krejcirikova\/","og_site_name":"Colours of Ostrava","article_modified_time":"2025-06-25T17:39:58+00:00","og_image":[{"width":500,"height":500,"url":"https:\/\/www.colours.cz\/wp-content\/uploads\/2025\/06\/3650-Zuzana-Krejcirikova-e1750412353373.jpeg","type":"image\/jpeg"}],"twitter_card":"summary_large_image","twitter_misc":{"Est. reading time":"1 minute"},"schema":{"@context":"https:\/\/schema.org","@graph":[{"@type":"WebPage","@id":"https:\/\/www.colours.cz\/en\/ucinkujici\/zuzana-krejcirikova\/","url":"https:\/\/www.colours.cz\/en\/ucinkujici\/zuzana-krejcirikova\/","name":"Zuzana Krej\u010di\u0159\u00edkov\u00e1 - Colours of Ostrava","isPartOf":{"@id":"https:\/\/www.colours.cz\/en\/#website"},"primaryImageOfPage":{"@id":"https:\/\/www.colours.cz\/en\/ucinkujici\/zuzana-krejcirikova\/#primaryimage"},"image":{"@id":"https:\/\/www.colours.cz\/en\/ucinkujici\/zuzana-krejcirikova\/#primaryimage"},"thumbnailUrl":"https:\/\/www.colours.cz\/wp-content\/uploads\/2025\/06\/3650-Zuzana-Krejcirikova-e1750412353373.jpeg","datePublished":"2025-06-20T09:38:26+00:00","dateModified":"2025-06-25T17:39:58+00:00","breadcrumb":{"@id":"https:\/\/www.colours.cz\/en\/ucinkujici\/zuzana-krejcirikova\/#breadcrumb"},"inLanguage":"en-US","potentialAction":[{"@type":"ReadAction","target":["https:\/\/www.colours.cz\/en\/ucinkujici\/zuzana-krejcirikova\/"]}]},{"@type":"ImageObject","inLanguage":"en-US","@id":"https:\/\/www.colours.cz\/en\/ucinkujici\/zuzana-krejcirikova\/#primaryimage","url":"https:\/\/www.colours.cz\/wp-content\/uploads\/2025\/06\/3650-Zuzana-Krejcirikova-e1750412353373.jpeg","contentUrl":"https:\/\/www.colours.cz\/wp-content\/uploads\/2025\/06\/3650-Zuzana-Krejcirikova-e1750412353373.jpeg","width":500,"height":500},{"@type":"BreadcrumbList","@id":"https:\/\/www.colours.cz\/en\/ucinkujici\/zuzana-krejcirikova\/#breadcrumb","itemListElement":[{"@type":"ListItem","position":1,"name":"Dom\u016f","item":"https:\/\/www.colours.cz\/en\/"},{"@type":"ListItem","position":2,"name":"Zuzana Krej\u010di\u0159\u00edkov\u00e1"}]},{"@type":"WebSite","@id":"https:\/\/www.colours.cz\/en\/#website","url":"https:\/\/www.colours.cz\/en\/","name":"Colours of Ostrava","description":"","potentialAction":[{"@type":"SearchAction","target":{"@type":"EntryPoint","urlTemplate":"https:\/\/www.colours.cz\/en\/?s={search_term_string}"},"query-input":{"@type":"PropertyValueSpecification","valueRequired":true,"valueName":"search_term_string"}}],"inLanguage":"en-US"}]}},"program-params-interpret-block-order":"0","program-params-thumbnail-mobile-id":"","program-params-sign-language-available":"0","program-params-timeline-description":"","program-tickets-not-included":"0","program-events-items-ids":[{"program-event-items-date-start":"","program-event-items-date-end":"","program-event-items-date-length":"0","program-event-items-place":""}],"program-spotify-iframe":"","program-spotify-position":"center","program-socials-facebook":"","program-socials-youtube":"","program-socials-spotify":"","program-socials-instagram":"","program-socials-threads":"","program-socials-tiktok":"","program-socials-linkedin":"","program-gallery-items-ids":[{"program-items-url":"","program-items-title":"","program-items-description":"","program-items-duration":"","program-items-image-id":""}],"program-discover-title":"","program-discover-show-in-modal":"","program-discover-items-ids":"","_links":{"self":[{"href":"https:\/\/www.colours.cz\/en\/wp-json\/wp\/v2\/program\/6886","targetHints":{"allow":["GET"]}}],"collection":[{"href":"https:\/\/www.colours.cz\/en\/wp-json\/wp\/v2\/program"}],"about":[{"href":"https:\/\/www.colours.cz\/en\/wp-json\/wp\/v2\/types\/program"}],"wp:featuredmedia":[{"embeddable":true,"href":"https:\/\/www.colours.cz\/en\/wp-json\/wp\/v2\/media\/6572"}],"wp:attachment":[{"href":"https:\/\/www.colours.cz\/en\/wp-json\/wp\/v2\/media?parent=6886"}],"wp:term":[{"taxonomy":"program-year","embeddable":true,"href":"https:\/\/www.colours.cz\/en\/wp-json\/wp\/v2\/program-year?post=6886"},{"taxonomy":"program-category","embeddable":true,"href":"https:\/\/www.colours.cz\/en\/wp-json\/wp\/v2\/program-category?post=6886"},{"taxonomy":"program-genre","embeddable":true,"href":"https:\/\/www.colours.cz\/en\/wp-json\/wp\/v2\/program-genre?post=6886"},{"taxonomy":"program-country","embeddable":true,"href":"https:\/\/www.colours.cz\/en\/wp-json\/wp\/v2\/program-country?post=6886"}],"curies":[{"name":"wp","href":"https:\/\/api.w.org\/{rel}","templated":true}]}}

Zuzana Krejčiříková

<p>Zuzana is the Director of Public Affairs at ČEZ in Prague, a member of the Board of the Czech Chamber of Commerce, where she also chairs the energy section, and a member of the Board of Eurelectric.</p>



<p>She graduated from the Faculty of Law of Charles University in Prague and completed two-year courses in European and commercial law at the Universities of Paris, Toulouse and Cambridge. From September 2003 to November 2006, she worked at the European Court of Justice. From 2008 to 2016, she was Director of the European Agenda Unit and the Brussels Representative Office of ČEZ.<br>She currently represents ČEZ in the international organisations Eurelectric, Nucleareurope and BusinessEurope. She specializes in European law with a focus on energy, environment and competition law.</p>



<h2 class="wp-block-heading">Featured:</h2>



<ul class="wp-block-list">
<li>Thursday 17/7 at 14:30: <a href="https://www.colours.cz/en/ucinkujici/who-will-light-up-czechia/">WHO WILL LIGHT UP CZECHIA?</a> | ČEZ Global stage</li>
</ul>



<p></p>

<p>Head of Public Affairs at ČEZ</p>

<!-- This site is optimized with the Yoast SEO plugin v25.3.1 - https://yoast.com/wordpress/plugins/seo/ -->
<title>Zuzana Krejčiříková - Colours of Ostrava</title>
<meta name="robots" content="index, follow, max-snippet:-1, max-image-preview:large, max-video-preview:-1" />
<link rel="canonical" href="https://www.colours.cz/en/ucinkujici/zuzana-krejcirikova/" />
<meta property="og:locale" content="en_US" />
<meta property="og:type" content="article" />
<meta property="og:title" content="Zuzana Krejčiříková - Colours of Ostrava" />
<meta property="og:description" content="Head of Public Affairs at ČEZ" />
<meta property="og:url" content="https://www.colours.cz/en/ucinkujici/zuzana-krejcirikova/" />
<meta property="og:site_name" content="Colours of Ostrava" />
<meta property="article:modified_time" content="2025-06-25T17:39:58+00:00" />
<meta property="og:image" content="https://www.colours.cz/wp-content/uploads/2025/06/3650-Zuzana-Krejcirikova-e1750412353373.jpeg" />
	<meta property="og:image:width" content="500" />
	<meta property="og:image:height" content="500" />
	<meta property="og:image:type" content="image/jpeg" />
<meta name="twitter:card" content="summary_large_image" />
<meta name="twitter:label1" content="Est. reading time" />
	<meta name="twitter:data1" content="1 minute" />
<!-- / Yoast SEO plugin. -->

Zuzana Krejčiříková - Colours of Ostrava

Head of Public Affairs at ČEZ

Domů
