{"id":6883,"date":"2025-06-20T21:04:52","date_gmt":"2025-06-20T19:04:52","guid":{"rendered":"https:\/\/www.colours.cz\/ucinkujici\/zlata-holusova\/"},"modified":"2025-06-25T19:37:41","modified_gmt":"2025-06-25T17:37:41","slug":"zlata-holusova","status":"publish","type":"program","link":"https:\/\/www.colours.cz\/en\/ucinkujici\/zlata-holusova\/","title":{"rendered":"Zlata Holu\u0161ov\u00e1"},"content":{"rendered":"\n<p>Founder of multiple festivals and, for 25 years, the director of Colours of Ostrava. A curator, a visionary, a connector of cultures, ideas, and emotions.<\/p>\n\n\n  <article class=\"i-info-box py-3 px-3 u-posr d-flex flex-column align-items-start gap-2 --white\">\n\n  <header class=\"i-info-box__header\">\n          <h2 class=\"base-heading mb-0 text-uppercase  u-h2   text-start\">\n            FEATURED: Between worlds\n      <\/h2>\n      <\/header>\n\n      <div class=\"i-info-box__content entry-content\">\n      Wednesday 16\/7\/2025<br>18:00\u201319:00 | Vyprav\u011b\u010dsk\u00fd stan\n    <\/div>\n  \n\n      <a class=\"btn u-posr u-cursor-pointer u-border-none u-z-index-1 d-inline-flex gap-1 align-items-center justify-content-center flex-nowrap flex-shrink-0 user-select-none text-decoration-none text-uppercase --secondary --sm     --full-width-mobile   i-info-box__button flex-grow-1\" href='https:\/\/www.colours.cz\/en\/ucinkujici\/6070\/'>\n      <span class=\"btn__title text-center\">\n      MORE\n    <\/span>\n  \n  <\/a>\n\n  <\/article>\n\n\n\n<p>Zlata Holu\u0161ov\u00e1 is a prominent figure in the Czech cultural scene and the founder of the international music festival Colours of Ostrava, which, under her leadership, has grown over 25 years into one of the most respected and visited festivals in Central Europe. Her work goes beyond music \u2014 she creates spaces for dialogue, openness, and the search for deeper meaning in both art and society.<\/p>\n\n\n\n<p>She began her career as a documentary filmmaker and music journalist, and through her vision, courage, and sensitivity, she transformed the industrial complex of Doln\u00ed V\u00edtkovice into a vibrant cultural organism. Under her guidance, Colours is not just a festival \u2014 it is a social phenomenon that brings hundreds of artists, thinkers, and visitors from around the world to Ostrava.<\/p>\n\n\n\n<p>In addition to the main program, she created&nbsp;<em>Meltingpot<\/em>, a discussion forum that connects artists, scientists, philosophers, and visionaries across disciplines. Her focus on values, depth, and authenticity makes her work truly exceptional.<\/p>\n\n\n\n<p>Zlata Holu\u0161ov\u00e1 has become the soul of the festival \u2014 a woman constantly searching, connecting, and discovering new horizons across cultures.<\/p>\n","protected":false},"excerpt":{"rendered":"<p>Founder of Colours of Ostrava<\/p>\n","protected":false},"featured_media":6600,"menu_order":0,"template":"","meta":[],"program-year":[119],"program-category":[372],"program-genre":[],"program-country":[],"class_list":["post-6883","program","type-program","status-publish","has-post-thumbnail","hentry","program-category-meltingpot-cz-en"],"yoast_head":"<!-- This site is optimized with the Yoast SEO plugin v25.3.1 - https:\/\/yoast.com\/wordpress\/plugins\/seo\/ -->\n<title>Zlata Holu\u0161ov\u00e1 - Colours of Ostrava<\/title>\n<meta name=\"robots\" content=\"index, follow, max-snippet:-1, max-image-preview:large, max-video-preview:-1\" \/>\n<link rel=\"canonical\" href=\"https:\/\/www.colours.cz\/en\/ucinkujici\/zlata-holusova\/\" \/>\n<meta property=\"og:locale\" content=\"en_US\" \/>\n<meta property=\"og:type\" content=\"article\" \/>\n<meta property=\"og:title\" content=\"Zlata Holu\u0161ov\u00e1 - Colours of Ostrava\" \/>\n<meta property=\"og:description\" content=\"Founder of Colours of Ostrava\" \/>\n<meta property=\"og:url\" content=\"https:\/\/www.colours.cz\/en\/ucinkujici\/zlata-holusova\/\" \/>\n<meta property=\"og:site_name\" content=\"Colours of Ostrava\" \/>\n<meta property=\"article:modified_time\" content=\"2025-06-25T17:37:41+00:00\" \/>\n<meta property=\"og:image\" content=\"https:\/\/www.colours.cz\/wp-content\/uploads\/2025\/06\/zlata-by-hrubes-2025-e1750446251278.jpeg\" \/>\n\t<meta property=\"og:image:width\" content=\"1890\" \/>\n\t<meta property=\"og:image:height\" content=\"2520\" \/>\n\t<meta property=\"og:image:type\" content=\"image\/jpeg\" \/>\n<meta name=\"twitter:card\" content=\"summary_large_image\" \/>\n<meta name=\"twitter:label1\" content=\"Est. reading time\" \/>\n\t<meta name=\"twitter:data1\" content=\"2 minutes\" \/>\n<!-- \/ Yoast SEO plugin. -->","yoast_head_json":{"title":"Zlata Holu\u0161ov\u00e1 - Colours of Ostrava","robots":{"index":"index","follow":"follow","max-snippet":"max-snippet:-1","max-image-preview":"max-image-preview:large","max-video-preview":"max-video-preview:-1"},"canonical":"https:\/\/www.colours.cz\/en\/ucinkujici\/zlata-holusova\/","og_locale":"en_US","og_type":"article","og_title":"Zlata Holu\u0161ov\u00e1 - Colours of Ostrava","og_description":"Founder of Colours of Ostrava","og_url":"https:\/\/www.colours.cz\/en\/ucinkujici\/zlata-holusova\/","og_site_name":"Colours of Ostrava","article_modified_time":"2025-06-25T17:37:41+00:00","og_image":[{"width":1890,"height":2520,"url":"https:\/\/www.colours.cz\/wp-content\/uploads\/2025\/06\/zlata-by-hrubes-2025-e1750446251278.jpeg","type":"image\/jpeg"}],"twitter_card":"summary_large_image","twitter_misc":{"Est. reading time":"2 minutes"},"schema":{"@context":"https:\/\/schema.org","@graph":[{"@type":"WebPage","@id":"https:\/\/www.colours.cz\/en\/ucinkujici\/zlata-holusova\/","url":"https:\/\/www.colours.cz\/en\/ucinkujici\/zlata-holusova\/","name":"Zlata Holu\u0161ov\u00e1 - Colours of Ostrava","isPartOf":{"@id":"https:\/\/www.colours.cz\/en\/#website"},"primaryImageOfPage":{"@id":"https:\/\/www.colours.cz\/en\/ucinkujici\/zlata-holusova\/#primaryimage"},"image":{"@id":"https:\/\/www.colours.cz\/en\/ucinkujici\/zlata-holusova\/#primaryimage"},"thumbnailUrl":"https:\/\/www.colours.cz\/wp-content\/uploads\/2025\/06\/zlata-by-hrubes-2025-e1750446251278.jpeg","datePublished":"2025-06-20T19:04:52+00:00","dateModified":"2025-06-25T17:37:41+00:00","breadcrumb":{"@id":"https:\/\/www.colours.cz\/en\/ucinkujici\/zlata-holusova\/#breadcrumb"},"inLanguage":"en-US","potentialAction":[{"@type":"ReadAction","target":["https:\/\/www.colours.cz\/en\/ucinkujici\/zlata-holusova\/"]}]},{"@type":"ImageObject","inLanguage":"en-US","@id":"https:\/\/www.colours.cz\/en\/ucinkujici\/zlata-holusova\/#primaryimage","url":"https:\/\/www.colours.cz\/wp-content\/uploads\/2025\/06\/zlata-by-hrubes-2025-e1750446251278.jpeg","contentUrl":"https:\/\/www.colours.cz\/wp-content\/uploads\/2025\/06\/zlata-by-hrubes-2025-e1750446251278.jpeg","width":1890,"height":2520},{"@type":"BreadcrumbList","@id":"https:\/\/www.colours.cz\/en\/ucinkujici\/zlata-holusova\/#breadcrumb","itemListElement":[{"@type":"ListItem","position":1,"name":"Dom\u016f","item":"https:\/\/www.colours.cz\/en\/"},{"@type":"ListItem","position":2,"name":"Zlata Holu\u0161ov\u00e1"}]},{"@type":"WebSite","@id":"https:\/\/www.colours.cz\/en\/#website","url":"https:\/\/www.colours.cz\/en\/","name":"Colours of Ostrava","description":"","potentialAction":[{"@type":"SearchAction","target":{"@type":"EntryPoint","urlTemplate":"https:\/\/www.colours.cz\/en\/?s={search_term_string}"},"query-input":{"@type":"PropertyValueSpecification","valueRequired":true,"valueName":"search_term_string"}}],"inLanguage":"en-US"}]}},"program-params-interpret-block-order":"0","program-params-thumbnail-mobile-id":"","program-params-sign-language-available":"0","program-params-timeline-description":"","program-tickets-not-included":"0","program-events-items-ids":[{"program-event-items-date-start":"","program-event-items-date-end":"","program-event-items-date-length":"0","program-event-items-place":""}],"program-spotify-iframe":"","program-spotify-position":"center","program-socials-facebook":"","program-socials-youtube":"","program-socials-spotify":"","program-socials-instagram":"","program-socials-threads":"","program-socials-tiktok":"","program-socials-linkedin":"","program-gallery-items-ids":[{"program-items-url":"","program-items-title":"","program-items-description":"","program-items-duration":"","program-items-image-id":""}],"program-discover-title":"","program-discover-show-in-modal":"","program-discover-items-ids":"","_links":{"self":[{"href":"https:\/\/www.colours.cz\/en\/wp-json\/wp\/v2\/program\/6883","targetHints":{"allow":["GET"]}}],"collection":[{"href":"https:\/\/www.colours.cz\/en\/wp-json\/wp\/v2\/program"}],"about":[{"href":"https:\/\/www.colours.cz\/en\/wp-json\/wp\/v2\/types\/program"}],"wp:featuredmedia":[{"embeddable":true,"href":"https:\/\/www.colours.cz\/en\/wp-json\/wp\/v2\/media\/6600"}],"wp:attachment":[{"href":"https:\/\/www.colours.cz\/en\/wp-json\/wp\/v2\/media?parent=6883"}],"wp:term":[{"taxonomy":"program-year","embeddable":true,"href":"https:\/\/www.colours.cz\/en\/wp-json\/wp\/v2\/program-year?post=6883"},{"taxonomy":"program-category","embeddable":true,"href":"https:\/\/www.colours.cz\/en\/wp-json\/wp\/v2\/program-category?post=6883"},{"taxonomy":"program-genre","embeddable":true,"href":"https:\/\/www.colours.cz\/en\/wp-json\/wp\/v2\/program-genre?post=6883"},{"taxonomy":"program-country","embeddable":true,"href":"https:\/\/www.colours.cz\/en\/wp-json\/wp\/v2\/program-country?post=6883"}],"curies":[{"name":"wp","href":"https:\/\/api.w.org\/{rel}","templated":true}]}}

Zlata Holušová

<p>Founder of multiple festivals and, for 25 years, the director of Colours of Ostrava. A curator, a visionary, a connector of cultures, ideas, and emotions.</p>


  <article class="i-info-box py-3 px-3 u-posr d-flex flex-column align-items-start gap-2 --white">

  <header class="i-info-box__header">
          <h2 class="base-heading mb-0 text-uppercase  u-h2   text-start">
            FEATURED: Between worlds
      </h2>
      </header>

      <div class="i-info-box__content entry-content">
      Wednesday 16/7/2025<br>18:00–19:00 | Vypravěčský stan
    </div>
  

      <a class="btn u-posr u-cursor-pointer u-border-none u-z-index-1 d-inline-flex gap-1 align-items-center justify-content-center flex-nowrap flex-shrink-0 user-select-none text-decoration-none text-uppercase --secondary --sm     --full-width-mobile   i-info-box__button flex-grow-1" href='https://www.colours.cz/en/ucinkujici/6070/'>
      <span class="btn__title text-center">
      MORE
    </span>
  
  </a>

  </article>



<p>Zlata Holušová is a prominent figure in the Czech cultural scene and the founder of the international music festival Colours of Ostrava, which, under her leadership, has grown over 25 years into one of the most respected and visited festivals in Central Europe. Her work goes beyond music — she creates spaces for dialogue, openness, and the search for deeper meaning in both art and society.</p>



<p>She began her career as a documentary filmmaker and music journalist, and through her vision, courage, and sensitivity, she transformed the industrial complex of Dolní Vítkovice into a vibrant cultural organism. Under her guidance, Colours is not just a festival — it is a social phenomenon that brings hundreds of artists, thinkers, and visitors from around the world to Ostrava.</p>



<p>In addition to the main program, she created&nbsp;<em>Meltingpot</em>, a discussion forum that connects artists, scientists, philosophers, and visionaries across disciplines. Her focus on values, depth, and authenticity makes her work truly exceptional.</p>



<p>Zlata Holušová has become the soul of the festival — a woman constantly searching, connecting, and discovering new horizons across cultures.</p>

<!-- This site is optimized with the Yoast SEO plugin v25.3.1 - https://yoast.com/wordpress/plugins/seo/ -->
<title>Zlata Holušová - Colours of Ostrava</title>
<meta name="robots" content="index, follow, max-snippet:-1, max-image-preview:large, max-video-preview:-1" />
<link rel="canonical" href="https://www.colours.cz/en/ucinkujici/zlata-holusova/" />
<meta property="og:locale" content="en_US" />
<meta property="og:type" content="article" />
<meta property="og:title" content="Zlata Holušová - Colours of Ostrava" />
<meta property="og:description" content="Founder of Colours of Ostrava" />
<meta property="og:url" content="https://www.colours.cz/en/ucinkujici/zlata-holusova/" />
<meta property="og:site_name" content="Colours of Ostrava" />
<meta property="article:modified_time" content="2025-06-25T17:37:41+00:00" />
<meta property="og:image" content="https://www.colours.cz/wp-content/uploads/2025/06/zlata-by-hrubes-2025-e1750446251278.jpeg" />
	<meta property="og:image:width" content="1890" />
	<meta property="og:image:height" content="2520" />
	<meta property="og:image:type" content="image/jpeg" />
<meta name="twitter:card" content="summary_large_image" />
<meta name="twitter:label1" content="Est. reading time" />
	<meta name="twitter:data1" content="2 minutes" />
<!-- / Yoast SEO plugin. -->

Zlata Holušová - Colours of Ostrava

Domů
