{"id":6880,"date":"2025-06-21T00:57:00","date_gmt":"2025-06-20T22:57:00","guid":{"rendered":"https:\/\/www.colours.cz\/ucinkujici\/miriam-lipova\/"},"modified":"2025-06-25T19:35:13","modified_gmt":"2025-06-25T17:35:13","slug":"miriam-lipova","status":"publish","type":"program","link":"https:\/\/www.colours.cz\/en\/ucinkujici\/miriam-lipova\/","title":{"rendered":"Miriam L\u00edpov\u00e1"},"content":{"rendered":"\n<p>Miriam is a singer, pianist, and creator of original music and storytelling.<br>She collaborates on the RUNA project because she deeply believes that a good life is only possible thanks to wild nature.<\/p>\n\n\n\n<p>Through voice, she helps people reconnect with their inner wildness \u2013 the source of each person&#8217;s natural essence. She has no formal musical education; everything she creates comes from talent, experience, and attentive observation.<\/p>\n\n\n  <article class=\"i-info-box py-3 px-3 u-posr d-flex flex-column align-items-start gap-2 --white\">\n\n  <header class=\"i-info-box__header\">\n          <h2 class=\"base-heading mb-0 text-uppercase  u-h2   text-start\">\n            FEATURED: The wild wisdom of the voice\n      <\/h2>\n      <\/header>\n\n      <div class=\"i-info-box__content entry-content\">\n      Saturday 19\/7\/2025<br>16:30\u201317:30 | Vyprav\u011b\u010dsk\u00fd stan\n    <\/div>\n  \n\n      <a class=\"btn u-posr u-cursor-pointer u-border-none u-z-index-1 d-inline-flex gap-1 align-items-center justify-content-center flex-nowrap flex-shrink-0 user-select-none text-decoration-none text-uppercase --secondary --sm     --full-width-mobile   i-info-box__button flex-grow-1\" href='https:\/\/www.colours.cz\/en\/ucinkujici\/the-wild-wisdom-of-the-voice\/'>\n      <span class=\"btn__title text-center\">\n      MORE\n    <\/span>\n  \n  <\/a>\n\n  <\/article>\n","protected":false},"excerpt":{"rendered":"<p>Musician and storyteller<\/p>\n","protected":false},"featured_media":6613,"menu_order":0,"template":"","meta":[],"program-year":[119],"program-category":[372],"program-genre":[],"program-country":[],"class_list":["post-6880","program","type-program","status-publish","has-post-thumbnail","hentry","program-category-meltingpot-cz-en"],"yoast_head":"<!-- This site is optimized with the Yoast SEO plugin v25.3.1 - https:\/\/yoast.com\/wordpress\/plugins\/seo\/ -->\n<title>Miriam L\u00edpov\u00e1 - Colours of Ostrava<\/title>\n<meta name=\"robots\" content=\"index, follow, max-snippet:-1, max-image-preview:large, max-video-preview:-1\" \/>\n<link rel=\"canonical\" href=\"https:\/\/www.colours.cz\/en\/ucinkujici\/miriam-lipova\/\" \/>\n<meta property=\"og:locale\" content=\"en_US\" \/>\n<meta property=\"og:type\" content=\"article\" \/>\n<meta property=\"og:title\" content=\"Miriam L\u00edpov\u00e1 - Colours of Ostrava\" \/>\n<meta property=\"og:description\" content=\"Musician and storyteller\" \/>\n<meta property=\"og:url\" content=\"https:\/\/www.colours.cz\/en\/ucinkujici\/miriam-lipova\/\" \/>\n<meta property=\"og:site_name\" content=\"Colours of Ostrava\" \/>\n<meta property=\"article:modified_time\" content=\"2025-06-25T17:35:13+00:00\" \/>\n<meta property=\"og:image\" content=\"https:\/\/www.colours.cz\/wp-content\/uploads\/2025\/06\/Miriam-Lipova-1-e1750460087619.jpg\" \/>\n\t<meta property=\"og:image:width\" content=\"1108\" \/>\n\t<meta property=\"og:image:height\" content=\"1119\" \/>\n\t<meta property=\"og:image:type\" content=\"image\/jpeg\" \/>\n<meta name=\"twitter:card\" content=\"summary_large_image\" \/>\n<meta name=\"twitter:label1\" content=\"Est. reading time\" \/>\n\t<meta name=\"twitter:data1\" content=\"1 minute\" \/>\n<!-- \/ Yoast SEO plugin. -->","yoast_head_json":{"title":"Miriam L\u00edpov\u00e1 - Colours of Ostrava","robots":{"index":"index","follow":"follow","max-snippet":"max-snippet:-1","max-image-preview":"max-image-preview:large","max-video-preview":"max-video-preview:-1"},"canonical":"https:\/\/www.colours.cz\/en\/ucinkujici\/miriam-lipova\/","og_locale":"en_US","og_type":"article","og_title":"Miriam L\u00edpov\u00e1 - Colours of Ostrava","og_description":"Musician and storyteller","og_url":"https:\/\/www.colours.cz\/en\/ucinkujici\/miriam-lipova\/","og_site_name":"Colours of Ostrava","article_modified_time":"2025-06-25T17:35:13+00:00","og_image":[{"width":1108,"height":1119,"url":"https:\/\/www.colours.cz\/wp-content\/uploads\/2025\/06\/Miriam-Lipova-1-e1750460087619.jpg","type":"image\/jpeg"}],"twitter_card":"summary_large_image","twitter_misc":{"Est. reading time":"1 minute"},"schema":{"@context":"https:\/\/schema.org","@graph":[{"@type":"WebPage","@id":"https:\/\/www.colours.cz\/en\/ucinkujici\/miriam-lipova\/","url":"https:\/\/www.colours.cz\/en\/ucinkujici\/miriam-lipova\/","name":"Miriam L\u00edpov\u00e1 - Colours of Ostrava","isPartOf":{"@id":"https:\/\/www.colours.cz\/en\/#website"},"primaryImageOfPage":{"@id":"https:\/\/www.colours.cz\/en\/ucinkujici\/miriam-lipova\/#primaryimage"},"image":{"@id":"https:\/\/www.colours.cz\/en\/ucinkujici\/miriam-lipova\/#primaryimage"},"thumbnailUrl":"https:\/\/www.colours.cz\/wp-content\/uploads\/2025\/06\/Miriam-Lipova-1-e1750460087619.jpg","datePublished":"2025-06-20T22:57:00+00:00","dateModified":"2025-06-25T17:35:13+00:00","breadcrumb":{"@id":"https:\/\/www.colours.cz\/en\/ucinkujici\/miriam-lipova\/#breadcrumb"},"inLanguage":"en-US","potentialAction":[{"@type":"ReadAction","target":["https:\/\/www.colours.cz\/en\/ucinkujici\/miriam-lipova\/"]}]},{"@type":"ImageObject","inLanguage":"en-US","@id":"https:\/\/www.colours.cz\/en\/ucinkujici\/miriam-lipova\/#primaryimage","url":"https:\/\/www.colours.cz\/wp-content\/uploads\/2025\/06\/Miriam-Lipova-1-e1750460087619.jpg","contentUrl":"https:\/\/www.colours.cz\/wp-content\/uploads\/2025\/06\/Miriam-Lipova-1-e1750460087619.jpg","width":1108,"height":1119},{"@type":"BreadcrumbList","@id":"https:\/\/www.colours.cz\/en\/ucinkujici\/miriam-lipova\/#breadcrumb","itemListElement":[{"@type":"ListItem","position":1,"name":"Dom\u016f","item":"https:\/\/www.colours.cz\/en\/"},{"@type":"ListItem","position":2,"name":"Miriam L\u00edpov\u00e1"}]},{"@type":"WebSite","@id":"https:\/\/www.colours.cz\/en\/#website","url":"https:\/\/www.colours.cz\/en\/","name":"Colours of Ostrava","description":"","potentialAction":[{"@type":"SearchAction","target":{"@type":"EntryPoint","urlTemplate":"https:\/\/www.colours.cz\/en\/?s={search_term_string}"},"query-input":{"@type":"PropertyValueSpecification","valueRequired":true,"valueName":"search_term_string"}}],"inLanguage":"en-US"}]}},"program-params-interpret-block-order":"0","program-params-thumbnail-mobile-id":"","program-params-sign-language-available":"0","program-params-timeline-description":"","program-tickets-not-included":"0","program-events-items-ids":[{"program-event-items-date-start":"","program-event-items-date-end":"","program-event-items-date-length":"0","program-event-items-place":""}],"program-spotify-iframe":"","program-spotify-position":"center","program-socials-facebook":"","program-socials-youtube":"","program-socials-spotify":"","program-socials-instagram":"","program-socials-threads":"","program-socials-tiktok":"","program-socials-linkedin":"","program-gallery-items-ids":[{"program-items-url":"","program-items-title":"","program-items-description":"","program-items-duration":"","program-items-image-id":""}],"program-discover-title":"","program-discover-show-in-modal":"","program-discover-items-ids":"","_links":{"self":[{"href":"https:\/\/www.colours.cz\/en\/wp-json\/wp\/v2\/program\/6880","targetHints":{"allow":["GET"]}}],"collection":[{"href":"https:\/\/www.colours.cz\/en\/wp-json\/wp\/v2\/program"}],"about":[{"href":"https:\/\/www.colours.cz\/en\/wp-json\/wp\/v2\/types\/program"}],"wp:featuredmedia":[{"embeddable":true,"href":"https:\/\/www.colours.cz\/en\/wp-json\/wp\/v2\/media\/6613"}],"wp:attachment":[{"href":"https:\/\/www.colours.cz\/en\/wp-json\/wp\/v2\/media?parent=6880"}],"wp:term":[{"taxonomy":"program-year","embeddable":true,"href":"https:\/\/www.colours.cz\/en\/wp-json\/wp\/v2\/program-year?post=6880"},{"taxonomy":"program-category","embeddable":true,"href":"https:\/\/www.colours.cz\/en\/wp-json\/wp\/v2\/program-category?post=6880"},{"taxonomy":"program-genre","embeddable":true,"href":"https:\/\/www.colours.cz\/en\/wp-json\/wp\/v2\/program-genre?post=6880"},{"taxonomy":"program-country","embeddable":true,"href":"https:\/\/www.colours.cz\/en\/wp-json\/wp\/v2\/program-country?post=6880"}],"curies":[{"name":"wp","href":"https:\/\/api.w.org\/{rel}","templated":true}]}}

Miriam Lípová

<p>Miriam is a singer, pianist, and creator of original music and storytelling.<br>She collaborates on the RUNA project because she deeply believes that a good life is only possible thanks to wild nature.</p>



<p>Through voice, she helps people reconnect with their inner wildness – the source of each person&#8217;s natural essence. She has no formal musical education; everything she creates comes from talent, experience, and attentive observation.</p>


  <article class="i-info-box py-3 px-3 u-posr d-flex flex-column align-items-start gap-2 --white">

  <header class="i-info-box__header">
          <h2 class="base-heading mb-0 text-uppercase  u-h2   text-start">
            FEATURED: The wild wisdom of the voice
      </h2>
      </header>

      <div class="i-info-box__content entry-content">
      Saturday 19/7/2025<br>16:30–17:30 | Vypravěčský stan
    </div>
  

      <a class="btn u-posr u-cursor-pointer u-border-none u-z-index-1 d-inline-flex gap-1 align-items-center justify-content-center flex-nowrap flex-shrink-0 user-select-none text-decoration-none text-uppercase --secondary --sm     --full-width-mobile   i-info-box__button flex-grow-1" href='https://www.colours.cz/en/ucinkujici/the-wild-wisdom-of-the-voice/'>
      <span class="btn__title text-center">
      MORE
    </span>
  
  </a>

  </article>

<!-- This site is optimized with the Yoast SEO plugin v25.3.1 - https://yoast.com/wordpress/plugins/seo/ -->
<title>Miriam Lípová - Colours of Ostrava</title>
<meta name="robots" content="index, follow, max-snippet:-1, max-image-preview:large, max-video-preview:-1" />
<link rel="canonical" href="https://www.colours.cz/en/ucinkujici/miriam-lipova/" />
<meta property="og:locale" content="en_US" />
<meta property="og:type" content="article" />
<meta property="og:title" content="Miriam Lípová - Colours of Ostrava" />
<meta property="og:description" content="Musician and storyteller" />
<meta property="og:url" content="https://www.colours.cz/en/ucinkujici/miriam-lipova/" />
<meta property="og:site_name" content="Colours of Ostrava" />
<meta property="article:modified_time" content="2025-06-25T17:35:13+00:00" />
<meta property="og:image" content="https://www.colours.cz/wp-content/uploads/2025/06/Miriam-Lipova-1-e1750460087619.jpg" />
	<meta property="og:image:width" content="1108" />
	<meta property="og:image:height" content="1119" />
	<meta property="og:image:type" content="image/jpeg" />
<meta name="twitter:card" content="summary_large_image" />
<meta name="twitter:label1" content="Est. reading time" />
	<meta name="twitter:data1" content="1 minute" />
<!-- / Yoast SEO plugin. -->

Miriam Lípová - Colours of Ostrava

Domů
