{"id":6780,"date":"2025-06-20T11:27:07","date_gmt":"2025-06-20T09:27:07","guid":{"rendered":"https:\/\/www.colours.cz\/ucinkujici\/ondrej-kralik\/"},"modified":"2025-06-24T11:00:24","modified_gmt":"2025-06-24T09:00:24","slug":"ondrej-kralik","status":"publish","type":"program","link":"https:\/\/www.colours.cz\/en\/ucinkujici\/ondrej-kralik\/","title":{"rendered":"Ond\u0159ej Kr\u00e1l\u00edk"},"content":{"rendered":"\n<p>After graduating from the Faculty of Business and Economics at Mendel University in 2010, he joined the Vyso\u010dina Regional Authority, where he gradually moved from the position of auditor to the Department of Education, Youth and Sports, which he has headed since 2021. He has spent practically his whole life playing amateur basketball in Jihlava, and currently enjoys renovating his family house in his free time.<\/p>\n\n\n\n<p>Today, in addition to performing state administration tasks in the field of education, his professional focus is primarily on seeking opportunities to build schools that meet contemporary standards and are able to face current and future challenges. He is dedicated to developing schools as places where students feel comfortable and safe, and where they look forward to coming every day to pursue their interests across a wide spectrum.<\/p>\n\n\n\n<h2 class=\"wp-block-heading\">Featured<\/h2>\n\n\n\n<ul class=\"wp-block-list\">\n<li>Thursday 17\/7 from 14:30 : Who will light up Czechia? | \u010cEZ Global stage<\/li>\n<\/ul>\n\n\n\n<p><\/p>\n","protected":false},"excerpt":{"rendered":"<p>Head of the Department of Education, Youth and Sports at the Vyso\u010dina Region<\/p>\n","protected":false},"featured_media":6563,"menu_order":0,"template":"","meta":[],"program-year":[119],"program-category":[372],"program-genre":[],"program-country":[],"class_list":["post-6780","program","type-program","status-publish","has-post-thumbnail","hentry","program-category-meltingpot-cz-en"],"yoast_head":"<!-- This site is optimized with the Yoast SEO plugin v25.3.1 - https:\/\/yoast.com\/wordpress\/plugins\/seo\/ -->\n<title>Ond\u0159ej Kr\u00e1l\u00edk - Colours of Ostrava<\/title>\n<meta name=\"robots\" content=\"index, follow, max-snippet:-1, max-image-preview:large, max-video-preview:-1\" \/>\n<link rel=\"canonical\" href=\"https:\/\/www.colours.cz\/en\/ucinkujici\/ondrej-kralik\/\" \/>\n<meta property=\"og:locale\" content=\"en_US\" \/>\n<meta property=\"og:type\" content=\"article\" \/>\n<meta property=\"og:title\" content=\"Ond\u0159ej Kr\u00e1l\u00edk - Colours of Ostrava\" \/>\n<meta property=\"og:description\" content=\"Head of the Department of Education, Youth and Sports at the Vyso\u010dina Region\" \/>\n<meta property=\"og:url\" content=\"https:\/\/www.colours.cz\/en\/ucinkujici\/ondrej-kralik\/\" \/>\n<meta property=\"og:site_name\" content=\"Colours of Ostrava\" \/>\n<meta property=\"article:modified_time\" content=\"2025-06-24T09:00:24+00:00\" \/>\n<meta property=\"og:image\" content=\"https:\/\/www.colours.cz\/wp-content\/uploads\/2025\/06\/foto_Ondrej_Kralik-scaled.jpg\" \/>\n\t<meta property=\"og:image:width\" content=\"1961\" \/>\n\t<meta property=\"og:image:height\" content=\"2560\" \/>\n\t<meta property=\"og:image:type\" content=\"image\/jpeg\" \/>\n<meta name=\"twitter:card\" content=\"summary_large_image\" \/>\n<meta name=\"twitter:label1\" content=\"Est. reading time\" \/>\n\t<meta name=\"twitter:data1\" content=\"2 minutes\" \/>\n<!-- \/ Yoast SEO plugin. -->","yoast_head_json":{"title":"Ond\u0159ej Kr\u00e1l\u00edk - Colours of Ostrava","robots":{"index":"index","follow":"follow","max-snippet":"max-snippet:-1","max-image-preview":"max-image-preview:large","max-video-preview":"max-video-preview:-1"},"canonical":"https:\/\/www.colours.cz\/en\/ucinkujici\/ondrej-kralik\/","og_locale":"en_US","og_type":"article","og_title":"Ond\u0159ej Kr\u00e1l\u00edk - Colours of Ostrava","og_description":"Head of the Department of Education, Youth and Sports at the Vyso\u010dina Region","og_url":"https:\/\/www.colours.cz\/en\/ucinkujici\/ondrej-kralik\/","og_site_name":"Colours of Ostrava","article_modified_time":"2025-06-24T09:00:24+00:00","og_image":[{"width":1961,"height":2560,"url":"https:\/\/www.colours.cz\/wp-content\/uploads\/2025\/06\/foto_Ondrej_Kralik-scaled.jpg","type":"image\/jpeg"}],"twitter_card":"summary_large_image","twitter_misc":{"Est. reading time":"2 minutes"},"schema":{"@context":"https:\/\/schema.org","@graph":[{"@type":"WebPage","@id":"https:\/\/www.colours.cz\/en\/ucinkujici\/ondrej-kralik\/","url":"https:\/\/www.colours.cz\/en\/ucinkujici\/ondrej-kralik\/","name":"Ond\u0159ej Kr\u00e1l\u00edk - Colours of Ostrava","isPartOf":{"@id":"https:\/\/www.colours.cz\/en\/#website"},"primaryImageOfPage":{"@id":"https:\/\/www.colours.cz\/en\/ucinkujici\/ondrej-kralik\/#primaryimage"},"image":{"@id":"https:\/\/www.colours.cz\/en\/ucinkujici\/ondrej-kralik\/#primaryimage"},"thumbnailUrl":"https:\/\/www.colours.cz\/wp-content\/uploads\/2025\/06\/foto_Ondrej_Kralik-scaled.jpg","datePublished":"2025-06-20T09:27:07+00:00","dateModified":"2025-06-24T09:00:24+00:00","breadcrumb":{"@id":"https:\/\/www.colours.cz\/en\/ucinkujici\/ondrej-kralik\/#breadcrumb"},"inLanguage":"en-US","potentialAction":[{"@type":"ReadAction","target":["https:\/\/www.colours.cz\/en\/ucinkujici\/ondrej-kralik\/"]}]},{"@type":"ImageObject","inLanguage":"en-US","@id":"https:\/\/www.colours.cz\/en\/ucinkujici\/ondrej-kralik\/#primaryimage","url":"https:\/\/www.colours.cz\/wp-content\/uploads\/2025\/06\/foto_Ondrej_Kralik-scaled.jpg","contentUrl":"https:\/\/www.colours.cz\/wp-content\/uploads\/2025\/06\/foto_Ondrej_Kralik-scaled.jpg","width":1961,"height":2560},{"@type":"BreadcrumbList","@id":"https:\/\/www.colours.cz\/en\/ucinkujici\/ondrej-kralik\/#breadcrumb","itemListElement":[{"@type":"ListItem","position":1,"name":"Dom\u016f","item":"https:\/\/www.colours.cz\/en\/"},{"@type":"ListItem","position":2,"name":"Ond\u0159ej Kr\u00e1l\u00edk"}]},{"@type":"WebSite","@id":"https:\/\/www.colours.cz\/en\/#website","url":"https:\/\/www.colours.cz\/en\/","name":"Colours of Ostrava","description":"","potentialAction":[{"@type":"SearchAction","target":{"@type":"EntryPoint","urlTemplate":"https:\/\/www.colours.cz\/en\/?s={search_term_string}"},"query-input":{"@type":"PropertyValueSpecification","valueRequired":true,"valueName":"search_term_string"}}],"inLanguage":"en-US"}]}},"program-params-interpret-block-order":"0","program-params-thumbnail-mobile-id":"","program-params-sign-language-available":"","program-params-timeline-description":"","program-tickets-not-included":"0","program-events-items-ids":[{"program-event-items-date-start":"","program-event-items-date-end":"","program-event-items-date-length":"0","program-event-items-place":""}],"program-spotify-iframe":"","program-spotify-position":"center","program-socials-facebook":"","program-socials-youtube":"","program-socials-spotify":"","program-socials-instagram":"","program-socials-threads":"","program-socials-tiktok":"","program-socials-linkedin":"","program-gallery-items-ids":[{"program-items-url":"","program-items-title":"","program-items-description":"","program-items-duration":"","program-items-image-id":""}],"program-discover-title":"","program-discover-show-in-modal":"","program-discover-items-ids":"","_links":{"self":[{"href":"https:\/\/www.colours.cz\/en\/wp-json\/wp\/v2\/program\/6780","targetHints":{"allow":["GET"]}}],"collection":[{"href":"https:\/\/www.colours.cz\/en\/wp-json\/wp\/v2\/program"}],"about":[{"href":"https:\/\/www.colours.cz\/en\/wp-json\/wp\/v2\/types\/program"}],"wp:featuredmedia":[{"embeddable":true,"href":"https:\/\/www.colours.cz\/en\/wp-json\/wp\/v2\/media\/6563"}],"wp:attachment":[{"href":"https:\/\/www.colours.cz\/en\/wp-json\/wp\/v2\/media?parent=6780"}],"wp:term":[{"taxonomy":"program-year","embeddable":true,"href":"https:\/\/www.colours.cz\/en\/wp-json\/wp\/v2\/program-year?post=6780"},{"taxonomy":"program-category","embeddable":true,"href":"https:\/\/www.colours.cz\/en\/wp-json\/wp\/v2\/program-category?post=6780"},{"taxonomy":"program-genre","embeddable":true,"href":"https:\/\/www.colours.cz\/en\/wp-json\/wp\/v2\/program-genre?post=6780"},{"taxonomy":"program-country","embeddable":true,"href":"https:\/\/www.colours.cz\/en\/wp-json\/wp\/v2\/program-country?post=6780"}],"curies":[{"name":"wp","href":"https:\/\/api.w.org\/{rel}","templated":true}]}}

Ondřej Králík

<p>After graduating from the Faculty of Business and Economics at Mendel University in 2010, he joined the Vysočina Regional Authority, where he gradually moved from the position of auditor to the Department of Education, Youth and Sports, which he has headed since 2021. He has spent practically his whole life playing amateur basketball in Jihlava, and currently enjoys renovating his family house in his free time.</p>



<p>Today, in addition to performing state administration tasks in the field of education, his professional focus is primarily on seeking opportunities to build schools that meet contemporary standards and are able to face current and future challenges. He is dedicated to developing schools as places where students feel comfortable and safe, and where they look forward to coming every day to pursue their interests across a wide spectrum.</p>



<h2 class="wp-block-heading">Featured</h2>



<ul class="wp-block-list">
<li>Thursday 17/7 from 14:30 : Who will light up Czechia? | ČEZ Global stage</li>
</ul>



<p></p>

<p>Head of the Department of Education, Youth and Sports at the Vysočina Region</p>

<!-- This site is optimized with the Yoast SEO plugin v25.3.1 - https://yoast.com/wordpress/plugins/seo/ -->
<title>Ondřej Králík - Colours of Ostrava</title>
<meta name="robots" content="index, follow, max-snippet:-1, max-image-preview:large, max-video-preview:-1" />
<link rel="canonical" href="https://www.colours.cz/en/ucinkujici/ondrej-kralik/" />
<meta property="og:locale" content="en_US" />
<meta property="og:type" content="article" />
<meta property="og:title" content="Ondřej Králík - Colours of Ostrava" />
<meta property="og:description" content="Head of the Department of Education, Youth and Sports at the Vysočina Region" />
<meta property="og:url" content="https://www.colours.cz/en/ucinkujici/ondrej-kralik/" />
<meta property="og:site_name" content="Colours of Ostrava" />
<meta property="article:modified_time" content="2025-06-24T09:00:24+00:00" />
<meta property="og:image" content="https://www.colours.cz/wp-content/uploads/2025/06/foto_Ondrej_Kralik-scaled.jpg" />
	<meta property="og:image:width" content="1961" />
	<meta property="og:image:height" content="2560" />
	<meta property="og:image:type" content="image/jpeg" />
<meta name="twitter:card" content="summary_large_image" />
<meta name="twitter:label1" content="Est. reading time" />
	<meta name="twitter:data1" content="2 minutes" />
<!-- / Yoast SEO plugin. -->

Ondřej Králík - Colours of Ostrava

Head of the Department of Education, Youth and Sports at the Vysočina Region

Domů
