{"id":6459,"date":"2025-06-19T10:42:36","date_gmt":"2025-06-19T08:42:36","guid":{"rendered":"https:\/\/www.colours.cz\/?post_type=program&#038;p=6459"},"modified":"2025-07-03T09:26:42","modified_gmt":"2025-07-03T07:26:42","slug":"oskar-hes-bez-scenare","status":"publish","type":"program","link":"https:\/\/www.colours.cz\/en\/ucinkujici\/oskar-hes-bez-scenare\/","title":{"rendered":"Oskar Hes without a script"},"content":{"rendered":"\n<p>Viewers know him from award-winning films (Dukla 61, Z\u00e1topek, Kr\u00e1l \u0160umava, Brat\u0159i, Z\u00e1pisn\u00edk alkoho\u010dky) and popular series (Iveta, Krimin\u00e1lka And\u011bl, R\u00e9dl, Pustina). He has collaborated with leading Czech directors and his popularity skyrocketed after winning StarDance, where he impressed with his musicality, movement talent and creativity.<\/p>\n\n\n\n<p>Oskar Hes owes his artistic talent to his family background and has been dancing and creating since childhood. In the unscripted talk show, he will offer an open look behind the scenes of the acting and dance professions, share his experiences from filming and television competitions and talk about what inspires him most on his journey.<\/p>\n\n\n\n<p>Speaker: Oskar Hes <\/p>\n\n\n\n<p>Moderator: Zdravko Krstanov<\/p>\n\n\n\n<p><\/p>\n","protected":false},"excerpt":{"rendered":"<p>Oskar Hes has been one of the most prominent talents of the young acting generation for ten years. His success is no coincidence &#8211; behind each role lies honest preparation, determination and extraordinary enthusiasm.<\/p>\n","protected":false},"featured_media":5822,"menu_order":0,"template":"","meta":[],"program-year":[119],"program-category":[427],"program-genre":[],"program-country":[],"class_list":["post-6459","program","type-program","status-publish","has-post-thumbnail","hentry","program-category-meltingpot-programme"],"yoast_head":"<!-- This site is optimized with the Yoast SEO plugin v25.3.1 - https:\/\/yoast.com\/wordpress\/plugins\/seo\/ -->\n<title>Oskar Hes without a script - Colours of Ostrava<\/title>\n<meta name=\"robots\" content=\"index, follow, max-snippet:-1, max-image-preview:large, max-video-preview:-1\" \/>\n<link rel=\"canonical\" href=\"https:\/\/www.colours.cz\/en\/ucinkujici\/oskar-hes-bez-scenare\/\" \/>\n<meta property=\"og:locale\" content=\"en_US\" \/>\n<meta property=\"og:type\" content=\"article\" \/>\n<meta property=\"og:title\" content=\"Oskar Hes without a script - Colours of Ostrava\" \/>\n<meta property=\"og:description\" content=\"Oskar Hes has been one of the most prominent talents of the young acting generation for ten years. His success is no coincidence - behind each role lies honest preparation, determination and extraordinary enthusiasm.\" \/>\n<meta property=\"og:url\" content=\"https:\/\/www.colours.cz\/en\/ucinkujici\/oskar-hes-bez-scenare\/\" \/>\n<meta property=\"og:site_name\" content=\"Colours of Ostrava\" \/>\n<meta property=\"article:modified_time\" content=\"2025-07-03T07:26:42+00:00\" \/>\n<meta property=\"og:image\" content=\"https:\/\/www.colours.cz\/wp-content\/uploads\/2025\/06\/melt_divaci_blur-scaled.jpg\" \/>\n\t<meta property=\"og:image:width\" content=\"2560\" \/>\n\t<meta property=\"og:image:height\" content=\"1398\" \/>\n\t<meta property=\"og:image:type\" content=\"image\/jpeg\" \/>\n<meta name=\"twitter:card\" content=\"summary_large_image\" \/>\n<meta name=\"twitter:label1\" content=\"Est. reading time\" \/>\n\t<meta name=\"twitter:data1\" content=\"1 minute\" \/>\n<!-- \/ Yoast SEO plugin. -->","yoast_head_json":{"title":"Oskar Hes without a script - Colours of Ostrava","robots":{"index":"index","follow":"follow","max-snippet":"max-snippet:-1","max-image-preview":"max-image-preview:large","max-video-preview":"max-video-preview:-1"},"canonical":"https:\/\/www.colours.cz\/en\/ucinkujici\/oskar-hes-bez-scenare\/","og_locale":"en_US","og_type":"article","og_title":"Oskar Hes without a script - Colours of Ostrava","og_description":"Oskar Hes has been one of the most prominent talents of the young acting generation for ten years. His success is no coincidence - behind each role lies honest preparation, determination and extraordinary enthusiasm.","og_url":"https:\/\/www.colours.cz\/en\/ucinkujici\/oskar-hes-bez-scenare\/","og_site_name":"Colours of Ostrava","article_modified_time":"2025-07-03T07:26:42+00:00","og_image":[{"width":2560,"height":1398,"url":"https:\/\/www.colours.cz\/wp-content\/uploads\/2025\/06\/melt_divaci_blur-scaled.jpg","type":"image\/jpeg"}],"twitter_card":"summary_large_image","twitter_misc":{"Est. reading time":"1 minute"},"schema":{"@context":"https:\/\/schema.org","@graph":[{"@type":"WebPage","@id":"https:\/\/www.colours.cz\/en\/ucinkujici\/oskar-hes-bez-scenare\/","url":"https:\/\/www.colours.cz\/en\/ucinkujici\/oskar-hes-bez-scenare\/","name":"Oskar Hes without a script - Colours of Ostrava","isPartOf":{"@id":"https:\/\/www.colours.cz\/en\/#website"},"primaryImageOfPage":{"@id":"https:\/\/www.colours.cz\/en\/ucinkujici\/oskar-hes-bez-scenare\/#primaryimage"},"image":{"@id":"https:\/\/www.colours.cz\/en\/ucinkujici\/oskar-hes-bez-scenare\/#primaryimage"},"thumbnailUrl":"https:\/\/www.colours.cz\/wp-content\/uploads\/2025\/06\/melt_divaci_blur-scaled.jpg","datePublished":"2025-06-19T08:42:36+00:00","dateModified":"2025-07-03T07:26:42+00:00","breadcrumb":{"@id":"https:\/\/www.colours.cz\/en\/ucinkujici\/oskar-hes-bez-scenare\/#breadcrumb"},"inLanguage":"en-US","potentialAction":[{"@type":"ReadAction","target":["https:\/\/www.colours.cz\/en\/ucinkujici\/oskar-hes-bez-scenare\/"]}]},{"@type":"ImageObject","inLanguage":"en-US","@id":"https:\/\/www.colours.cz\/en\/ucinkujici\/oskar-hes-bez-scenare\/#primaryimage","url":"https:\/\/www.colours.cz\/wp-content\/uploads\/2025\/06\/melt_divaci_blur-scaled.jpg","contentUrl":"https:\/\/www.colours.cz\/wp-content\/uploads\/2025\/06\/melt_divaci_blur-scaled.jpg","width":2560,"height":1398},{"@type":"BreadcrumbList","@id":"https:\/\/www.colours.cz\/en\/ucinkujici\/oskar-hes-bez-scenare\/#breadcrumb","itemListElement":[{"@type":"ListItem","position":1,"name":"Dom\u016f","item":"https:\/\/www.colours.cz\/en\/"},{"@type":"ListItem","position":2,"name":"Oskar Hes without a script"}]},{"@type":"WebSite","@id":"https:\/\/www.colours.cz\/en\/#website","url":"https:\/\/www.colours.cz\/en\/","name":"Colours of Ostrava","description":"","potentialAction":[{"@type":"SearchAction","target":{"@type":"EntryPoint","urlTemplate":"https:\/\/www.colours.cz\/en\/?s={search_term_string}"},"query-input":{"@type":"PropertyValueSpecification","valueRequired":true,"valueName":"search_term_string"}}],"inLanguage":"en-US"}]}},"program-params-interpret-block-order":"0","program-params-thumbnail-mobile-id":"","program-params-sign-language-available":"0","program-params-timeline-description":"","program-tickets-not-included":"0","program-events-items-ids":[{"program-event-items-date-start":"18.07.2025 15:55","program-event-items-date-end":"18.07.2025 16:15","program-event-items-date-length":"20","program-event-items-place":"6529"}],"program-spotify-iframe":"","program-spotify-position":"center","program-socials-facebook":"","program-socials-youtube":"","program-socials-spotify":"","program-socials-instagram":"","program-socials-threads":"","program-socials-tiktok":"","program-socials-linkedin":"","program-gallery-items-ids":[{"program-items-url":"","program-items-title":"","program-items-description":"","program-items-duration":"","program-items-image-id":""}],"program-discover-title":"","program-discover-show-in-modal":"0","program-discover-items-ids":"","_links":{"self":[{"href":"https:\/\/www.colours.cz\/en\/wp-json\/wp\/v2\/program\/6459","targetHints":{"allow":["GET"]}}],"collection":[{"href":"https:\/\/www.colours.cz\/en\/wp-json\/wp\/v2\/program"}],"about":[{"href":"https:\/\/www.colours.cz\/en\/wp-json\/wp\/v2\/types\/program"}],"wp:featuredmedia":[{"embeddable":true,"href":"https:\/\/www.colours.cz\/en\/wp-json\/wp\/v2\/media\/5822"}],"wp:attachment":[{"href":"https:\/\/www.colours.cz\/en\/wp-json\/wp\/v2\/media?parent=6459"}],"wp:term":[{"taxonomy":"program-year","embeddable":true,"href":"https:\/\/www.colours.cz\/en\/wp-json\/wp\/v2\/program-year?post=6459"},{"taxonomy":"program-category","embeddable":true,"href":"https:\/\/www.colours.cz\/en\/wp-json\/wp\/v2\/program-category?post=6459"},{"taxonomy":"program-genre","embeddable":true,"href":"https:\/\/www.colours.cz\/en\/wp-json\/wp\/v2\/program-genre?post=6459"},{"taxonomy":"program-country","embeddable":true,"href":"https:\/\/www.colours.cz\/en\/wp-json\/wp\/v2\/program-country?post=6459"}],"curies":[{"name":"wp","href":"https:\/\/api.w.org\/{rel}","templated":true}]}}

<p>Viewers know him from award-winning films (Dukla 61, Zátopek, Král Šumava, Bratři, Zápisník alkohočky) and popular series (Iveta, Kriminálka Anděl, Rédl, Pustina). He has collaborated with leading Czech directors and his popularity skyrocketed after winning StarDance, where he impressed with his musicality, movement talent and creativity.</p>



<p>Oskar Hes owes his artistic talent to his family background and has been dancing and creating since childhood. In the unscripted talk show, he will offer an open look behind the scenes of the acting and dance professions, share his experiences from filming and television competitions and talk about what inspires him most on his journey.</p>



<p>Speaker: Oskar Hes </p>



<p>Moderator: Zdravko Krstanov</p>



<p></p>

Domů
