{"id":6181,"date":"2025-06-16T15:08:13","date_gmt":"2025-06-16T13:08:13","guid":{"rendered":"https:\/\/www.colours.cz\/?post_type=program&#038;p=6181"},"modified":"2025-07-07T18:38:45","modified_gmt":"2025-07-07T16:38:45","slug":"workshop-seeing-the-invisible-detector-in-a-cloud","status":"publish","type":"program","link":"https:\/\/www.colours.cz\/en\/ucinkujici\/workshop-seeing-the-invisible-detector-in-a-cloud\/","title":{"rendered":"Workshop: seeing the invisible: detector in a cloud"},"content":{"rendered":"\n<p>Speakers: Jaroslav Biel\u010d\u00edk, Al\u017eb\u011bta Kozlov\u00e1<\/p>\n","protected":false},"excerpt":{"rendered":"<p>You will not believe what you see when you build your own detector from clouds. Cloud chamber is one of the simplest but most striking detectors of radioactive radiation. Come and build your own and you will be astonished what you will see in it.<\/p>\n","protected":false},"featured_media":5822,"menu_order":0,"template":"","meta":[],"program-year":[119],"program-category":[426,427],"program-genre":[],"program-country":[],"class_list":["post-6181","program","type-program","status-publish","has-post-thumbnail","hentry","program-category-meltingpot-program","program-category-meltingpot-programme"],"yoast_head":"<!-- This site is optimized with the Yoast SEO plugin v25.3.1 - https:\/\/yoast.com\/wordpress\/plugins\/seo\/ -->\n<title>Workshop: seeing the invisible: detector in a cloud - Colours of Ostrava<\/title>\n<meta name=\"robots\" content=\"index, follow, max-snippet:-1, max-image-preview:large, max-video-preview:-1\" \/>\n<link rel=\"canonical\" href=\"https:\/\/www.colours.cz\/en\/ucinkujici\/workshop-seeing-the-invisible-detector-in-a-cloud\/\" \/>\n<meta property=\"og:locale\" content=\"en_US\" \/>\n<meta property=\"og:type\" content=\"article\" \/>\n<meta property=\"og:title\" content=\"Workshop: seeing the invisible: detector in a cloud - Colours of Ostrava\" \/>\n<meta property=\"og:description\" content=\"You will not believe what you see when you build your own detector from clouds. Cloud chamber is one of the simplest but most striking detectors of radioactive radiation. Come and build your own and you will be astonished what you will see in it.\" \/>\n<meta property=\"og:url\" content=\"https:\/\/www.colours.cz\/en\/ucinkujici\/workshop-seeing-the-invisible-detector-in-a-cloud\/\" \/>\n<meta property=\"og:site_name\" content=\"Colours of Ostrava\" \/>\n<meta property=\"article:modified_time\" content=\"2025-07-07T16:38:45+00:00\" \/>\n<meta property=\"og:image\" content=\"https:\/\/www.colours.cz\/wp-content\/uploads\/2025\/06\/melt_divaci_blur-scaled.jpg\" \/>\n\t<meta property=\"og:image:width\" content=\"2560\" \/>\n\t<meta property=\"og:image:height\" content=\"1398\" \/>\n\t<meta property=\"og:image:type\" content=\"image\/jpeg\" \/>\n<meta name=\"twitter:card\" content=\"summary_large_image\" \/>\n<meta name=\"twitter:label1\" content=\"Est. reading time\" \/>\n\t<meta name=\"twitter:data1\" content=\"1 minute\" \/>\n<!-- \/ Yoast SEO plugin. -->","yoast_head_json":{"title":"Workshop: seeing the invisible: detector in a cloud - Colours of Ostrava","robots":{"index":"index","follow":"follow","max-snippet":"max-snippet:-1","max-image-preview":"max-image-preview:large","max-video-preview":"max-video-preview:-1"},"canonical":"https:\/\/www.colours.cz\/en\/ucinkujici\/workshop-seeing-the-invisible-detector-in-a-cloud\/","og_locale":"en_US","og_type":"article","og_title":"Workshop: seeing the invisible: detector in a cloud - Colours of Ostrava","og_description":"You will not believe what you see when you build your own detector from clouds. Cloud chamber is one of the simplest but most striking detectors of radioactive radiation. Come and build your own and you will be astonished what you will see in it.","og_url":"https:\/\/www.colours.cz\/en\/ucinkujici\/workshop-seeing-the-invisible-detector-in-a-cloud\/","og_site_name":"Colours of Ostrava","article_modified_time":"2025-07-07T16:38:45+00:00","og_image":[{"width":2560,"height":1398,"url":"https:\/\/www.colours.cz\/wp-content\/uploads\/2025\/06\/melt_divaci_blur-scaled.jpg","type":"image\/jpeg"}],"twitter_card":"summary_large_image","twitter_misc":{"Est. reading time":"1 minute"},"schema":{"@context":"https:\/\/schema.org","@graph":[{"@type":"WebPage","@id":"https:\/\/www.colours.cz\/en\/ucinkujici\/workshop-seeing-the-invisible-detector-in-a-cloud\/","url":"https:\/\/www.colours.cz\/en\/ucinkujici\/workshop-seeing-the-invisible-detector-in-a-cloud\/","name":"Workshop: seeing the invisible: detector in a cloud - Colours of Ostrava","isPartOf":{"@id":"https:\/\/www.colours.cz\/en\/#website"},"primaryImageOfPage":{"@id":"https:\/\/www.colours.cz\/en\/ucinkujici\/workshop-seeing-the-invisible-detector-in-a-cloud\/#primaryimage"},"image":{"@id":"https:\/\/www.colours.cz\/en\/ucinkujici\/workshop-seeing-the-invisible-detector-in-a-cloud\/#primaryimage"},"thumbnailUrl":"https:\/\/www.colours.cz\/wp-content\/uploads\/2025\/06\/melt_divaci_blur-scaled.jpg","datePublished":"2025-06-16T13:08:13+00:00","dateModified":"2025-07-07T16:38:45+00:00","breadcrumb":{"@id":"https:\/\/www.colours.cz\/en\/ucinkujici\/workshop-seeing-the-invisible-detector-in-a-cloud\/#breadcrumb"},"inLanguage":"en-US","potentialAction":[{"@type":"ReadAction","target":["https:\/\/www.colours.cz\/en\/ucinkujici\/workshop-seeing-the-invisible-detector-in-a-cloud\/"]}]},{"@type":"ImageObject","inLanguage":"en-US","@id":"https:\/\/www.colours.cz\/en\/ucinkujici\/workshop-seeing-the-invisible-detector-in-a-cloud\/#primaryimage","url":"https:\/\/www.colours.cz\/wp-content\/uploads\/2025\/06\/melt_divaci_blur-scaled.jpg","contentUrl":"https:\/\/www.colours.cz\/wp-content\/uploads\/2025\/06\/melt_divaci_blur-scaled.jpg","width":2560,"height":1398},{"@type":"BreadcrumbList","@id":"https:\/\/www.colours.cz\/en\/ucinkujici\/workshop-seeing-the-invisible-detector-in-a-cloud\/#breadcrumb","itemListElement":[{"@type":"ListItem","position":1,"name":"Dom\u016f","item":"https:\/\/www.colours.cz\/en\/"},{"@type":"ListItem","position":2,"name":"Workshop: seeing the invisible: detector in a cloud"}]},{"@type":"WebSite","@id":"https:\/\/www.colours.cz\/en\/#website","url":"https:\/\/www.colours.cz\/en\/","name":"Colours of Ostrava","description":"","potentialAction":[{"@type":"SearchAction","target":{"@type":"EntryPoint","urlTemplate":"https:\/\/www.colours.cz\/en\/?s={search_term_string}"},"query-input":{"@type":"PropertyValueSpecification","valueRequired":true,"valueName":"search_term_string"}}],"inLanguage":"en-US"}]}},"program-params-interpret-block-order":"0","program-params-thumbnail-mobile-id":"","program-params-sign-language-available":"0","program-params-timeline-description":"","program-tickets-not-included":"0","program-events-items-ids":[{"program-event-items-date-start":"17.07.2025 13:00","program-event-items-date-end":"17.07.2025 13:45","program-event-items-date-length":"45","program-event-items-place":"6555"}],"program-spotify-iframe":"","program-spotify-position":"center","program-socials-facebook":"","program-socials-youtube":"","program-socials-spotify":"","program-socials-instagram":"","program-socials-threads":"","program-socials-tiktok":"","program-socials-linkedin":"","program-gallery-items-ids":[{"program-items-url":"","program-items-title":"","program-items-description":"","program-items-duration":"","program-items-image-id":""}],"program-discover-title":"Speakers","program-discover-show-in-modal":"1","program-discover-items-ids":["6862"],"_links":{"self":[{"href":"https:\/\/www.colours.cz\/en\/wp-json\/wp\/v2\/program\/6181","targetHints":{"allow":["GET"]}}],"collection":[{"href":"https:\/\/www.colours.cz\/en\/wp-json\/wp\/v2\/program"}],"about":[{"href":"https:\/\/www.colours.cz\/en\/wp-json\/wp\/v2\/types\/program"}],"wp:featuredmedia":[{"embeddable":true,"href":"https:\/\/www.colours.cz\/en\/wp-json\/wp\/v2\/media\/5822"}],"wp:attachment":[{"href":"https:\/\/www.colours.cz\/en\/wp-json\/wp\/v2\/media?parent=6181"}],"wp:term":[{"taxonomy":"program-year","embeddable":true,"href":"https:\/\/www.colours.cz\/en\/wp-json\/wp\/v2\/program-year?post=6181"},{"taxonomy":"program-category","embeddable":true,"href":"https:\/\/www.colours.cz\/en\/wp-json\/wp\/v2\/program-category?post=6181"},{"taxonomy":"program-genre","embeddable":true,"href":"https:\/\/www.colours.cz\/en\/wp-json\/wp\/v2\/program-genre?post=6181"},{"taxonomy":"program-country","embeddable":true,"href":"https:\/\/www.colours.cz\/en\/wp-json\/wp\/v2\/program-country?post=6181"}],"curies":[{"name":"wp","href":"https:\/\/api.w.org\/{rel}","templated":true}]}}

<p>Speakers: Jaroslav Bielčík, Alžběta Kozlová</p>

Domů
