{"id":6032,"date":"2025-06-14T21:27:59","date_gmt":"2025-06-14T19:27:59","guid":{"rendered":"https:\/\/www.colours.cz\/?post_type=program&#038;p=6032"},"modified":"2025-07-02T19:48:15","modified_gmt":"2025-07-02T17:48:15","slug":"me-as-a-brand-the-athlete-in-the-digital-age","status":"publish","type":"program","link":"https:\/\/www.colours.cz\/en\/ucinkujici\/me-as-a-brand-the-athlete-in-the-digital-age\/","title":{"rendered":"Me as a brand: the athlete in the digital age"},"content":{"rendered":"\n<p>Talk in Czech only, no English interpreting provided.<\/p>\n\n\n\n<p><\/p>\n\n\n\n<p>speakers:<\/p>\n\n\n\n<ul class=\"wp-block-list\">\n<li>Maxim Habanec <\/li>\n\n\n\n<li>Antonie Galu\u0161kov\u00e1 <\/li>\n<\/ul>\n\n\n\n<p>moderator:<\/p>\n\n\n\n<ul class=\"wp-block-list\">\n<li><a href=\"https:\/\/www.colours.cz\/en\/ucinkujici\/vojtech-tkac\/\">Vojt\u011bch Tk\u00e1\u010d<\/a><\/li>\n<\/ul>\n\n\n\n<p><\/p>\n","protected":false},"excerpt":{"rendered":"<p>What does it mean to be an athlete when likes and personal branding matter almost as much as performance? Maxim Habanec, Czech skateboarding icon, and Antonie Galu\u0161kov\u00e1, rising water slalom star, share how they balance sport, personal life, and digital presence in today\u2019s world. Join this inspiring debate, proudly supported by Orlen, and discover what it takes to stay authentic with thousands of eyes watching.<\/p>\n","protected":false},"featured_media":5822,"menu_order":0,"template":"","meta":[],"program-year":[29,119],"program-category":[426,427],"program-genre":[],"program-country":[],"class_list":["post-6032","program","type-program","status-publish","has-post-thumbnail","hentry","program-category-meltingpot-program","program-category-meltingpot-programme"],"yoast_head":"<!-- This site is optimized with the Yoast SEO plugin v25.3.1 - https:\/\/yoast.com\/wordpress\/plugins\/seo\/ -->\n<title>Me as a brand: the athlete in the digital age - Colours of Ostrava<\/title>\n<meta name=\"robots\" content=\"index, follow, max-snippet:-1, max-image-preview:large, max-video-preview:-1\" \/>\n<link rel=\"canonical\" href=\"https:\/\/www.colours.cz\/en\/ucinkujici\/me-as-a-brand-the-athlete-in-the-digital-age\/\" \/>\n<meta property=\"og:locale\" content=\"en_US\" \/>\n<meta property=\"og:type\" content=\"article\" \/>\n<meta property=\"og:title\" content=\"Me as a brand: the athlete in the digital age - Colours of Ostrava\" \/>\n<meta property=\"og:description\" content=\"What does it mean to be an athlete when likes and personal branding matter almost as much as performance? Maxim Habanec, Czech skateboarding icon, and Antonie Galu\u0161kov\u00e1, rising water slalom star, share how they balance sport, personal life, and digital presence in today\u2019s world. Join this inspiring debate, proudly supported by Orlen, and discover what it takes to stay authentic with thousands of eyes watching.\" \/>\n<meta property=\"og:url\" content=\"https:\/\/www.colours.cz\/en\/ucinkujici\/me-as-a-brand-the-athlete-in-the-digital-age\/\" \/>\n<meta property=\"og:site_name\" content=\"Colours of Ostrava\" \/>\n<meta property=\"article:modified_time\" content=\"2025-07-02T17:48:15+00:00\" \/>\n<meta property=\"og:image\" content=\"https:\/\/www.colours.cz\/wp-content\/uploads\/2025\/06\/melt_divaci_blur-scaled.jpg\" \/>\n\t<meta property=\"og:image:width\" content=\"2560\" \/>\n\t<meta property=\"og:image:height\" content=\"1398\" \/>\n\t<meta property=\"og:image:type\" content=\"image\/jpeg\" \/>\n<meta name=\"twitter:card\" content=\"summary_large_image\" \/>\n<meta name=\"twitter:label1\" content=\"Est. reading time\" \/>\n\t<meta name=\"twitter:data1\" content=\"1 minute\" \/>\n<!-- \/ Yoast SEO plugin. -->","yoast_head_json":{"title":"Me as a brand: the athlete in the digital age - Colours of Ostrava","robots":{"index":"index","follow":"follow","max-snippet":"max-snippet:-1","max-image-preview":"max-image-preview:large","max-video-preview":"max-video-preview:-1"},"canonical":"https:\/\/www.colours.cz\/en\/ucinkujici\/me-as-a-brand-the-athlete-in-the-digital-age\/","og_locale":"en_US","og_type":"article","og_title":"Me as a brand: the athlete in the digital age - Colours of Ostrava","og_description":"What does it mean to be an athlete when likes and personal branding matter almost as much as performance? Maxim Habanec, Czech skateboarding icon, and Antonie Galu\u0161kov\u00e1, rising water slalom star, share how they balance sport, personal life, and digital presence in today\u2019s world. Join this inspiring debate, proudly supported by Orlen, and discover what it takes to stay authentic with thousands of eyes watching.","og_url":"https:\/\/www.colours.cz\/en\/ucinkujici\/me-as-a-brand-the-athlete-in-the-digital-age\/","og_site_name":"Colours of Ostrava","article_modified_time":"2025-07-02T17:48:15+00:00","og_image":[{"width":2560,"height":1398,"url":"https:\/\/www.colours.cz\/wp-content\/uploads\/2025\/06\/melt_divaci_blur-scaled.jpg","type":"image\/jpeg"}],"twitter_card":"summary_large_image","twitter_misc":{"Est. reading time":"1 minute"},"schema":{"@context":"https:\/\/schema.org","@graph":[{"@type":"WebPage","@id":"https:\/\/www.colours.cz\/en\/ucinkujici\/me-as-a-brand-the-athlete-in-the-digital-age\/","url":"https:\/\/www.colours.cz\/en\/ucinkujici\/me-as-a-brand-the-athlete-in-the-digital-age\/","name":"Me as a brand: the athlete in the digital age - Colours of Ostrava","isPartOf":{"@id":"https:\/\/www.colours.cz\/en\/#website"},"primaryImageOfPage":{"@id":"https:\/\/www.colours.cz\/en\/ucinkujici\/me-as-a-brand-the-athlete-in-the-digital-age\/#primaryimage"},"image":{"@id":"https:\/\/www.colours.cz\/en\/ucinkujici\/me-as-a-brand-the-athlete-in-the-digital-age\/#primaryimage"},"thumbnailUrl":"https:\/\/www.colours.cz\/wp-content\/uploads\/2025\/06\/melt_divaci_blur-scaled.jpg","datePublished":"2025-06-14T19:27:59+00:00","dateModified":"2025-07-02T17:48:15+00:00","breadcrumb":{"@id":"https:\/\/www.colours.cz\/en\/ucinkujici\/me-as-a-brand-the-athlete-in-the-digital-age\/#breadcrumb"},"inLanguage":"en-US","potentialAction":[{"@type":"ReadAction","target":["https:\/\/www.colours.cz\/en\/ucinkujici\/me-as-a-brand-the-athlete-in-the-digital-age\/"]}]},{"@type":"ImageObject","inLanguage":"en-US","@id":"https:\/\/www.colours.cz\/en\/ucinkujici\/me-as-a-brand-the-athlete-in-the-digital-age\/#primaryimage","url":"https:\/\/www.colours.cz\/wp-content\/uploads\/2025\/06\/melt_divaci_blur-scaled.jpg","contentUrl":"https:\/\/www.colours.cz\/wp-content\/uploads\/2025\/06\/melt_divaci_blur-scaled.jpg","width":2560,"height":1398},{"@type":"BreadcrumbList","@id":"https:\/\/www.colours.cz\/en\/ucinkujici\/me-as-a-brand-the-athlete-in-the-digital-age\/#breadcrumb","itemListElement":[{"@type":"ListItem","position":1,"name":"Dom\u016f","item":"https:\/\/www.colours.cz\/en\/"},{"@type":"ListItem","position":2,"name":"Me as a brand: the athlete in the digital age"}]},{"@type":"WebSite","@id":"https:\/\/www.colours.cz\/en\/#website","url":"https:\/\/www.colours.cz\/en\/","name":"Colours of Ostrava","description":"","potentialAction":[{"@type":"SearchAction","target":{"@type":"EntryPoint","urlTemplate":"https:\/\/www.colours.cz\/en\/?s={search_term_string}"},"query-input":{"@type":"PropertyValueSpecification","valueRequired":true,"valueName":"search_term_string"}}],"inLanguage":"en-US"}]}},"program-params-interpret-block-order":"0","program-params-thumbnail-mobile-id":"","program-params-sign-language-available":"0","program-params-timeline-description":"","program-tickets-not-included":"0","program-events-items-ids":[{"program-event-items-date-start":"17.07.2025 18:30","program-event-items-date-end":"17.07.2025 19:30","program-event-items-date-length":"60","program-event-items-place":"6541"}],"program-spotify-iframe":"","program-spotify-position":"center","program-socials-facebook":"","program-socials-youtube":"","program-socials-spotify":"","program-socials-instagram":"","program-socials-threads":"","program-socials-tiktok":"","program-socials-linkedin":"","program-gallery-items-ids":[{"program-items-url":"","program-items-title":"","program-items-description":"","program-items-duration":"","program-items-image-id":""}],"program-discover-title":"Speakers","program-discover-show-in-modal":"1","program-discover-items-ids":["6790","5599"],"_links":{"self":[{"href":"https:\/\/www.colours.cz\/en\/wp-json\/wp\/v2\/program\/6032","targetHints":{"allow":["GET"]}}],"collection":[{"href":"https:\/\/www.colours.cz\/en\/wp-json\/wp\/v2\/program"}],"about":[{"href":"https:\/\/www.colours.cz\/en\/wp-json\/wp\/v2\/types\/program"}],"wp:featuredmedia":[{"embeddable":true,"href":"https:\/\/www.colours.cz\/en\/wp-json\/wp\/v2\/media\/5822"}],"wp:attachment":[{"href":"https:\/\/www.colours.cz\/en\/wp-json\/wp\/v2\/media?parent=6032"}],"wp:term":[{"taxonomy":"program-year","embeddable":true,"href":"https:\/\/www.colours.cz\/en\/wp-json\/wp\/v2\/program-year?post=6032"},{"taxonomy":"program-category","embeddable":true,"href":"https:\/\/www.colours.cz\/en\/wp-json\/wp\/v2\/program-category?post=6032"},{"taxonomy":"program-genre","embeddable":true,"href":"https:\/\/www.colours.cz\/en\/wp-json\/wp\/v2\/program-genre?post=6032"},{"taxonomy":"program-country","embeddable":true,"href":"https:\/\/www.colours.cz\/en\/wp-json\/wp\/v2\/program-country?post=6032"}],"curies":[{"name":"wp","href":"https:\/\/api.w.org\/{rel}","templated":true}]}}

<p>Talk in Czech only, no English interpreting provided.</p>



<p></p>



<p>speakers:</p>



<ul class="wp-block-list">
<li>Maxim Habanec </li>



<li>Antonie Galušková </li>
</ul>



<p>moderator:</p>



<ul class="wp-block-list">
<li><a href="https://www.colours.cz/en/ucinkujici/vojtech-tkac/">Vojtěch Tkáč</a></li>
</ul>



<p></p>

<p>What does it mean to be an athlete when likes and personal branding matter almost as much as performance? Maxim Habanec, Czech skateboarding icon, and Antonie Galušková, rising water slalom star, share how they balance sport, personal life, and digital presence in today’s world. Join this inspiring debate, proudly supported by Orlen, and discover what it takes to stay authentic with thousands of eyes watching.</p>

<!-- This site is optimized with the Yoast SEO plugin v25.3.1 - https://yoast.com/wordpress/plugins/seo/ -->
<title>Me as a brand: the athlete in the digital age - Colours of Ostrava</title>
<meta name="robots" content="index, follow, max-snippet:-1, max-image-preview:large, max-video-preview:-1" />
<link rel="canonical" href="https://www.colours.cz/en/ucinkujici/me-as-a-brand-the-athlete-in-the-digital-age/" />
<meta property="og:locale" content="en_US" />
<meta property="og:type" content="article" />
<meta property="og:title" content="Me as a brand: the athlete in the digital age - Colours of Ostrava" />
<meta property="og:description" content="What does it mean to be an athlete when likes and personal branding matter almost as much as performance? Maxim Habanec, Czech skateboarding icon, and Antonie Galušková, rising water slalom star, share how they balance sport, personal life, and digital presence in today’s world. Join this inspiring debate, proudly supported by Orlen, and discover what it takes to stay authentic with thousands of eyes watching." />
<meta property="og:url" content="https://www.colours.cz/en/ucinkujici/me-as-a-brand-the-athlete-in-the-digital-age/" />
<meta property="og:site_name" content="Colours of Ostrava" />
<meta property="article:modified_time" content="2025-07-02T17:48:15+00:00" />
<meta property="og:image" content="https://www.colours.cz/wp-content/uploads/2025/06/melt_divaci_blur-scaled.jpg" />
	<meta property="og:image:width" content="2560" />
	<meta property="og:image:height" content="1398" />
	<meta property="og:image:type" content="image/jpeg" />
<meta name="twitter:card" content="summary_large_image" />
<meta name="twitter:label1" content="Est. reading time" />
	<meta name="twitter:data1" content="1 minute" />
<!-- / Yoast SEO plugin. -->

What does it mean to be an athlete when likes and personal branding matter almost as much as performance? Maxim Habanec, Czech skateboarding icon, and Antonie Galušková, rising water slalom star, share how they balance sport, personal life, and digital presence in today’s world. Join this inspiring debate, proudly supported by Orlen, and discover what it takes to stay authentic with thousands of eyes watching.

Domů
