{"id":6002,"date":"2025-06-14T15:06:01","date_gmt":"2025-06-14T13:06:01","guid":{"rendered":"https:\/\/www.colours.cz\/?post_type=program&#038;p=6002"},"modified":"2025-07-03T10:43:12","modified_gmt":"2025-07-03T08:43:12","slug":"there-is-plenty-of-water-really","status":"publish","type":"program","link":"https:\/\/www.colours.cz\/en\/ucinkujici\/there-is-plenty-of-water-really\/","title":{"rendered":"There is plenty of water. Really?"},"content":{"rendered":"\n<p>Radegast Brewery has been active in the field of water conservation for a long time, setting an example and trying to inspire others, implementing projects aimed at water retention in the landscape or supporting successful and functioning projects of others.<\/p>\n\n\n\n<p>speakers: <\/p>\n\n\n\n<ul class=\"wp-block-list\">\n<li>Tom\u00e1\u0161 \u0158eha <\/li>\n\n\n\n<li>Libor Ansorge <\/li>\n<\/ul>\n\n\n\n<p>moderator:<\/p>\n\n\n\n<ul class=\"wp-block-list\">\n<li>Jakub Zaoral<\/li>\n<\/ul>\n","protected":false},"excerpt":{"rendered":"<p>Water retention in the landscape, water conservation, drought, water scarcity, and water waste are topics that have started to affect all of our lives in recent years. How can we deal with this and what can we do about it? <\/p>\n","protected":false},"featured_media":5822,"menu_order":0,"template":"","meta":[],"program-year":[29,119],"program-category":[426,427],"program-genre":[],"program-country":[],"class_list":["post-6002","program","type-program","status-publish","has-post-thumbnail","hentry","program-category-meltingpot-program","program-category-meltingpot-programme"],"yoast_head":"<!-- This site is optimized with the Yoast SEO plugin v25.3.1 - https:\/\/yoast.com\/wordpress\/plugins\/seo\/ -->\n<title>There is plenty of water. Really? - Colours of Ostrava<\/title>\n<meta name=\"robots\" content=\"index, follow, max-snippet:-1, max-image-preview:large, max-video-preview:-1\" \/>\n<link rel=\"canonical\" href=\"https:\/\/www.colours.cz\/en\/ucinkujici\/there-is-plenty-of-water-really\/\" \/>\n<meta property=\"og:locale\" content=\"en_US\" \/>\n<meta property=\"og:type\" content=\"article\" \/>\n<meta property=\"og:title\" content=\"There is plenty of water. Really? - Colours of Ostrava\" \/>\n<meta property=\"og:description\" content=\"Water retention in the landscape, water conservation, drought, water scarcity, and water waste are topics that have started to affect all of our lives in recent years. How can we deal with this and what can we do about it?\" \/>\n<meta property=\"og:url\" content=\"https:\/\/www.colours.cz\/en\/ucinkujici\/there-is-plenty-of-water-really\/\" \/>\n<meta property=\"og:site_name\" content=\"Colours of Ostrava\" \/>\n<meta property=\"article:modified_time\" content=\"2025-07-03T08:43:12+00:00\" \/>\n<meta property=\"og:image\" content=\"https:\/\/www.colours.cz\/wp-content\/uploads\/2025\/06\/melt_divaci_blur-scaled.jpg\" \/>\n\t<meta property=\"og:image:width\" content=\"2560\" \/>\n\t<meta property=\"og:image:height\" content=\"1398\" \/>\n\t<meta property=\"og:image:type\" content=\"image\/jpeg\" \/>\n<meta name=\"twitter:card\" content=\"summary_large_image\" \/>\n<meta name=\"twitter:label1\" content=\"Est. reading time\" \/>\n\t<meta name=\"twitter:data1\" content=\"1 minute\" \/>\n<!-- \/ Yoast SEO plugin. -->","yoast_head_json":{"title":"There is plenty of water. Really? - Colours of Ostrava","robots":{"index":"index","follow":"follow","max-snippet":"max-snippet:-1","max-image-preview":"max-image-preview:large","max-video-preview":"max-video-preview:-1"},"canonical":"https:\/\/www.colours.cz\/en\/ucinkujici\/there-is-plenty-of-water-really\/","og_locale":"en_US","og_type":"article","og_title":"There is plenty of water. Really? - Colours of Ostrava","og_description":"Water retention in the landscape, water conservation, drought, water scarcity, and water waste are topics that have started to affect all of our lives in recent years. How can we deal with this and what can we do about it?","og_url":"https:\/\/www.colours.cz\/en\/ucinkujici\/there-is-plenty-of-water-really\/","og_site_name":"Colours of Ostrava","article_modified_time":"2025-07-03T08:43:12+00:00","og_image":[{"width":2560,"height":1398,"url":"https:\/\/www.colours.cz\/wp-content\/uploads\/2025\/06\/melt_divaci_blur-scaled.jpg","type":"image\/jpeg"}],"twitter_card":"summary_large_image","twitter_misc":{"Est. reading time":"1 minute"},"schema":{"@context":"https:\/\/schema.org","@graph":[{"@type":"WebPage","@id":"https:\/\/www.colours.cz\/en\/ucinkujici\/there-is-plenty-of-water-really\/","url":"https:\/\/www.colours.cz\/en\/ucinkujici\/there-is-plenty-of-water-really\/","name":"There is plenty of water. Really? - Colours of Ostrava","isPartOf":{"@id":"https:\/\/www.colours.cz\/en\/#website"},"primaryImageOfPage":{"@id":"https:\/\/www.colours.cz\/en\/ucinkujici\/there-is-plenty-of-water-really\/#primaryimage"},"image":{"@id":"https:\/\/www.colours.cz\/en\/ucinkujici\/there-is-plenty-of-water-really\/#primaryimage"},"thumbnailUrl":"https:\/\/www.colours.cz\/wp-content\/uploads\/2025\/06\/melt_divaci_blur-scaled.jpg","datePublished":"2025-06-14T13:06:01+00:00","dateModified":"2025-07-03T08:43:12+00:00","breadcrumb":{"@id":"https:\/\/www.colours.cz\/en\/ucinkujici\/there-is-plenty-of-water-really\/#breadcrumb"},"inLanguage":"en-US","potentialAction":[{"@type":"ReadAction","target":["https:\/\/www.colours.cz\/en\/ucinkujici\/there-is-plenty-of-water-really\/"]}]},{"@type":"ImageObject","inLanguage":"en-US","@id":"https:\/\/www.colours.cz\/en\/ucinkujici\/there-is-plenty-of-water-really\/#primaryimage","url":"https:\/\/www.colours.cz\/wp-content\/uploads\/2025\/06\/melt_divaci_blur-scaled.jpg","contentUrl":"https:\/\/www.colours.cz\/wp-content\/uploads\/2025\/06\/melt_divaci_blur-scaled.jpg","width":2560,"height":1398},{"@type":"BreadcrumbList","@id":"https:\/\/www.colours.cz\/en\/ucinkujici\/there-is-plenty-of-water-really\/#breadcrumb","itemListElement":[{"@type":"ListItem","position":1,"name":"Dom\u016f","item":"https:\/\/www.colours.cz\/en\/"},{"@type":"ListItem","position":2,"name":"There is plenty of water. Really?"}]},{"@type":"WebSite","@id":"https:\/\/www.colours.cz\/en\/#website","url":"https:\/\/www.colours.cz\/en\/","name":"Colours of Ostrava","description":"","potentialAction":[{"@type":"SearchAction","target":{"@type":"EntryPoint","urlTemplate":"https:\/\/www.colours.cz\/en\/?s={search_term_string}"},"query-input":{"@type":"PropertyValueSpecification","valueRequired":true,"valueName":"search_term_string"}}],"inLanguage":"en-US"}]}},"program-params-interpret-block-order":"0","program-params-thumbnail-mobile-id":"","program-params-sign-language-available":"0","program-params-timeline-description":"","program-tickets-not-included":"0","program-events-items-ids":[{"program-event-items-date-start":"19.07.2025 15:00","program-event-items-date-end":"19.07.2025 16:00","program-event-items-date-length":"60","program-event-items-place":"6550"}],"program-spotify-iframe":"","program-spotify-position":"center","program-socials-facebook":"","program-socials-youtube":"","program-socials-spotify":"","program-socials-instagram":"","program-socials-threads":"","program-socials-tiktok":"","program-socials-linkedin":"","program-gallery-items-ids":[{"program-items-url":"","program-items-title":"","program-items-description":"","program-items-duration":"","program-items-image-id":""}],"program-discover-title":"Speaker","program-discover-show-in-modal":"1","program-discover-items-ids":["7171","6786","7164"],"_links":{"self":[{"href":"https:\/\/www.colours.cz\/en\/wp-json\/wp\/v2\/program\/6002","targetHints":{"allow":["GET"]}}],"collection":[{"href":"https:\/\/www.colours.cz\/en\/wp-json\/wp\/v2\/program"}],"about":[{"href":"https:\/\/www.colours.cz\/en\/wp-json\/wp\/v2\/types\/program"}],"wp:featuredmedia":[{"embeddable":true,"href":"https:\/\/www.colours.cz\/en\/wp-json\/wp\/v2\/media\/5822"}],"wp:attachment":[{"href":"https:\/\/www.colours.cz\/en\/wp-json\/wp\/v2\/media?parent=6002"}],"wp:term":[{"taxonomy":"program-year","embeddable":true,"href":"https:\/\/www.colours.cz\/en\/wp-json\/wp\/v2\/program-year?post=6002"},{"taxonomy":"program-category","embeddable":true,"href":"https:\/\/www.colours.cz\/en\/wp-json\/wp\/v2\/program-category?post=6002"},{"taxonomy":"program-genre","embeddable":true,"href":"https:\/\/www.colours.cz\/en\/wp-json\/wp\/v2\/program-genre?post=6002"},{"taxonomy":"program-country","embeddable":true,"href":"https:\/\/www.colours.cz\/en\/wp-json\/wp\/v2\/program-country?post=6002"}],"curies":[{"name":"wp","href":"https:\/\/api.w.org\/{rel}","templated":true}]}}

<p>Radegast Brewery has been active in the field of water conservation for a long time, setting an example and trying to inspire others, implementing projects aimed at water retention in the landscape or supporting successful and functioning projects of others.</p>



<p>speakers: </p>



<ul class="wp-block-list">
<li>Tomáš Řeha </li>



<li>Libor Ansorge </li>
</ul>



<p>moderator:</p>



<ul class="wp-block-list">
<li>Jakub Zaoral</li>
</ul>

Domů
