{"id":5971,"date":"2025-06-13T22:40:09","date_gmt":"2025-06-13T20:40:09","guid":{"rendered":"https:\/\/www.colours.cz\/?post_type=program&#038;p=5971"},"modified":"2025-07-02T19:32:05","modified_gmt":"2025-07-02T17:32:05","slug":"who-will-light-up-czechia","status":"publish","type":"program","link":"https:\/\/www.colours.cz\/en\/ucinkujici\/who-will-light-up-czechia\/","title":{"rendered":"Who will light up Czechia?"},"content":{"rendered":"\n<p>Zuzana Krej\u010di\u0159\u00edkov\u00e1, Ond\u0159ej Kr\u00e1l\u00edk and Daniel Kri\u0161tof will discuss these topics.<\/p>\n\n\n\n<p>Speakers: Zuzana Krej\u010di\u0159\u00edkov\u00e1, Daniel Kri\u0161tof, Ond\u0159ej Kr\u00e1l\u00edk<\/p>\n\n\n\n<p>Moderator: Dan Tr\u017eil<\/p>\n","protected":false},"excerpt":{"rendered":"<p>Is a career in energy the right choice? In recent years, the topic of energy self-sufficiency and security has become increasingly relevant, particularly in light of the planned completion of the Dukovany Nuclear Power Plant and the transformation of the Czech energy sector as a whole. Are we ready for the construction of new energy sources, and do we have enough qualified specialists? Will technical education need to be supported in the coming years? What is the relationship between the state, the regions, and the energy industry? What role can Labour Offices play in this process? Is a career in the energy sector appealing? <\/p>\n","protected":false},"featured_media":5822,"menu_order":0,"template":"","meta":[],"program-year":[29,119],"program-category":[426,427],"program-genre":[],"program-country":[],"class_list":["post-5971","program","type-program","status-publish","has-post-thumbnail","hentry","program-category-meltingpot-program","program-category-meltingpot-programme"],"yoast_head":"<!-- This site is optimized with the Yoast SEO plugin v25.3.1 - https:\/\/yoast.com\/wordpress\/plugins\/seo\/ -->\n<title>Who will light up Czechia? - Colours of Ostrava<\/title>\n<meta name=\"robots\" content=\"index, follow, max-snippet:-1, max-image-preview:large, max-video-preview:-1\" \/>\n<link rel=\"canonical\" href=\"https:\/\/www.colours.cz\/en\/ucinkujici\/who-will-light-up-czechia\/\" \/>\n<meta property=\"og:locale\" content=\"en_US\" \/>\n<meta property=\"og:type\" content=\"article\" \/>\n<meta property=\"og:title\" content=\"Who will light up Czechia? - Colours of Ostrava\" \/>\n<meta property=\"og:description\" content=\"Is a career in energy the right choice? In recent years, the topic of energy self-sufficiency and security has become increasingly relevant, particularly in light of the planned completion of the Dukovany Nuclear Power Plant and the transformation of the Czech energy sector as a whole. Are we ready for the construction of new energy sources, and do we have enough qualified specialists? Will technical education need to be supported in the coming years? What is the relationship between the state, the regions, and the energy industry? What role can Labour Offices play in this process? Is a career in the energy sector appealing?\" \/>\n<meta property=\"og:url\" content=\"https:\/\/www.colours.cz\/en\/ucinkujici\/who-will-light-up-czechia\/\" \/>\n<meta property=\"og:site_name\" content=\"Colours of Ostrava\" \/>\n<meta property=\"article:modified_time\" content=\"2025-07-02T17:32:05+00:00\" \/>\n<meta property=\"og:image\" content=\"https:\/\/www.colours.cz\/wp-content\/uploads\/2025\/06\/melt_divaci_blur-scaled.jpg\" \/>\n\t<meta property=\"og:image:width\" content=\"2560\" \/>\n\t<meta property=\"og:image:height\" content=\"1398\" \/>\n\t<meta property=\"og:image:type\" content=\"image\/jpeg\" \/>\n<meta name=\"twitter:card\" content=\"summary_large_image\" \/>\n<meta name=\"twitter:label1\" content=\"Est. reading time\" \/>\n\t<meta name=\"twitter:data1\" content=\"1 minute\" \/>\n<!-- \/ Yoast SEO plugin. -->","yoast_head_json":{"title":"Who will light up Czechia? - Colours of Ostrava","robots":{"index":"index","follow":"follow","max-snippet":"max-snippet:-1","max-image-preview":"max-image-preview:large","max-video-preview":"max-video-preview:-1"},"canonical":"https:\/\/www.colours.cz\/en\/ucinkujici\/who-will-light-up-czechia\/","og_locale":"en_US","og_type":"article","og_title":"Who will light up Czechia? - Colours of Ostrava","og_description":"Is a career in energy the right choice? In recent years, the topic of energy self-sufficiency and security has become increasingly relevant, particularly in light of the planned completion of the Dukovany Nuclear Power Plant and the transformation of the Czech energy sector as a whole. Are we ready for the construction of new energy sources, and do we have enough qualified specialists? Will technical education need to be supported in the coming years? What is the relationship between the state, the regions, and the energy industry? What role can Labour Offices play in this process? Is a career in the energy sector appealing?","og_url":"https:\/\/www.colours.cz\/en\/ucinkujici\/who-will-light-up-czechia\/","og_site_name":"Colours of Ostrava","article_modified_time":"2025-07-02T17:32:05+00:00","og_image":[{"width":2560,"height":1398,"url":"https:\/\/www.colours.cz\/wp-content\/uploads\/2025\/06\/melt_divaci_blur-scaled.jpg","type":"image\/jpeg"}],"twitter_card":"summary_large_image","twitter_misc":{"Est. reading time":"1 minute"},"schema":{"@context":"https:\/\/schema.org","@graph":[{"@type":"WebPage","@id":"https:\/\/www.colours.cz\/en\/ucinkujici\/who-will-light-up-czechia\/","url":"https:\/\/www.colours.cz\/en\/ucinkujici\/who-will-light-up-czechia\/","name":"Who will light up Czechia? - Colours of Ostrava","isPartOf":{"@id":"https:\/\/www.colours.cz\/en\/#website"},"primaryImageOfPage":{"@id":"https:\/\/www.colours.cz\/en\/ucinkujici\/who-will-light-up-czechia\/#primaryimage"},"image":{"@id":"https:\/\/www.colours.cz\/en\/ucinkujici\/who-will-light-up-czechia\/#primaryimage"},"thumbnailUrl":"https:\/\/www.colours.cz\/wp-content\/uploads\/2025\/06\/melt_divaci_blur-scaled.jpg","datePublished":"2025-06-13T20:40:09+00:00","dateModified":"2025-07-02T17:32:05+00:00","breadcrumb":{"@id":"https:\/\/www.colours.cz\/en\/ucinkujici\/who-will-light-up-czechia\/#breadcrumb"},"inLanguage":"en-US","potentialAction":[{"@type":"ReadAction","target":["https:\/\/www.colours.cz\/en\/ucinkujici\/who-will-light-up-czechia\/"]}]},{"@type":"ImageObject","inLanguage":"en-US","@id":"https:\/\/www.colours.cz\/en\/ucinkujici\/who-will-light-up-czechia\/#primaryimage","url":"https:\/\/www.colours.cz\/wp-content\/uploads\/2025\/06\/melt_divaci_blur-scaled.jpg","contentUrl":"https:\/\/www.colours.cz\/wp-content\/uploads\/2025\/06\/melt_divaci_blur-scaled.jpg","width":2560,"height":1398},{"@type":"BreadcrumbList","@id":"https:\/\/www.colours.cz\/en\/ucinkujici\/who-will-light-up-czechia\/#breadcrumb","itemListElement":[{"@type":"ListItem","position":1,"name":"Dom\u016f","item":"https:\/\/www.colours.cz\/en\/"},{"@type":"ListItem","position":2,"name":"Who will light up Czechia?"}]},{"@type":"WebSite","@id":"https:\/\/www.colours.cz\/en\/#website","url":"https:\/\/www.colours.cz\/en\/","name":"Colours of Ostrava","description":"","potentialAction":[{"@type":"SearchAction","target":{"@type":"EntryPoint","urlTemplate":"https:\/\/www.colours.cz\/en\/?s={search_term_string}"},"query-input":{"@type":"PropertyValueSpecification","valueRequired":true,"valueName":"search_term_string"}}],"inLanguage":"en-US"}]}},"program-params-interpret-block-order":"0","program-params-thumbnail-mobile-id":"","program-params-sign-language-available":"1","program-params-timeline-description":"","program-tickets-not-included":"0","program-events-items-ids":[{"program-event-items-date-start":"17.07.2025 14:30","program-event-items-date-end":"17.07.2025 15:30","program-event-items-date-length":"60","program-event-items-place":"6550"}],"program-spotify-iframe":"","program-spotify-position":"center","program-socials-facebook":"","program-socials-youtube":"","program-socials-spotify":"","program-socials-instagram":"","program-socials-threads":"","program-socials-tiktok":"","program-socials-linkedin":"","program-gallery-items-ids":[{"program-items-url":"","program-items-title":"","program-items-description":"","program-items-duration":"","program-items-image-id":""}],"program-discover-title":"Speakers","program-discover-show-in-modal":"1","program-discover-items-ids":["6780","4825","6886","6889"],"_links":{"self":[{"href":"https:\/\/www.colours.cz\/en\/wp-json\/wp\/v2\/program\/5971","targetHints":{"allow":["GET"]}}],"collection":[{"href":"https:\/\/www.colours.cz\/en\/wp-json\/wp\/v2\/program"}],"about":[{"href":"https:\/\/www.colours.cz\/en\/wp-json\/wp\/v2\/types\/program"}],"wp:featuredmedia":[{"embeddable":true,"href":"https:\/\/www.colours.cz\/en\/wp-json\/wp\/v2\/media\/5822"}],"wp:attachment":[{"href":"https:\/\/www.colours.cz\/en\/wp-json\/wp\/v2\/media?parent=5971"}],"wp:term":[{"taxonomy":"program-year","embeddable":true,"href":"https:\/\/www.colours.cz\/en\/wp-json\/wp\/v2\/program-year?post=5971"},{"taxonomy":"program-category","embeddable":true,"href":"https:\/\/www.colours.cz\/en\/wp-json\/wp\/v2\/program-category?post=5971"},{"taxonomy":"program-genre","embeddable":true,"href":"https:\/\/www.colours.cz\/en\/wp-json\/wp\/v2\/program-genre?post=5971"},{"taxonomy":"program-country","embeddable":true,"href":"https:\/\/www.colours.cz\/en\/wp-json\/wp\/v2\/program-country?post=5971"}],"curies":[{"name":"wp","href":"https:\/\/api.w.org\/{rel}","templated":true}]}}

<p>Zuzana Krejčiříková, Ondřej Králík and Daniel Krištof will discuss these topics.</p>



<p>Speakers: Zuzana Krejčiříková, Daniel Krištof, Ondřej Králík</p>



<p>Moderator: Dan Tržil</p>

Domů
