{"id":5967,"date":"2025-06-13T22:24:27","date_gmt":"2025-06-13T20:24:27","guid":{"rendered":"https:\/\/www.colours.cz\/?post_type=program&#038;p=5967"},"modified":"2025-07-02T18:30:43","modified_gmt":"2025-07-02T16:30:43","slug":"will-the-truth-disappear","status":"publish","type":"program","link":"https:\/\/www.colours.cz\/en\/ucinkujici\/will-the-truth-disappear\/","title":{"rendered":"Will the truth disappear?"},"content":{"rendered":"\n<p>A discussion with Vil\u00e9m Fran\u011bk, producer and marketer behind the project &#8220;Mik\u00fd\u0159&#8217;s Amazing Internet Journey,&#8221; and Tom\u00e1\u0161 B\u0159\u00ednek, known as TMBK, a satirist commenting on current events through his collages, will focus on how digital media shapes our perception of reality. Moderator Michael Rozsypal will lead the debate on how the roles of influencers, journalists, and content creators are changing in the age of disinformation and manipulation. Join us to explore whether truth is truly disappearing or merely transforming.<\/p>\n\n\n\n<p>speakers: <\/p>\n\n\n\n<ul class=\"wp-block-list\">\n<li><a href=\"https:\/\/www.colours.cz\/en\/ucinkujici\/vilem-franek\/\">Vil\u00e9m Fran\u011bk<\/a><\/li>\n\n\n\n<li><a href=\"https:\/\/www.colours.cz\/en\/ucinkujici\/tmbk\/\">Tom\u00e1\u0161 B\u0159\u00ednek alias TMBK<\/a><\/li>\n<\/ul>\n\n\n\n<p>moderator: <\/p>\n\n\n\n<ul class=\"wp-block-list\">\n<li><a href=\"https:\/\/www.colours.cz\/en\/ucinkujici\/michael-rozsypal\/\">Michael Rozsypal<\/a><\/li>\n<\/ul>\n\n\n\n<p><\/p>\n","protected":false},"excerpt":{"rendered":"<p>In an era where truth becomes a commodity and viral content often overshadows facts, it&#8217;s time to ask: Does truth still have a chance to survive? <\/p>\n","protected":false},"featured_media":5822,"menu_order":0,"template":"","meta":[],"program-year":[119,29],"program-category":[426,427],"program-genre":[],"program-country":[],"class_list":["post-5967","program","type-program","status-publish","has-post-thumbnail","hentry","program-category-meltingpot-program","program-category-meltingpot-programme"],"yoast_head":"<!-- This site is optimized with the Yoast SEO plugin v25.3.1 - https:\/\/yoast.com\/wordpress\/plugins\/seo\/ -->\n<title>Will the truth disappear? - Colours of Ostrava<\/title>\n<meta name=\"robots\" content=\"index, follow, max-snippet:-1, max-image-preview:large, max-video-preview:-1\" \/>\n<link rel=\"canonical\" href=\"https:\/\/www.colours.cz\/en\/ucinkujici\/will-the-truth-disappear\/\" \/>\n<meta property=\"og:locale\" content=\"en_US\" \/>\n<meta property=\"og:type\" content=\"article\" \/>\n<meta property=\"og:title\" content=\"Will the truth disappear? - Colours of Ostrava\" \/>\n<meta property=\"og:description\" content=\"In an era where truth becomes a commodity and viral content often overshadows facts, it&#039;s time to ask: Does truth still have a chance to survive?\" \/>\n<meta property=\"og:url\" content=\"https:\/\/www.colours.cz\/en\/ucinkujici\/will-the-truth-disappear\/\" \/>\n<meta property=\"og:site_name\" content=\"Colours of Ostrava\" \/>\n<meta property=\"article:modified_time\" content=\"2025-07-02T16:30:43+00:00\" \/>\n<meta property=\"og:image\" content=\"https:\/\/www.colours.cz\/wp-content\/uploads\/2025\/06\/melt_divaci_blur-scaled.jpg\" \/>\n\t<meta property=\"og:image:width\" content=\"2560\" \/>\n\t<meta property=\"og:image:height\" content=\"1398\" \/>\n\t<meta property=\"og:image:type\" content=\"image\/jpeg\" \/>\n<meta name=\"twitter:card\" content=\"summary_large_image\" \/>\n<meta name=\"twitter:label1\" content=\"Est. reading time\" \/>\n\t<meta name=\"twitter:data1\" content=\"1 minute\" \/>\n<!-- \/ Yoast SEO plugin. -->","yoast_head_json":{"title":"Will the truth disappear? - Colours of Ostrava","robots":{"index":"index","follow":"follow","max-snippet":"max-snippet:-1","max-image-preview":"max-image-preview:large","max-video-preview":"max-video-preview:-1"},"canonical":"https:\/\/www.colours.cz\/en\/ucinkujici\/will-the-truth-disappear\/","og_locale":"en_US","og_type":"article","og_title":"Will the truth disappear? - Colours of Ostrava","og_description":"In an era where truth becomes a commodity and viral content often overshadows facts, it's time to ask: Does truth still have a chance to survive?","og_url":"https:\/\/www.colours.cz\/en\/ucinkujici\/will-the-truth-disappear\/","og_site_name":"Colours of Ostrava","article_modified_time":"2025-07-02T16:30:43+00:00","og_image":[{"width":2560,"height":1398,"url":"https:\/\/www.colours.cz\/wp-content\/uploads\/2025\/06\/melt_divaci_blur-scaled.jpg","type":"image\/jpeg"}],"twitter_card":"summary_large_image","twitter_misc":{"Est. reading time":"1 minute"},"schema":{"@context":"https:\/\/schema.org","@graph":[{"@type":"WebPage","@id":"https:\/\/www.colours.cz\/en\/ucinkujici\/will-the-truth-disappear\/","url":"https:\/\/www.colours.cz\/en\/ucinkujici\/will-the-truth-disappear\/","name":"Will the truth disappear? - Colours of Ostrava","isPartOf":{"@id":"https:\/\/www.colours.cz\/en\/#website"},"primaryImageOfPage":{"@id":"https:\/\/www.colours.cz\/en\/ucinkujici\/will-the-truth-disappear\/#primaryimage"},"image":{"@id":"https:\/\/www.colours.cz\/en\/ucinkujici\/will-the-truth-disappear\/#primaryimage"},"thumbnailUrl":"https:\/\/www.colours.cz\/wp-content\/uploads\/2025\/06\/melt_divaci_blur-scaled.jpg","datePublished":"2025-06-13T20:24:27+00:00","dateModified":"2025-07-02T16:30:43+00:00","breadcrumb":{"@id":"https:\/\/www.colours.cz\/en\/ucinkujici\/will-the-truth-disappear\/#breadcrumb"},"inLanguage":"en-US","potentialAction":[{"@type":"ReadAction","target":["https:\/\/www.colours.cz\/en\/ucinkujici\/will-the-truth-disappear\/"]}]},{"@type":"ImageObject","inLanguage":"en-US","@id":"https:\/\/www.colours.cz\/en\/ucinkujici\/will-the-truth-disappear\/#primaryimage","url":"https:\/\/www.colours.cz\/wp-content\/uploads\/2025\/06\/melt_divaci_blur-scaled.jpg","contentUrl":"https:\/\/www.colours.cz\/wp-content\/uploads\/2025\/06\/melt_divaci_blur-scaled.jpg","width":2560,"height":1398},{"@type":"BreadcrumbList","@id":"https:\/\/www.colours.cz\/en\/ucinkujici\/will-the-truth-disappear\/#breadcrumb","itemListElement":[{"@type":"ListItem","position":1,"name":"Dom\u016f","item":"https:\/\/www.colours.cz\/en\/"},{"@type":"ListItem","position":2,"name":"Will the truth disappear?"}]},{"@type":"WebSite","@id":"https:\/\/www.colours.cz\/en\/#website","url":"https:\/\/www.colours.cz\/en\/","name":"Colours of Ostrava","description":"","potentialAction":[{"@type":"SearchAction","target":{"@type":"EntryPoint","urlTemplate":"https:\/\/www.colours.cz\/en\/?s={search_term_string}"},"query-input":{"@type":"PropertyValueSpecification","valueRequired":true,"valueName":"search_term_string"}}],"inLanguage":"en-US"}]}},"program-params-interpret-block-order":"0","program-params-thumbnail-mobile-id":"","program-params-sign-language-available":"0","program-params-timeline-description":"","program-tickets-not-included":"0","program-events-items-ids":[{"program-event-items-date-start":"16.07.2025 20:15","program-event-items-date-end":"16.07.2025 21:15","program-event-items-date-length":"60","program-event-items-place":"6550"}],"program-spotify-iframe":"","program-spotify-position":"center","program-socials-facebook":"","program-socials-youtube":"","program-socials-spotify":"","program-socials-instagram":"","program-socials-threads":"","program-socials-tiktok":"","program-socials-linkedin":"","program-gallery-items-ids":[{"program-items-url":"","program-items-title":"","program-items-description":"","program-items-duration":"","program-items-image-id":""}],"program-discover-title":"Speakers","program-discover-show-in-modal":"0","program-discover-items-ids":["4871","4927","4835"],"_links":{"self":[{"href":"https:\/\/www.colours.cz\/en\/wp-json\/wp\/v2\/program\/5967","targetHints":{"allow":["GET"]}}],"collection":[{"href":"https:\/\/www.colours.cz\/en\/wp-json\/wp\/v2\/program"}],"about":[{"href":"https:\/\/www.colours.cz\/en\/wp-json\/wp\/v2\/types\/program"}],"wp:featuredmedia":[{"embeddable":true,"href":"https:\/\/www.colours.cz\/en\/wp-json\/wp\/v2\/media\/5822"}],"wp:attachment":[{"href":"https:\/\/www.colours.cz\/en\/wp-json\/wp\/v2\/media?parent=5967"}],"wp:term":[{"taxonomy":"program-year","embeddable":true,"href":"https:\/\/www.colours.cz\/en\/wp-json\/wp\/v2\/program-year?post=5967"},{"taxonomy":"program-category","embeddable":true,"href":"https:\/\/www.colours.cz\/en\/wp-json\/wp\/v2\/program-category?post=5967"},{"taxonomy":"program-genre","embeddable":true,"href":"https:\/\/www.colours.cz\/en\/wp-json\/wp\/v2\/program-genre?post=5967"},{"taxonomy":"program-country","embeddable":true,"href":"https:\/\/www.colours.cz\/en\/wp-json\/wp\/v2\/program-country?post=5967"}],"curies":[{"name":"wp","href":"https:\/\/api.w.org\/{rel}","templated":true}]}}

<p>A discussion with Vilém Franěk, producer and marketer behind the project &#8220;Mikýř&#8217;s Amazing Internet Journey,&#8221; and Tomáš Břínek, known as TMBK, a satirist commenting on current events through his collages, will focus on how digital media shapes our perception of reality. Moderator Michael Rozsypal will lead the debate on how the roles of influencers, journalists, and content creators are changing in the age of disinformation and manipulation. Join us to explore whether truth is truly disappearing or merely transforming.</p>



<p>speakers: </p>



<ul class="wp-block-list">
<li><a href="https://www.colours.cz/en/ucinkujici/vilem-franek/">Vilém Franěk</a></li>



<li><a href="https://www.colours.cz/en/ucinkujici/tmbk/">Tomáš Břínek alias TMBK</a></li>
</ul>



<p>moderator: </p>



<ul class="wp-block-list">
<li><a href="https://www.colours.cz/en/ucinkujici/michael-rozsypal/">Michael Rozsypal</a></li>
</ul>



<p></p>

Domů
