{"id":5939,"date":"2025-06-13T13:09:06","date_gmt":"2025-06-13T11:09:06","guid":{"rendered":"https:\/\/www.colours.cz\/ucinkujici\/vazky\/"},"modified":"2025-06-23T20:24:33","modified_gmt":"2025-06-23T18:24:33","slug":"vazky","status":"publish","type":"program","link":"https:\/\/www.colours.cz\/en\/ucinkujici\/vazky\/","title":{"rendered":"V\u00e1\u017eky"},"content":{"rendered":"\n<figure class=\"wp-block-embed is-type-video is-provider-youtube wp-block-embed-youtube wp-embed-aspect-16-9 wp-has-aspect-ratio\"><div class=\"wp-block-embed__wrapper\">\n<iframe loading=\"lazy\" title=\"V\u00e1\u017eky - Tajomstvo Zvuku (Video)\" width=\"500\" height=\"281\" src=\"https:\/\/www.youtube.com\/embed\/zOQ8f6ZTWvY?feature=oembed\" frameborder=\"0\" allow=\"accelerometer; autoplay; clipboard-write; encrypted-media; gyroscope; picture-in-picture; web-share\" referrerpolicy=\"strict-origin-when-cross-origin\" allowfullscreen><\/iframe>\n<\/div><\/figure>\n\n\n\n<p>In 2024, they released their debut album <em>Libelo<\/em>, a collection of ten tracks self-recorded in their rehearsal space. Their sound is marked by introspective Slovak lyrics, melodic female vocals, and a blend of genres including art rock, psychedelic rock, grunge, art pop, pop, funk, and experimental music. V\u00e1\u017eky don\u2019t limit themselves to any one style; they create their music intuitively, allowing space for the emergence of various \u201cmusical hybrids.\u201d<\/p>\n","protected":false},"excerpt":{"rendered":"<p>V\u00e1\u017eky is an independent musical project focused on creating Slovak alternative music.<\/p>\n","protected":false},"featured_media":5937,"menu_order":0,"template":"","meta":[],"program-year":[119],"program-category":[120],"program-genre":[244,329,336,180,181],"program-country":[245],"class_list":["post-5939","program","type-program","status-publish","has-post-thumbnail","hentry","program-category-music-programme","program-genre-acoustic-en","program-genre-alternative-en","program-genre-funk-en","program-genre-pop-en","program-genre-rock-en","program-country-slovensko-en"],"yoast_head":"<!-- This site is optimized with the Yoast SEO plugin v25.3.1 - https:\/\/yoast.com\/wordpress\/plugins\/seo\/ -->\n<title>V\u00e1\u017eky - Colours of Ostrava<\/title>\n<meta name=\"robots\" content=\"index, follow, max-snippet:-1, max-image-preview:large, max-video-preview:-1\" \/>\n<link rel=\"canonical\" href=\"https:\/\/www.colours.cz\/en\/ucinkujici\/vazky\/\" \/>\n<meta property=\"og:locale\" content=\"en_US\" \/>\n<meta property=\"og:type\" content=\"article\" \/>\n<meta property=\"og:title\" content=\"V\u00e1\u017eky - Colours of Ostrava\" \/>\n<meta property=\"og:description\" content=\"V\u00e1\u017eky is an independent musical project focused on creating Slovak alternative music.\" \/>\n<meta property=\"og:url\" content=\"https:\/\/www.colours.cz\/en\/ucinkujici\/vazky\/\" \/>\n<meta property=\"og:site_name\" content=\"Colours of Ostrava\" \/>\n<meta property=\"article:modified_time\" content=\"2025-06-23T18:24:33+00:00\" \/>\n<meta property=\"og:image\" content=\"https:\/\/www.colours.cz\/wp-content\/uploads\/2025\/06\/IMG_36993-scaled.jpeg\" \/>\n\t<meta property=\"og:image:width\" content=\"2560\" \/>\n\t<meta property=\"og:image:height\" content=\"1709\" \/>\n\t<meta property=\"og:image:type\" content=\"image\/jpeg\" \/>\n<meta name=\"twitter:card\" content=\"summary_large_image\" \/>\n<meta name=\"twitter:label1\" content=\"Est. reading time\" \/>\n\t<meta name=\"twitter:data1\" content=\"1 minute\" \/>\n<!-- \/ Yoast SEO plugin. -->","yoast_head_json":{"title":"V\u00e1\u017eky - Colours of Ostrava","robots":{"index":"index","follow":"follow","max-snippet":"max-snippet:-1","max-image-preview":"max-image-preview:large","max-video-preview":"max-video-preview:-1"},"canonical":"https:\/\/www.colours.cz\/en\/ucinkujici\/vazky\/","og_locale":"en_US","og_type":"article","og_title":"V\u00e1\u017eky - Colours of Ostrava","og_description":"V\u00e1\u017eky is an independent musical project focused on creating Slovak alternative music.","og_url":"https:\/\/www.colours.cz\/en\/ucinkujici\/vazky\/","og_site_name":"Colours of Ostrava","article_modified_time":"2025-06-23T18:24:33+00:00","og_image":[{"width":2560,"height":1709,"url":"https:\/\/www.colours.cz\/wp-content\/uploads\/2025\/06\/IMG_36993-scaled.jpeg","type":"image\/jpeg"}],"twitter_card":"summary_large_image","twitter_misc":{"Est. reading time":"1 minute"},"schema":{"@context":"https:\/\/schema.org","@graph":[{"@type":"WebPage","@id":"https:\/\/www.colours.cz\/en\/ucinkujici\/vazky\/","url":"https:\/\/www.colours.cz\/en\/ucinkujici\/vazky\/","name":"V\u00e1\u017eky - Colours of Ostrava","isPartOf":{"@id":"https:\/\/www.colours.cz\/en\/#website"},"primaryImageOfPage":{"@id":"https:\/\/www.colours.cz\/en\/ucinkujici\/vazky\/#primaryimage"},"image":{"@id":"https:\/\/www.colours.cz\/en\/ucinkujici\/vazky\/#primaryimage"},"thumbnailUrl":"https:\/\/www.colours.cz\/wp-content\/uploads\/2025\/06\/IMG_36993-scaled.jpeg","datePublished":"2025-06-13T11:09:06+00:00","dateModified":"2025-06-23T18:24:33+00:00","breadcrumb":{"@id":"https:\/\/www.colours.cz\/en\/ucinkujici\/vazky\/#breadcrumb"},"inLanguage":"en-US","potentialAction":[{"@type":"ReadAction","target":["https:\/\/www.colours.cz\/en\/ucinkujici\/vazky\/"]}]},{"@type":"ImageObject","inLanguage":"en-US","@id":"https:\/\/www.colours.cz\/en\/ucinkujici\/vazky\/#primaryimage","url":"https:\/\/www.colours.cz\/wp-content\/uploads\/2025\/06\/IMG_36993-scaled.jpeg","contentUrl":"https:\/\/www.colours.cz\/wp-content\/uploads\/2025\/06\/IMG_36993-scaled.jpeg","width":2560,"height":1709},{"@type":"BreadcrumbList","@id":"https:\/\/www.colours.cz\/en\/ucinkujici\/vazky\/#breadcrumb","itemListElement":[{"@type":"ListItem","position":1,"name":"Dom\u016f","item":"https:\/\/www.colours.cz\/en\/"},{"@type":"ListItem","position":2,"name":"V\u00e1\u017eky"}]},{"@type":"WebSite","@id":"https:\/\/www.colours.cz\/en\/#website","url":"https:\/\/www.colours.cz\/en\/","name":"Colours of Ostrava","description":"","potentialAction":[{"@type":"SearchAction","target":{"@type":"EntryPoint","urlTemplate":"https:\/\/www.colours.cz\/en\/?s={search_term_string}"},"query-input":{"@type":"PropertyValueSpecification","valueRequired":true,"valueName":"search_term_string"}}],"inLanguage":"en-US"}]}},"program-params-interpret-block-order":"0","program-params-thumbnail-mobile-id":"","program-params-sign-language-available":"","program-params-timeline-description":"","program-tickets-not-included":"0","program-events-items-ids":[{"program-event-items-date-start":"18.07.2025 19:15","program-event-items-date-end":"18.07.2025 20:00","program-event-items-date-length":"45","program-event-items-place":"6497"}],"program-spotify-iframe":"","program-spotify-position":"center","program-socials-facebook":"","program-socials-youtube":"","program-socials-spotify":"","program-socials-instagram":"","program-socials-threads":"","program-socials-tiktok":"","program-socials-linkedin":"","program-gallery-items-ids":[{"program-items-url":"","program-items-title":"","program-items-description":"","program-items-duration":"","program-items-image-id":""}],"program-discover-title":"","program-discover-show-in-modal":"","program-discover-items-ids":"","_links":{"self":[{"href":"https:\/\/www.colours.cz\/en\/wp-json\/wp\/v2\/program\/5939","targetHints":{"allow":["GET"]}}],"collection":[{"href":"https:\/\/www.colours.cz\/en\/wp-json\/wp\/v2\/program"}],"about":[{"href":"https:\/\/www.colours.cz\/en\/wp-json\/wp\/v2\/types\/program"}],"wp:featuredmedia":[{"embeddable":true,"href":"https:\/\/www.colours.cz\/en\/wp-json\/wp\/v2\/media\/5937"}],"wp:attachment":[{"href":"https:\/\/www.colours.cz\/en\/wp-json\/wp\/v2\/media?parent=5939"}],"wp:term":[{"taxonomy":"program-year","embeddable":true,"href":"https:\/\/www.colours.cz\/en\/wp-json\/wp\/v2\/program-year?post=5939"},{"taxonomy":"program-category","embeddable":true,"href":"https:\/\/www.colours.cz\/en\/wp-json\/wp\/v2\/program-category?post=5939"},{"taxonomy":"program-genre","embeddable":true,"href":"https:\/\/www.colours.cz\/en\/wp-json\/wp\/v2\/program-genre?post=5939"},{"taxonomy":"program-country","embeddable":true,"href":"https:\/\/www.colours.cz\/en\/wp-json\/wp\/v2\/program-country?post=5939"}],"curies":[{"name":"wp","href":"https:\/\/api.w.org\/{rel}","templated":true}]}}

Vážky

<figure class="wp-block-embed is-type-video is-provider-youtube wp-block-embed-youtube wp-embed-aspect-16-9 wp-has-aspect-ratio"><div class="wp-block-embed__wrapper">
<iframe loading="lazy" title="Vážky - Tajomstvo Zvuku (Video)" width="500" height="281" src="https://www.youtube.com/embed/zOQ8f6ZTWvY?feature=oembed" frameborder="0" allow="accelerometer; autoplay; clipboard-write; encrypted-media; gyroscope; picture-in-picture; web-share" referrerpolicy="strict-origin-when-cross-origin" allowfullscreen></iframe>
</div></figure>



<p>In 2024, they released their debut album <em>Libelo</em>, a collection of ten tracks self-recorded in their rehearsal space. Their sound is marked by introspective Slovak lyrics, melodic female vocals, and a blend of genres including art rock, psychedelic rock, grunge, art pop, pop, funk, and experimental music. Vážky don’t limit themselves to any one style; they create their music intuitively, allowing space for the emergence of various “musical hybrids.”</p>

<p>Vážky is an independent musical project focused on creating Slovak alternative music.</p>

<!-- This site is optimized with the Yoast SEO plugin v25.3.1 - https://yoast.com/wordpress/plugins/seo/ -->
<title>Vážky - Colours of Ostrava</title>
<meta name="robots" content="index, follow, max-snippet:-1, max-image-preview:large, max-video-preview:-1" />
<link rel="canonical" href="https://www.colours.cz/en/ucinkujici/vazky/" />
<meta property="og:locale" content="en_US" />
<meta property="og:type" content="article" />
<meta property="og:title" content="Vážky - Colours of Ostrava" />
<meta property="og:description" content="Vážky is an independent musical project focused on creating Slovak alternative music." />
<meta property="og:url" content="https://www.colours.cz/en/ucinkujici/vazky/" />
<meta property="og:site_name" content="Colours of Ostrava" />
<meta property="article:modified_time" content="2025-06-23T18:24:33+00:00" />
<meta property="og:image" content="https://www.colours.cz/wp-content/uploads/2025/06/IMG_36993-scaled.jpeg" />
	<meta property="og:image:width" content="2560" />
	<meta property="og:image:height" content="1709" />
	<meta property="og:image:type" content="image/jpeg" />
<meta name="twitter:card" content="summary_large_image" />
<meta name="twitter:label1" content="Est. reading time" />
	<meta name="twitter:data1" content="1 minute" />
<!-- / Yoast SEO plugin. -->

Vážky - Colours of Ostrava

Vážky is an independent musical project focused on creating Slovak alternative music.

Domů
