{"id":5894,"date":"2025-06-13T12:52:04","date_gmt":"2025-06-13T10:52:04","guid":{"rendered":"https:\/\/www.colours.cz\/?post_type=program&#038;p=5894"},"modified":"2025-06-23T21:07:38","modified_gmt":"2025-06-23T19:07:38","slug":"znd","status":"publish","type":"program","link":"https:\/\/www.colours.cz\/en\/ucinkujici\/znd\/","title":{"rendered":"ZND"},"content":{"rendered":"\n<figure class=\"wp-block-embed is-type-video is-provider-youtube wp-block-embed-youtube wp-embed-aspect-16-9 wp-has-aspect-ratio\"><div class=\"wp-block-embed__wrapper\">\n<iframe loading=\"lazy\" title=\"ZND - Game over\" width=\"500\" height=\"281\" src=\"https:\/\/www.youtube.com\/embed\/fVxtRT7mkC0?feature=oembed\" frameborder=\"0\" allow=\"accelerometer; autoplay; clipboard-write; encrypted-media; gyroscope; picture-in-picture; web-share\" referrerpolicy=\"strict-origin-when-cross-origin\" allowfullscreen><\/iframe>\n<\/div><\/figure>\n\n\n\n<p>Their music blends pop-punk, rap, electronic, and pop, fearlessly embracing loudness, vulnerability, and authenticity all at once. Since winning the Toyota Beat Festival in 2022, they\u2019ve played dozens of gigs and shared the stage with artists like Rybi\u010dky 48, Ewa Farna, and Civiln\u00ed Obrana. Now, their moment has arrived at Doln\u00ed oblast V\u00edtkovice. Come support them and get ready for a show that\u2019s guaranteed to get you moving.<\/p>\n","protected":false},"excerpt":{"rendered":"<p>ZND will take over the REC.stage at Colours of Ostrava with uncompromising energy and a sound that speaks the language of the younger generation.<\/p>\n","protected":false},"featured_media":5889,"menu_order":0,"template":"","meta":[],"program-year":[119],"program-category":[120],"program-genre":[121,180,264,262],"program-country":[256],"class_list":["post-5894","program","type-program","status-publish","has-post-thumbnail","hentry","program-category-music-programme","program-genre-electornic-en","program-genre-pop-en","program-genre-punk-en","program-genre-rap-en","program-country-cesko-en"],"yoast_head":"<!-- This site is optimized with the Yoast SEO plugin v25.3.1 - https:\/\/yoast.com\/wordpress\/plugins\/seo\/ -->\n<title>ZND - Colours of Ostrava<\/title>\n<meta name=\"robots\" content=\"index, follow, max-snippet:-1, max-image-preview:large, max-video-preview:-1\" \/>\n<link rel=\"canonical\" href=\"https:\/\/www.colours.cz\/en\/ucinkujici\/znd\/\" \/>\n<meta property=\"og:locale\" content=\"en_US\" \/>\n<meta property=\"og:type\" content=\"article\" \/>\n<meta property=\"og:title\" content=\"ZND - Colours of Ostrava\" \/>\n<meta property=\"og:description\" content=\"ZND will take over the REC.stage at Colours of Ostrava with uncompromising energy and a sound that speaks the language of the younger generation.\" \/>\n<meta property=\"og:url\" content=\"https:\/\/www.colours.cz\/en\/ucinkujici\/znd\/\" \/>\n<meta property=\"og:site_name\" content=\"Colours of Ostrava\" \/>\n<meta property=\"article:modified_time\" content=\"2025-06-23T19:07:38+00:00\" \/>\n<meta property=\"og:image\" content=\"https:\/\/www.colours.cz\/wp-content\/uploads\/2025\/06\/znd_DSC03631-scaled.jpg\" \/>\n\t<meta property=\"og:image:width\" content=\"2560\" \/>\n\t<meta property=\"og:image:height\" content=\"1802\" \/>\n\t<meta property=\"og:image:type\" content=\"image\/jpeg\" \/>\n<meta name=\"twitter:card\" content=\"summary_large_image\" \/>\n<meta name=\"twitter:label1\" content=\"Est. reading time\" \/>\n\t<meta name=\"twitter:data1\" content=\"1 minute\" \/>\n<!-- \/ Yoast SEO plugin. -->","yoast_head_json":{"title":"ZND - Colours of Ostrava","robots":{"index":"index","follow":"follow","max-snippet":"max-snippet:-1","max-image-preview":"max-image-preview:large","max-video-preview":"max-video-preview:-1"},"canonical":"https:\/\/www.colours.cz\/en\/ucinkujici\/znd\/","og_locale":"en_US","og_type":"article","og_title":"ZND - Colours of Ostrava","og_description":"ZND will take over the REC.stage at Colours of Ostrava with uncompromising energy and a sound that speaks the language of the younger generation.","og_url":"https:\/\/www.colours.cz\/en\/ucinkujici\/znd\/","og_site_name":"Colours of Ostrava","article_modified_time":"2025-06-23T19:07:38+00:00","og_image":[{"width":2560,"height":1802,"url":"https:\/\/www.colours.cz\/wp-content\/uploads\/2025\/06\/znd_DSC03631-scaled.jpg","type":"image\/jpeg"}],"twitter_card":"summary_large_image","twitter_misc":{"Est. reading time":"1 minute"},"schema":{"@context":"https:\/\/schema.org","@graph":[{"@type":"WebPage","@id":"https:\/\/www.colours.cz\/en\/ucinkujici\/znd\/","url":"https:\/\/www.colours.cz\/en\/ucinkujici\/znd\/","name":"ZND - Colours of Ostrava","isPartOf":{"@id":"https:\/\/www.colours.cz\/en\/#website"},"primaryImageOfPage":{"@id":"https:\/\/www.colours.cz\/en\/ucinkujici\/znd\/#primaryimage"},"image":{"@id":"https:\/\/www.colours.cz\/en\/ucinkujici\/znd\/#primaryimage"},"thumbnailUrl":"https:\/\/www.colours.cz\/wp-content\/uploads\/2025\/06\/znd_DSC03631-scaled.jpg","datePublished":"2025-06-13T10:52:04+00:00","dateModified":"2025-06-23T19:07:38+00:00","breadcrumb":{"@id":"https:\/\/www.colours.cz\/en\/ucinkujici\/znd\/#breadcrumb"},"inLanguage":"en-US","potentialAction":[{"@type":"ReadAction","target":["https:\/\/www.colours.cz\/en\/ucinkujici\/znd\/"]}]},{"@type":"ImageObject","inLanguage":"en-US","@id":"https:\/\/www.colours.cz\/en\/ucinkujici\/znd\/#primaryimage","url":"https:\/\/www.colours.cz\/wp-content\/uploads\/2025\/06\/znd_DSC03631-scaled.jpg","contentUrl":"https:\/\/www.colours.cz\/wp-content\/uploads\/2025\/06\/znd_DSC03631-scaled.jpg","width":2560,"height":1802},{"@type":"BreadcrumbList","@id":"https:\/\/www.colours.cz\/en\/ucinkujici\/znd\/#breadcrumb","itemListElement":[{"@type":"ListItem","position":1,"name":"Dom\u016f","item":"https:\/\/www.colours.cz\/en\/"},{"@type":"ListItem","position":2,"name":"ZND"}]},{"@type":"WebSite","@id":"https:\/\/www.colours.cz\/en\/#website","url":"https:\/\/www.colours.cz\/en\/","name":"Colours of Ostrava","description":"","potentialAction":[{"@type":"SearchAction","target":{"@type":"EntryPoint","urlTemplate":"https:\/\/www.colours.cz\/en\/?s={search_term_string}"},"query-input":{"@type":"PropertyValueSpecification","valueRequired":true,"valueName":"search_term_string"}}],"inLanguage":"en-US"}]}},"program-params-interpret-block-order":"0","program-params-thumbnail-mobile-id":"5891","program-params-sign-language-available":"","program-params-timeline-description":"","program-tickets-not-included":"0","program-events-items-ids":[{"program-event-items-date-start":"19.07.2025 17:45","program-event-items-date-end":"19.07.2025 18:30","program-event-items-date-length":"45","program-event-items-place":"6497"}],"program-spotify-iframe":"","program-spotify-position":"center","program-socials-facebook":"","program-socials-youtube":"","program-socials-spotify":"","program-socials-instagram":"","program-socials-threads":"","program-socials-tiktok":"","program-socials-linkedin":"","program-gallery-items-ids":[{"program-items-url":"","program-items-title":"","program-items-description":"","program-items-duration":"","program-items-image-id":""}],"program-discover-title":"","program-discover-show-in-modal":"","program-discover-items-ids":"","_links":{"self":[{"href":"https:\/\/www.colours.cz\/en\/wp-json\/wp\/v2\/program\/5894","targetHints":{"allow":["GET"]}}],"collection":[{"href":"https:\/\/www.colours.cz\/en\/wp-json\/wp\/v2\/program"}],"about":[{"href":"https:\/\/www.colours.cz\/en\/wp-json\/wp\/v2\/types\/program"}],"wp:featuredmedia":[{"embeddable":true,"href":"https:\/\/www.colours.cz\/en\/wp-json\/wp\/v2\/media\/5889"}],"wp:attachment":[{"href":"https:\/\/www.colours.cz\/en\/wp-json\/wp\/v2\/media?parent=5894"}],"wp:term":[{"taxonomy":"program-year","embeddable":true,"href":"https:\/\/www.colours.cz\/en\/wp-json\/wp\/v2\/program-year?post=5894"},{"taxonomy":"program-category","embeddable":true,"href":"https:\/\/www.colours.cz\/en\/wp-json\/wp\/v2\/program-category?post=5894"},{"taxonomy":"program-genre","embeddable":true,"href":"https:\/\/www.colours.cz\/en\/wp-json\/wp\/v2\/program-genre?post=5894"},{"taxonomy":"program-country","embeddable":true,"href":"https:\/\/www.colours.cz\/en\/wp-json\/wp\/v2\/program-country?post=5894"}],"curies":[{"name":"wp","href":"https:\/\/api.w.org\/{rel}","templated":true}]}}

<figure class="wp-block-embed is-type-video is-provider-youtube wp-block-embed-youtube wp-embed-aspect-16-9 wp-has-aspect-ratio"><div class="wp-block-embed__wrapper">
<iframe loading="lazy" title="ZND - Game over" width="500" height="281" src="https://www.youtube.com/embed/fVxtRT7mkC0?feature=oembed" frameborder="0" allow="accelerometer; autoplay; clipboard-write; encrypted-media; gyroscope; picture-in-picture; web-share" referrerpolicy="strict-origin-when-cross-origin" allowfullscreen></iframe>
</div></figure>



<p>Their music blends pop-punk, rap, electronic, and pop, fearlessly embracing loudness, vulnerability, and authenticity all at once. Since winning the Toyota Beat Festival in 2022, they’ve played dozens of gigs and shared the stage with artists like Rybičky 48, Ewa Farna, and Civilní Obrana. Now, their moment has arrived at Dolní oblast Vítkovice. Come support them and get ready for a show that’s guaranteed to get you moving.</p>

Domů
