{"id":5867,"date":"2025-06-13T11:38:48","date_gmt":"2025-06-13T09:38:48","guid":{"rendered":"https:\/\/www.colours.cz\/?post_type=program&#038;p=5867"},"modified":"2025-07-03T09:24:00","modified_gmt":"2025-07-03T07:24:00","slug":"facing-the-extremes","status":"publish","type":"program","link":"https:\/\/www.colours.cz\/en\/ucinkujici\/facing-the-extremes\/","title":{"rendered":"Facing the Extremes"},"content":{"rendered":"\n<p>Come gain courage and learn how to turn chaos into control &#8211; because being prepared can save a life!<\/p>\n\n\n\n<p>speaker:<\/p>\n\n\n\n<ul class=\"wp-block-list\">\n<li>Lucie R\u00e1\u010dkov\u00e1<\/li>\n<\/ul>\n\n\n\n<p>moderator:<\/p>\n\n\n\n<ul class=\"wp-block-list\">\n<li>Zdravko Krstanov<\/li>\n<\/ul>\n\n\n\n<p><\/p>\n","protected":false},"excerpt":{"rendered":"<p>What to do when an unexpected crisis comes? Lucie R\u00e1\u010dkov\u00e1, an experienced crisis counsellor and author of the CalmMind method, which helps people cope with stress and panic in extreme situations, will guide you through practical tips and techniques on how to stay calm and act effectively even when the going gets tough.<\/p>\n","protected":false},"featured_media":5822,"menu_order":0,"template":"","meta":[],"program-year":[29,119],"program-category":[426,427],"program-genre":[],"program-country":[],"class_list":["post-5867","program","type-program","status-publish","has-post-thumbnail","hentry","program-category-meltingpot-program","program-category-meltingpot-programme"],"yoast_head":"<!-- This site is optimized with the Yoast SEO plugin v25.3.1 - https:\/\/yoast.com\/wordpress\/plugins\/seo\/ -->\n<title>Facing the Extremes - Colours of Ostrava<\/title>\n<meta name=\"robots\" content=\"index, follow, max-snippet:-1, max-image-preview:large, max-video-preview:-1\" \/>\n<link rel=\"canonical\" href=\"https:\/\/www.colours.cz\/en\/ucinkujici\/facing-the-extremes\/\" \/>\n<meta property=\"og:locale\" content=\"en_US\" \/>\n<meta property=\"og:type\" content=\"article\" \/>\n<meta property=\"og:title\" content=\"Facing the Extremes - Colours of Ostrava\" \/>\n<meta property=\"og:description\" content=\"What to do when an unexpected crisis comes? Lucie R\u00e1\u010dkov\u00e1, an experienced crisis counsellor and author of the CalmMind method, which helps people cope with stress and panic in extreme situations, will guide you through practical tips and techniques on how to stay calm and act effectively even when the going gets tough.\" \/>\n<meta property=\"og:url\" content=\"https:\/\/www.colours.cz\/en\/ucinkujici\/facing-the-extremes\/\" \/>\n<meta property=\"og:site_name\" content=\"Colours of Ostrava\" \/>\n<meta property=\"article:modified_time\" content=\"2025-07-03T07:24:00+00:00\" \/>\n<meta property=\"og:image\" content=\"https:\/\/www.colours.cz\/wp-content\/uploads\/2025\/06\/melt_divaci_blur-scaled.jpg\" \/>\n\t<meta property=\"og:image:width\" content=\"2560\" \/>\n\t<meta property=\"og:image:height\" content=\"1398\" \/>\n\t<meta property=\"og:image:type\" content=\"image\/jpeg\" \/>\n<meta name=\"twitter:card\" content=\"summary_large_image\" \/>\n<meta name=\"twitter:label1\" content=\"Est. reading time\" \/>\n\t<meta name=\"twitter:data1\" content=\"1 minute\" \/>\n<!-- \/ Yoast SEO plugin. -->","yoast_head_json":{"title":"Facing the Extremes - Colours of Ostrava","robots":{"index":"index","follow":"follow","max-snippet":"max-snippet:-1","max-image-preview":"max-image-preview:large","max-video-preview":"max-video-preview:-1"},"canonical":"https:\/\/www.colours.cz\/en\/ucinkujici\/facing-the-extremes\/","og_locale":"en_US","og_type":"article","og_title":"Facing the Extremes - Colours of Ostrava","og_description":"What to do when an unexpected crisis comes? Lucie R\u00e1\u010dkov\u00e1, an experienced crisis counsellor and author of the CalmMind method, which helps people cope with stress and panic in extreme situations, will guide you through practical tips and techniques on how to stay calm and act effectively even when the going gets tough.","og_url":"https:\/\/www.colours.cz\/en\/ucinkujici\/facing-the-extremes\/","og_site_name":"Colours of Ostrava","article_modified_time":"2025-07-03T07:24:00+00:00","og_image":[{"width":2560,"height":1398,"url":"https:\/\/www.colours.cz\/wp-content\/uploads\/2025\/06\/melt_divaci_blur-scaled.jpg","type":"image\/jpeg"}],"twitter_card":"summary_large_image","twitter_misc":{"Est. reading time":"1 minute"},"schema":{"@context":"https:\/\/schema.org","@graph":[{"@type":"WebPage","@id":"https:\/\/www.colours.cz\/en\/ucinkujici\/facing-the-extremes\/","url":"https:\/\/www.colours.cz\/en\/ucinkujici\/facing-the-extremes\/","name":"Facing the Extremes - Colours of Ostrava","isPartOf":{"@id":"https:\/\/www.colours.cz\/en\/#website"},"primaryImageOfPage":{"@id":"https:\/\/www.colours.cz\/en\/ucinkujici\/facing-the-extremes\/#primaryimage"},"image":{"@id":"https:\/\/www.colours.cz\/en\/ucinkujici\/facing-the-extremes\/#primaryimage"},"thumbnailUrl":"https:\/\/www.colours.cz\/wp-content\/uploads\/2025\/06\/melt_divaci_blur-scaled.jpg","datePublished":"2025-06-13T09:38:48+00:00","dateModified":"2025-07-03T07:24:00+00:00","breadcrumb":{"@id":"https:\/\/www.colours.cz\/en\/ucinkujici\/facing-the-extremes\/#breadcrumb"},"inLanguage":"en-US","potentialAction":[{"@type":"ReadAction","target":["https:\/\/www.colours.cz\/en\/ucinkujici\/facing-the-extremes\/"]}]},{"@type":"ImageObject","inLanguage":"en-US","@id":"https:\/\/www.colours.cz\/en\/ucinkujici\/facing-the-extremes\/#primaryimage","url":"https:\/\/www.colours.cz\/wp-content\/uploads\/2025\/06\/melt_divaci_blur-scaled.jpg","contentUrl":"https:\/\/www.colours.cz\/wp-content\/uploads\/2025\/06\/melt_divaci_blur-scaled.jpg","width":2560,"height":1398},{"@type":"BreadcrumbList","@id":"https:\/\/www.colours.cz\/en\/ucinkujici\/facing-the-extremes\/#breadcrumb","itemListElement":[{"@type":"ListItem","position":1,"name":"Dom\u016f","item":"https:\/\/www.colours.cz\/en\/"},{"@type":"ListItem","position":2,"name":"Facing the Extremes"}]},{"@type":"WebSite","@id":"https:\/\/www.colours.cz\/en\/#website","url":"https:\/\/www.colours.cz\/en\/","name":"Colours of Ostrava","description":"","potentialAction":[{"@type":"SearchAction","target":{"@type":"EntryPoint","urlTemplate":"https:\/\/www.colours.cz\/en\/?s={search_term_string}"},"query-input":{"@type":"PropertyValueSpecification","valueRequired":true,"valueName":"search_term_string"}}],"inLanguage":"en-US"}]}},"program-params-interpret-block-order":"0","program-params-thumbnail-mobile-id":"","program-params-sign-language-available":"0","program-params-timeline-description":"","program-tickets-not-included":"0","program-events-items-ids":[{"program-event-items-date-start":"18.07.2025 14:20","program-event-items-date-end":"18.07.2025 14:40","program-event-items-date-length":"20","program-event-items-place":"6529"}],"program-spotify-iframe":"","program-spotify-position":"center","program-socials-facebook":"","program-socials-youtube":"","program-socials-spotify":"","program-socials-instagram":"","program-socials-threads":"","program-socials-tiktok":"","program-socials-linkedin":"","program-gallery-items-ids":[{"program-items-url":"","program-items-title":"","program-items-description":"","program-items-duration":"","program-items-image-id":""}],"program-discover-title":"","program-discover-show-in-modal":"0","program-discover-items-ids":"","_links":{"self":[{"href":"https:\/\/www.colours.cz\/en\/wp-json\/wp\/v2\/program\/5867","targetHints":{"allow":["GET"]}}],"collection":[{"href":"https:\/\/www.colours.cz\/en\/wp-json\/wp\/v2\/program"}],"about":[{"href":"https:\/\/www.colours.cz\/en\/wp-json\/wp\/v2\/types\/program"}],"wp:featuredmedia":[{"embeddable":true,"href":"https:\/\/www.colours.cz\/en\/wp-json\/wp\/v2\/media\/5822"}],"wp:attachment":[{"href":"https:\/\/www.colours.cz\/en\/wp-json\/wp\/v2\/media?parent=5867"}],"wp:term":[{"taxonomy":"program-year","embeddable":true,"href":"https:\/\/www.colours.cz\/en\/wp-json\/wp\/v2\/program-year?post=5867"},{"taxonomy":"program-category","embeddable":true,"href":"https:\/\/www.colours.cz\/en\/wp-json\/wp\/v2\/program-category?post=5867"},{"taxonomy":"program-genre","embeddable":true,"href":"https:\/\/www.colours.cz\/en\/wp-json\/wp\/v2\/program-genre?post=5867"},{"taxonomy":"program-country","embeddable":true,"href":"https:\/\/www.colours.cz\/en\/wp-json\/wp\/v2\/program-country?post=5867"}],"curies":[{"name":"wp","href":"https:\/\/api.w.org\/{rel}","templated":true}]}}

<p>Come gain courage and learn how to turn chaos into control &#8211; because being prepared can save a life!</p>



<p>speaker:</p>



<ul class="wp-block-list">
<li>Lucie Ráčková</li>
</ul>



<p>moderator:</p>



<ul class="wp-block-list">
<li>Zdravko Krstanov</li>
</ul>



<p></p>

<p>What to do when an unexpected crisis comes? Lucie Ráčková, an experienced crisis counsellor and author of the CalmMind method, which helps people cope with stress and panic in extreme situations, will guide you through practical tips and techniques on how to stay calm and act effectively even when the going gets tough.</p>

<!-- This site is optimized with the Yoast SEO plugin v25.3.1 - https://yoast.com/wordpress/plugins/seo/ -->
<title>Facing the Extremes - Colours of Ostrava</title>
<meta name="robots" content="index, follow, max-snippet:-1, max-image-preview:large, max-video-preview:-1" />
<link rel="canonical" href="https://www.colours.cz/en/ucinkujici/facing-the-extremes/" />
<meta property="og:locale" content="en_US" />
<meta property="og:type" content="article" />
<meta property="og:title" content="Facing the Extremes - Colours of Ostrava" />
<meta property="og:description" content="What to do when an unexpected crisis comes? Lucie Ráčková, an experienced crisis counsellor and author of the CalmMind method, which helps people cope with stress and panic in extreme situations, will guide you through practical tips and techniques on how to stay calm and act effectively even when the going gets tough." />
<meta property="og:url" content="https://www.colours.cz/en/ucinkujici/facing-the-extremes/" />
<meta property="og:site_name" content="Colours of Ostrava" />
<meta property="article:modified_time" content="2025-07-03T07:24:00+00:00" />
<meta property="og:image" content="https://www.colours.cz/wp-content/uploads/2025/06/melt_divaci_blur-scaled.jpg" />
	<meta property="og:image:width" content="2560" />
	<meta property="og:image:height" content="1398" />
	<meta property="og:image:type" content="image/jpeg" />
<meta name="twitter:card" content="summary_large_image" />
<meta name="twitter:label1" content="Est. reading time" />
	<meta name="twitter:data1" content="1 minute" />
<!-- / Yoast SEO plugin. -->

What to do when an unexpected crisis comes? Lucie Ráčková, an experienced crisis counsellor and author of the CalmMind method, which helps people cope with stress and panic in extreme situations, will guide you through practical tips and techniques on how to stay calm and act effectively even when the going gets tough.

Domů
