{"id":5730,"date":"2025-06-11T16:14:01","date_gmt":"2025-06-11T14:14:01","guid":{"rendered":"https:\/\/www.colours.cz\/ucinkujici\/midnight\/"},"modified":"2025-06-23T21:08:26","modified_gmt":"2025-06-23T19:08:26","slug":"midnight","status":"publish","type":"program","link":"https:\/\/www.colours.cz\/en\/ucinkujici\/midnight\/","title":{"rendered":"Midnight"},"content":{"rendered":"\n<figure class=\"wp-block-embed is-type-video is-provider-youtube wp-block-embed-youtube wp-embed-aspect-16-9 wp-has-aspect-ratio\"><div class=\"wp-block-embed__wrapper\">\n<iframe loading=\"lazy\" title=\"Midnight - Instastorky\" width=\"500\" height=\"281\" src=\"https:\/\/www.youtube.com\/embed\/q-CgRIWCMKA?feature=oembed\" frameborder=\"0\" allow=\"accelerometer; autoplay; clipboard-write; encrypted-media; gyroscope; picture-in-picture; web-share\" referrerpolicy=\"strict-origin-when-cross-origin\" allowfullscreen><\/iframe>\n<\/div><\/figure>\n\n\n\n<p>The band write their own music, blending electronic elements and modern synths, proving that dreams of big stages can come true at a very young age. With their single <em>Instastorky<\/em>, they impressed both the judges and fans at the \u010cist\u00fd festival REC.stage 2025, earning third place. Most importantly, they won the title of Universal Music Discovery and secured a contract that means you\u2019ll be hearing a lot more from them this year.<\/p>\n","protected":false},"excerpt":{"rendered":"<p>Midnight are a four-piece pop band from Nov\u00fd Ji\u010d\u00edn, bringing a fresh wave of youthful energy.<\/p>\n","protected":false},"featured_media":5724,"menu_order":0,"template":"","meta":[],"program-year":[119],"program-category":[120],"program-genre":[329,121,260],"program-country":[256],"class_list":["post-5730","program","type-program","status-publish","has-post-thumbnail","hentry","program-category-music-programme","program-genre-alternative-en","program-genre-electornic-en","program-genre-indie-en","program-country-cesko-en"],"yoast_head":"<!-- This site is optimized with the Yoast SEO plugin v25.3.1 - https:\/\/yoast.com\/wordpress\/plugins\/seo\/ -->\n<title>Midnight - Colours of Ostrava<\/title>\n<meta name=\"robots\" content=\"index, follow, max-snippet:-1, max-image-preview:large, max-video-preview:-1\" \/>\n<link rel=\"canonical\" href=\"https:\/\/www.colours.cz\/en\/ucinkujici\/midnight\/\" \/>\n<meta property=\"og:locale\" content=\"en_US\" \/>\n<meta property=\"og:type\" content=\"article\" \/>\n<meta property=\"og:title\" content=\"Midnight - Colours of Ostrava\" \/>\n<meta property=\"og:description\" content=\"Midnight are a four-piece pop band from Nov\u00fd Ji\u010d\u00edn, bringing a fresh wave of youthful energy.\" \/>\n<meta property=\"og:url\" content=\"https:\/\/www.colours.cz\/en\/ucinkujici\/midnight\/\" \/>\n<meta property=\"og:site_name\" content=\"Colours of Ostrava\" \/>\n<meta property=\"article:modified_time\" content=\"2025-06-23T19:08:26+00:00\" \/>\n<meta property=\"og:image\" content=\"https:\/\/www.colours.cz\/wp-content\/uploads\/2025\/06\/DSC09539-Enhanced-NR-scaled.jpg\" \/>\n\t<meta property=\"og:image:width\" content=\"2560\" \/>\n\t<meta property=\"og:image:height\" content=\"1706\" \/>\n\t<meta property=\"og:image:type\" content=\"image\/jpeg\" \/>\n<meta name=\"twitter:card\" content=\"summary_large_image\" \/>\n<meta name=\"twitter:label1\" content=\"Est. reading time\" \/>\n\t<meta name=\"twitter:data1\" content=\"1 minute\" \/>\n<!-- \/ Yoast SEO plugin. -->","yoast_head_json":{"title":"Midnight - Colours of Ostrava","robots":{"index":"index","follow":"follow","max-snippet":"max-snippet:-1","max-image-preview":"max-image-preview:large","max-video-preview":"max-video-preview:-1"},"canonical":"https:\/\/www.colours.cz\/en\/ucinkujici\/midnight\/","og_locale":"en_US","og_type":"article","og_title":"Midnight - Colours of Ostrava","og_description":"Midnight are a four-piece pop band from Nov\u00fd Ji\u010d\u00edn, bringing a fresh wave of youthful energy.","og_url":"https:\/\/www.colours.cz\/en\/ucinkujici\/midnight\/","og_site_name":"Colours of Ostrava","article_modified_time":"2025-06-23T19:08:26+00:00","og_image":[{"width":2560,"height":1706,"url":"https:\/\/www.colours.cz\/wp-content\/uploads\/2025\/06\/DSC09539-Enhanced-NR-scaled.jpg","type":"image\/jpeg"}],"twitter_card":"summary_large_image","twitter_misc":{"Est. reading time":"1 minute"},"schema":{"@context":"https:\/\/schema.org","@graph":[{"@type":"WebPage","@id":"https:\/\/www.colours.cz\/en\/ucinkujici\/midnight\/","url":"https:\/\/www.colours.cz\/en\/ucinkujici\/midnight\/","name":"Midnight - Colours of Ostrava","isPartOf":{"@id":"https:\/\/www.colours.cz\/en\/#website"},"primaryImageOfPage":{"@id":"https:\/\/www.colours.cz\/en\/ucinkujici\/midnight\/#primaryimage"},"image":{"@id":"https:\/\/www.colours.cz\/en\/ucinkujici\/midnight\/#primaryimage"},"thumbnailUrl":"https:\/\/www.colours.cz\/wp-content\/uploads\/2025\/06\/DSC09539-Enhanced-NR-scaled.jpg","datePublished":"2025-06-11T14:14:01+00:00","dateModified":"2025-06-23T19:08:26+00:00","breadcrumb":{"@id":"https:\/\/www.colours.cz\/en\/ucinkujici\/midnight\/#breadcrumb"},"inLanguage":"en-US","potentialAction":[{"@type":"ReadAction","target":["https:\/\/www.colours.cz\/en\/ucinkujici\/midnight\/"]}]},{"@type":"ImageObject","inLanguage":"en-US","@id":"https:\/\/www.colours.cz\/en\/ucinkujici\/midnight\/#primaryimage","url":"https:\/\/www.colours.cz\/wp-content\/uploads\/2025\/06\/DSC09539-Enhanced-NR-scaled.jpg","contentUrl":"https:\/\/www.colours.cz\/wp-content\/uploads\/2025\/06\/DSC09539-Enhanced-NR-scaled.jpg","width":2560,"height":1706},{"@type":"BreadcrumbList","@id":"https:\/\/www.colours.cz\/en\/ucinkujici\/midnight\/#breadcrumb","itemListElement":[{"@type":"ListItem","position":1,"name":"Dom\u016f","item":"https:\/\/www.colours.cz\/en\/"},{"@type":"ListItem","position":2,"name":"Midnight"}]},{"@type":"WebSite","@id":"https:\/\/www.colours.cz\/en\/#website","url":"https:\/\/www.colours.cz\/en\/","name":"Colours of Ostrava","description":"","potentialAction":[{"@type":"SearchAction","target":{"@type":"EntryPoint","urlTemplate":"https:\/\/www.colours.cz\/en\/?s={search_term_string}"},"query-input":{"@type":"PropertyValueSpecification","valueRequired":true,"valueName":"search_term_string"}}],"inLanguage":"en-US"}]}},"program-params-interpret-block-order":"0","program-params-thumbnail-mobile-id":"","program-params-sign-language-available":"","program-params-timeline-description":"","program-tickets-not-included":"0","program-events-items-ids":[{"program-event-items-date-start":"19.07.2025 19:45","program-event-items-date-end":"19.07.2025 20:30","program-event-items-date-length":"45","program-event-items-place":"6497"}],"program-spotify-iframe":"","program-spotify-position":"center","program-socials-facebook":"","program-socials-youtube":"","program-socials-spotify":"","program-socials-instagram":"","program-socials-threads":"","program-socials-tiktok":"","program-socials-linkedin":"","program-gallery-items-ids":[{"program-items-url":"","program-items-title":"","program-items-description":"","program-items-duration":"","program-items-image-id":""}],"program-discover-title":"","program-discover-show-in-modal":"","program-discover-items-ids":"","_links":{"self":[{"href":"https:\/\/www.colours.cz\/en\/wp-json\/wp\/v2\/program\/5730","targetHints":{"allow":["GET"]}}],"collection":[{"href":"https:\/\/www.colours.cz\/en\/wp-json\/wp\/v2\/program"}],"about":[{"href":"https:\/\/www.colours.cz\/en\/wp-json\/wp\/v2\/types\/program"}],"wp:featuredmedia":[{"embeddable":true,"href":"https:\/\/www.colours.cz\/en\/wp-json\/wp\/v2\/media\/5724"}],"wp:attachment":[{"href":"https:\/\/www.colours.cz\/en\/wp-json\/wp\/v2\/media?parent=5730"}],"wp:term":[{"taxonomy":"program-year","embeddable":true,"href":"https:\/\/www.colours.cz\/en\/wp-json\/wp\/v2\/program-year?post=5730"},{"taxonomy":"program-category","embeddable":true,"href":"https:\/\/www.colours.cz\/en\/wp-json\/wp\/v2\/program-category?post=5730"},{"taxonomy":"program-genre","embeddable":true,"href":"https:\/\/www.colours.cz\/en\/wp-json\/wp\/v2\/program-genre?post=5730"},{"taxonomy":"program-country","embeddable":true,"href":"https:\/\/www.colours.cz\/en\/wp-json\/wp\/v2\/program-country?post=5730"}],"curies":[{"name":"wp","href":"https:\/\/api.w.org\/{rel}","templated":true}]}}

<figure class="wp-block-embed is-type-video is-provider-youtube wp-block-embed-youtube wp-embed-aspect-16-9 wp-has-aspect-ratio"><div class="wp-block-embed__wrapper">
<iframe loading="lazy" title="Midnight - Instastorky" width="500" height="281" src="https://www.youtube.com/embed/q-CgRIWCMKA?feature=oembed" frameborder="0" allow="accelerometer; autoplay; clipboard-write; encrypted-media; gyroscope; picture-in-picture; web-share" referrerpolicy="strict-origin-when-cross-origin" allowfullscreen></iframe>
</div></figure>



<p>The band write their own music, blending electronic elements and modern synths, proving that dreams of big stages can come true at a very young age. With their single <em>Instastorky</em>, they impressed both the judges and fans at the Čistý festival REC.stage 2025, earning third place. Most importantly, they won the title of Universal Music Discovery and secured a contract that means you’ll be hearing a lot more from them this year.</p>

<p>Midnight are a four-piece pop band from Nový Jičín, bringing a fresh wave of youthful energy.</p>

<!-- This site is optimized with the Yoast SEO plugin v25.3.1 - https://yoast.com/wordpress/plugins/seo/ -->
<title>Midnight - Colours of Ostrava</title>
<meta name="robots" content="index, follow, max-snippet:-1, max-image-preview:large, max-video-preview:-1" />
<link rel="canonical" href="https://www.colours.cz/en/ucinkujici/midnight/" />
<meta property="og:locale" content="en_US" />
<meta property="og:type" content="article" />
<meta property="og:title" content="Midnight - Colours of Ostrava" />
<meta property="og:description" content="Midnight are a four-piece pop band from Nový Jičín, bringing a fresh wave of youthful energy." />
<meta property="og:url" content="https://www.colours.cz/en/ucinkujici/midnight/" />
<meta property="og:site_name" content="Colours of Ostrava" />
<meta property="article:modified_time" content="2025-06-23T19:08:26+00:00" />
<meta property="og:image" content="https://www.colours.cz/wp-content/uploads/2025/06/DSC09539-Enhanced-NR-scaled.jpg" />
	<meta property="og:image:width" content="2560" />
	<meta property="og:image:height" content="1706" />
	<meta property="og:image:type" content="image/jpeg" />
<meta name="twitter:card" content="summary_large_image" />
<meta name="twitter:label1" content="Est. reading time" />
	<meta name="twitter:data1" content="1 minute" />
<!-- / Yoast SEO plugin. -->

Midnight are a four-piece pop band from Nový Jičín, bringing a fresh wave of youthful energy.

Domů
