{"id":5715,"date":"2025-06-11T16:10:05","date_gmt":"2025-06-11T14:10:05","guid":{"rendered":"https:\/\/www.colours.cz\/ucinkujici\/getaway\/"},"modified":"2025-06-23T19:34:44","modified_gmt":"2025-06-23T17:34:44","slug":"getaway","status":"publish","type":"program","link":"https:\/\/www.colours.cz\/en\/ucinkujici\/getaway\/","title":{"rendered":"Getaway"},"content":{"rendered":"\n<figure class=\"wp-block-embed is-type-video is-provider-youtube wp-block-embed-youtube wp-embed-aspect-16-9 wp-has-aspect-ratio\"><div class=\"wp-block-embed__wrapper\">\n<iframe loading=\"lazy\" title=\"Getaway - Closers\" width=\"500\" height=\"281\" src=\"https:\/\/www.youtube.com\/embed\/knc8wX7pp9E?feature=oembed\" frameborder=\"0\" allow=\"accelerometer; autoplay; clipboard-write; encrypted-media; gyroscope; picture-in-picture; web-share\" referrerpolicy=\"strict-origin-when-cross-origin\" allowfullscreen><\/iframe>\n<\/div><\/figure>\n\n\n\n<p>Their single <em>Closers<\/em> earned them second place in the \u010cist\u00fd festival REC.stage 2025 competition. The youngest member, guitarist Tobi\u00e1\u0161, is just 13 years old, while frontwoman Veronika is only 16. Yet their music sounds remarkably mature, confident, and fresh all at once. They\u2019re set for a major live performance on the REC.stage at Colours of Ostrava\u2014your unique chance to witness the birth of something truly special. Come and hear them live, as they play just for you.<\/p>\n","protected":false},"excerpt":{"rendered":"<p>Getaway are anything but an ordinary band. This five-piece from Fr\u00fddek-M\u00edstek delivers a vibrant mix of energy, emotion, and genre-blending sounds, combining indie rock and chamber pop with touches of soul and R\u2019n\u2019B.<\/p>\n","protected":false},"featured_media":5719,"menu_order":0,"template":"","meta":[],"program-year":[119],"program-category":[120],"program-genre":[244,329,180],"program-country":[],"class_list":["post-5715","program","type-program","status-publish","has-post-thumbnail","hentry","program-category-music-programme","program-genre-acoustic-en","program-genre-alternative-en","program-genre-pop-en"],"yoast_head":"<!-- This site is optimized with the Yoast SEO plugin v25.3.1 - https:\/\/yoast.com\/wordpress\/plugins\/seo\/ -->\n<title>Getaway - Colours of Ostrava<\/title>\n<meta name=\"robots\" content=\"index, follow, max-snippet:-1, max-image-preview:large, max-video-preview:-1\" \/>\n<link rel=\"canonical\" href=\"https:\/\/www.colours.cz\/en\/ucinkujici\/getaway\/\" \/>\n<meta property=\"og:locale\" content=\"en_US\" \/>\n<meta property=\"og:type\" content=\"article\" \/>\n<meta property=\"og:title\" content=\"Getaway - Colours of Ostrava\" \/>\n<meta property=\"og:description\" content=\"Getaway are anything but an ordinary band. This five-piece from Fr\u00fddek-M\u00edstek delivers a vibrant mix of energy, emotion, and genre-blending sounds, combining indie rock and chamber pop with touches of soul and R\u2019n\u2019B.\" \/>\n<meta property=\"og:url\" content=\"https:\/\/www.colours.cz\/en\/ucinkujici\/getaway\/\" \/>\n<meta property=\"og:site_name\" content=\"Colours of Ostrava\" \/>\n<meta property=\"article:modified_time\" content=\"2025-06-23T17:34:44+00:00\" \/>\n<meta property=\"og:image\" content=\"https:\/\/www.colours.cz\/wp-content\/uploads\/2025\/06\/PROMO1_na-sirku-scaled.jpg\" \/>\n\t<meta property=\"og:image:width\" content=\"2560\" \/>\n\t<meta property=\"og:image:height\" content=\"1707\" \/>\n\t<meta property=\"og:image:type\" content=\"image\/jpeg\" \/>\n<meta name=\"twitter:card\" content=\"summary_large_image\" \/>\n<meta name=\"twitter:label1\" content=\"Est. reading time\" \/>\n\t<meta name=\"twitter:data1\" content=\"1 minute\" \/>\n<!-- \/ Yoast SEO plugin. -->","yoast_head_json":{"title":"Getaway - Colours of Ostrava","robots":{"index":"index","follow":"follow","max-snippet":"max-snippet:-1","max-image-preview":"max-image-preview:large","max-video-preview":"max-video-preview:-1"},"canonical":"https:\/\/www.colours.cz\/en\/ucinkujici\/getaway\/","og_locale":"en_US","og_type":"article","og_title":"Getaway - Colours of Ostrava","og_description":"Getaway are anything but an ordinary band. This five-piece from Fr\u00fddek-M\u00edstek delivers a vibrant mix of energy, emotion, and genre-blending sounds, combining indie rock and chamber pop with touches of soul and R\u2019n\u2019B.","og_url":"https:\/\/www.colours.cz\/en\/ucinkujici\/getaway\/","og_site_name":"Colours of Ostrava","article_modified_time":"2025-06-23T17:34:44+00:00","og_image":[{"width":2560,"height":1707,"url":"https:\/\/www.colours.cz\/wp-content\/uploads\/2025\/06\/PROMO1_na-sirku-scaled.jpg","type":"image\/jpeg"}],"twitter_card":"summary_large_image","twitter_misc":{"Est. reading time":"1 minute"},"schema":{"@context":"https:\/\/schema.org","@graph":[{"@type":"WebPage","@id":"https:\/\/www.colours.cz\/en\/ucinkujici\/getaway\/","url":"https:\/\/www.colours.cz\/en\/ucinkujici\/getaway\/","name":"Getaway - Colours of Ostrava","isPartOf":{"@id":"https:\/\/www.colours.cz\/en\/#website"},"primaryImageOfPage":{"@id":"https:\/\/www.colours.cz\/en\/ucinkujici\/getaway\/#primaryimage"},"image":{"@id":"https:\/\/www.colours.cz\/en\/ucinkujici\/getaway\/#primaryimage"},"thumbnailUrl":"https:\/\/www.colours.cz\/wp-content\/uploads\/2025\/06\/PROMO1_na-sirku-scaled.jpg","datePublished":"2025-06-11T14:10:05+00:00","dateModified":"2025-06-23T17:34:44+00:00","breadcrumb":{"@id":"https:\/\/www.colours.cz\/en\/ucinkujici\/getaway\/#breadcrumb"},"inLanguage":"en-US","potentialAction":[{"@type":"ReadAction","target":["https:\/\/www.colours.cz\/en\/ucinkujici\/getaway\/"]}]},{"@type":"ImageObject","inLanguage":"en-US","@id":"https:\/\/www.colours.cz\/en\/ucinkujici\/getaway\/#primaryimage","url":"https:\/\/www.colours.cz\/wp-content\/uploads\/2025\/06\/PROMO1_na-sirku-scaled.jpg","contentUrl":"https:\/\/www.colours.cz\/wp-content\/uploads\/2025\/06\/PROMO1_na-sirku-scaled.jpg","width":2560,"height":1707},{"@type":"BreadcrumbList","@id":"https:\/\/www.colours.cz\/en\/ucinkujici\/getaway\/#breadcrumb","itemListElement":[{"@type":"ListItem","position":1,"name":"Dom\u016f","item":"https:\/\/www.colours.cz\/en\/"},{"@type":"ListItem","position":2,"name":"Getaway"}]},{"@type":"WebSite","@id":"https:\/\/www.colours.cz\/en\/#website","url":"https:\/\/www.colours.cz\/en\/","name":"Colours of Ostrava","description":"","potentialAction":[{"@type":"SearchAction","target":{"@type":"EntryPoint","urlTemplate":"https:\/\/www.colours.cz\/en\/?s={search_term_string}"},"query-input":{"@type":"PropertyValueSpecification","valueRequired":true,"valueName":"search_term_string"}}],"inLanguage":"en-US"}]}},"program-params-interpret-block-order":"0","program-params-thumbnail-mobile-id":"","program-params-sign-language-available":"","program-params-timeline-description":"","program-tickets-not-included":"0","program-events-items-ids":[{"program-event-items-date-start":"17.07.2025 21:00","program-event-items-date-end":"17.07.2025 21:45","program-event-items-date-length":"45","program-event-items-place":"6497"}],"program-spotify-iframe":"","program-spotify-position":"center","program-socials-facebook":"","program-socials-youtube":"","program-socials-spotify":"","program-socials-instagram":"","program-socials-threads":"","program-socials-tiktok":"","program-socials-linkedin":"","program-gallery-items-ids":[{"program-items-url":"","program-items-title":"","program-items-description":"","program-items-duration":"","program-items-image-id":""}],"program-discover-title":"","program-discover-show-in-modal":"","program-discover-items-ids":"","_links":{"self":[{"href":"https:\/\/www.colours.cz\/en\/wp-json\/wp\/v2\/program\/5715","targetHints":{"allow":["GET"]}}],"collection":[{"href":"https:\/\/www.colours.cz\/en\/wp-json\/wp\/v2\/program"}],"about":[{"href":"https:\/\/www.colours.cz\/en\/wp-json\/wp\/v2\/types\/program"}],"wp:featuredmedia":[{"embeddable":true,"href":"https:\/\/www.colours.cz\/en\/wp-json\/wp\/v2\/media\/5719"}],"wp:attachment":[{"href":"https:\/\/www.colours.cz\/en\/wp-json\/wp\/v2\/media?parent=5715"}],"wp:term":[{"taxonomy":"program-year","embeddable":true,"href":"https:\/\/www.colours.cz\/en\/wp-json\/wp\/v2\/program-year?post=5715"},{"taxonomy":"program-category","embeddable":true,"href":"https:\/\/www.colours.cz\/en\/wp-json\/wp\/v2\/program-category?post=5715"},{"taxonomy":"program-genre","embeddable":true,"href":"https:\/\/www.colours.cz\/en\/wp-json\/wp\/v2\/program-genre?post=5715"},{"taxonomy":"program-country","embeddable":true,"href":"https:\/\/www.colours.cz\/en\/wp-json\/wp\/v2\/program-country?post=5715"}],"curies":[{"name":"wp","href":"https:\/\/api.w.org\/{rel}","templated":true}]}}

<figure class="wp-block-embed is-type-video is-provider-youtube wp-block-embed-youtube wp-embed-aspect-16-9 wp-has-aspect-ratio"><div class="wp-block-embed__wrapper">
<iframe loading="lazy" title="Getaway - Closers" width="500" height="281" src="https://www.youtube.com/embed/knc8wX7pp9E?feature=oembed" frameborder="0" allow="accelerometer; autoplay; clipboard-write; encrypted-media; gyroscope; picture-in-picture; web-share" referrerpolicy="strict-origin-when-cross-origin" allowfullscreen></iframe>
</div></figure>



<p>Their single <em>Closers</em> earned them second place in the Čistý festival REC.stage 2025 competition. The youngest member, guitarist Tobiáš, is just 13 years old, while frontwoman Veronika is only 16. Yet their music sounds remarkably mature, confident, and fresh all at once. They’re set for a major live performance on the REC.stage at Colours of Ostrava—your unique chance to witness the birth of something truly special. Come and hear them live, as they play just for you.</p>

<p>Getaway are anything but an ordinary band. This five-piece from Frýdek-Místek delivers a vibrant mix of energy, emotion, and genre-blending sounds, combining indie rock and chamber pop with touches of soul and R’n’B.</p>

<!-- This site is optimized with the Yoast SEO plugin v25.3.1 - https://yoast.com/wordpress/plugins/seo/ -->
<title>Getaway - Colours of Ostrava</title>
<meta name="robots" content="index, follow, max-snippet:-1, max-image-preview:large, max-video-preview:-1" />
<link rel="canonical" href="https://www.colours.cz/en/ucinkujici/getaway/" />
<meta property="og:locale" content="en_US" />
<meta property="og:type" content="article" />
<meta property="og:title" content="Getaway - Colours of Ostrava" />
<meta property="og:description" content="Getaway are anything but an ordinary band. This five-piece from Frýdek-Místek delivers a vibrant mix of energy, emotion, and genre-blending sounds, combining indie rock and chamber pop with touches of soul and R’n’B." />
<meta property="og:url" content="https://www.colours.cz/en/ucinkujici/getaway/" />
<meta property="og:site_name" content="Colours of Ostrava" />
<meta property="article:modified_time" content="2025-06-23T17:34:44+00:00" />
<meta property="og:image" content="https://www.colours.cz/wp-content/uploads/2025/06/PROMO1_na-sirku-scaled.jpg" />
	<meta property="og:image:width" content="2560" />
	<meta property="og:image:height" content="1707" />
	<meta property="og:image:type" content="image/jpeg" />
<meta name="twitter:card" content="summary_large_image" />
<meta name="twitter:label1" content="Est. reading time" />
	<meta name="twitter:data1" content="1 minute" />
<!-- / Yoast SEO plugin. -->

Getaway are anything but an ordinary band. This five-piece from Frýdek-Místek delivers a vibrant mix of energy, emotion, and genre-blending sounds, combining indie rock and chamber pop with touches of soul and R’n’B.

Domů
