{"id":4927,"date":"2025-05-04T20:54:45","date_gmt":"2025-05-04T18:54:45","guid":{"rendered":"https:\/\/www.colours.cz\/ucinkujici\/vilem-franek\/"},"modified":"2025-05-20T10:59:44","modified_gmt":"2025-05-20T08:59:44","slug":"vilem-franek","status":"publish","type":"program","link":"https:\/\/www.colours.cz\/en\/ucinkujici\/vilem-franek\/","title":{"rendered":"Vil\u00e9m Fran\u011bk"},"content":{"rendered":"\n<p><em>\u201eEverything I do and believe in today has been defined by team sports.\u201c<\/em><\/p>\n\n\n\n<p>While studying medicine at the University of West Bohemia in Pilsen, he became interested in marketing through the communication of the newly formed Czech university hockey league. Subsequently, he began to explore the digital world at Stream.cz internet television and, after a few years, he got to work on the digital communication of the NHL. At the same time, he was at the birth of the internet television MALL.TV (now fameplay.tv), where he held the role of Marketing director.<\/p>\n\n\n\n<p>He was involved in the creation of Mik\u00fd\u0159&#8217;s Amazing Journey through the Internet and the magazine for Generation Z heyfomo.cz. In 2022-2023, he managed the digital team in the campaign of Danu\u0161e Nerudov\u00e1 for Czech President. Currently, together with Honza C\u00f3n, he forms the basis of the team around Martin Mikyska and his amazing journey through Czech show business within the creator agency called Close friends.<\/p>\n","protected":false},"excerpt":{"rendered":"<p>Marketing professional, doctor and athlete<\/p>\n","protected":false},"featured_media":4483,"menu_order":0,"template":"","meta":[],"program-year":[119],"program-category":[372],"program-genre":[],"program-country":[],"class_list":["post-4927","program","type-program","status-publish","has-post-thumbnail","hentry","program-category-meltingpot-cz-en"],"yoast_head":"<!-- This site is optimized with the Yoast SEO plugin v25.3.1 - https:\/\/yoast.com\/wordpress\/plugins\/seo\/ -->\n<title>Vil\u00e9m Fran\u011bk - Colours of Ostrava<\/title>\n<meta name=\"robots\" content=\"index, follow, max-snippet:-1, max-image-preview:large, max-video-preview:-1\" \/>\n<link rel=\"canonical\" href=\"https:\/\/www.colours.cz\/en\/ucinkujici\/vilem-franek\/\" \/>\n<meta property=\"og:locale\" content=\"en_US\" \/>\n<meta property=\"og:type\" content=\"article\" \/>\n<meta property=\"og:title\" content=\"Vil\u00e9m Fran\u011bk - Colours of Ostrava\" \/>\n<meta property=\"og:description\" content=\"Marketing professional, doctor and athlete\" \/>\n<meta property=\"og:url\" content=\"https:\/\/www.colours.cz\/en\/ucinkujici\/vilem-franek\/\" \/>\n<meta property=\"og:site_name\" content=\"Colours of Ostrava\" \/>\n<meta property=\"article:modified_time\" content=\"2025-05-20T08:59:44+00:00\" \/>\n<meta property=\"og:image\" content=\"https:\/\/www.colours.cz\/wp-content\/uploads\/2025\/05\/Vilem-Franek-1-scaled.jpg\" \/>\n\t<meta property=\"og:image:width\" content=\"2560\" \/>\n\t<meta property=\"og:image:height\" content=\"1643\" \/>\n\t<meta property=\"og:image:type\" content=\"image\/jpeg\" \/>\n<meta name=\"twitter:card\" content=\"summary_large_image\" \/>\n<meta name=\"twitter:label1\" content=\"Est. reading time\" \/>\n\t<meta name=\"twitter:data1\" content=\"2 minutes\" \/>\n<!-- \/ Yoast SEO plugin. -->","yoast_head_json":{"title":"Vil\u00e9m Fran\u011bk - Colours of Ostrava","robots":{"index":"index","follow":"follow","max-snippet":"max-snippet:-1","max-image-preview":"max-image-preview:large","max-video-preview":"max-video-preview:-1"},"canonical":"https:\/\/www.colours.cz\/en\/ucinkujici\/vilem-franek\/","og_locale":"en_US","og_type":"article","og_title":"Vil\u00e9m Fran\u011bk - Colours of Ostrava","og_description":"Marketing professional, doctor and athlete","og_url":"https:\/\/www.colours.cz\/en\/ucinkujici\/vilem-franek\/","og_site_name":"Colours of Ostrava","article_modified_time":"2025-05-20T08:59:44+00:00","og_image":[{"width":2560,"height":1643,"url":"https:\/\/www.colours.cz\/wp-content\/uploads\/2025\/05\/Vilem-Franek-1-scaled.jpg","type":"image\/jpeg"}],"twitter_card":"summary_large_image","twitter_misc":{"Est. reading time":"2 minutes"},"schema":{"@context":"https:\/\/schema.org","@graph":[{"@type":"WebPage","@id":"https:\/\/www.colours.cz\/en\/ucinkujici\/vilem-franek\/","url":"https:\/\/www.colours.cz\/en\/ucinkujici\/vilem-franek\/","name":"Vil\u00e9m Fran\u011bk - Colours of Ostrava","isPartOf":{"@id":"https:\/\/www.colours.cz\/en\/#website"},"primaryImageOfPage":{"@id":"https:\/\/www.colours.cz\/en\/ucinkujici\/vilem-franek\/#primaryimage"},"image":{"@id":"https:\/\/www.colours.cz\/en\/ucinkujici\/vilem-franek\/#primaryimage"},"thumbnailUrl":"https:\/\/www.colours.cz\/wp-content\/uploads\/2025\/05\/Vilem-Franek-1-scaled.jpg","datePublished":"2025-05-04T18:54:45+00:00","dateModified":"2025-05-20T08:59:44+00:00","breadcrumb":{"@id":"https:\/\/www.colours.cz\/en\/ucinkujici\/vilem-franek\/#breadcrumb"},"inLanguage":"en-US","potentialAction":[{"@type":"ReadAction","target":["https:\/\/www.colours.cz\/en\/ucinkujici\/vilem-franek\/"]}]},{"@type":"ImageObject","inLanguage":"en-US","@id":"https:\/\/www.colours.cz\/en\/ucinkujici\/vilem-franek\/#primaryimage","url":"https:\/\/www.colours.cz\/wp-content\/uploads\/2025\/05\/Vilem-Franek-1-scaled.jpg","contentUrl":"https:\/\/www.colours.cz\/wp-content\/uploads\/2025\/05\/Vilem-Franek-1-scaled.jpg","width":2560,"height":1643},{"@type":"BreadcrumbList","@id":"https:\/\/www.colours.cz\/en\/ucinkujici\/vilem-franek\/#breadcrumb","itemListElement":[{"@type":"ListItem","position":1,"name":"Dom\u016f","item":"https:\/\/www.colours.cz\/en\/"},{"@type":"ListItem","position":2,"name":"Vil\u00e9m Fran\u011bk"}]},{"@type":"WebSite","@id":"https:\/\/www.colours.cz\/en\/#website","url":"https:\/\/www.colours.cz\/en\/","name":"Colours of Ostrava","description":"","potentialAction":[{"@type":"SearchAction","target":{"@type":"EntryPoint","urlTemplate":"https:\/\/www.colours.cz\/en\/?s={search_term_string}"},"query-input":{"@type":"PropertyValueSpecification","valueRequired":true,"valueName":"search_term_string"}}],"inLanguage":"en-US"}]}},"program-params-interpret-block-order":"0","program-params-thumbnail-mobile-id":"","program-params-sign-language-available":"","program-params-timeline-description":"","program-tickets-not-included":"0","program-events-items-ids":[{"program-event-items-date-start":"","program-event-items-date-end":"","program-event-items-date-length":"0","program-event-items-place":""}],"program-spotify-iframe":"","program-spotify-position":"center","program-socials-facebook":"","program-socials-youtube":"","program-socials-spotify":"","program-socials-instagram":"","program-socials-threads":"","program-socials-tiktok":"","program-socials-linkedin":"","program-gallery-items-ids":[{"program-items-url":"","program-items-title":"","program-items-description":"","program-items-duration":"","program-items-image-id":""}],"program-discover-title":"","program-discover-show-in-modal":"","program-discover-items-ids":"","_links":{"self":[{"href":"https:\/\/www.colours.cz\/en\/wp-json\/wp\/v2\/program\/4927","targetHints":{"allow":["GET"]}}],"collection":[{"href":"https:\/\/www.colours.cz\/en\/wp-json\/wp\/v2\/program"}],"about":[{"href":"https:\/\/www.colours.cz\/en\/wp-json\/wp\/v2\/types\/program"}],"wp:featuredmedia":[{"embeddable":true,"href":"https:\/\/www.colours.cz\/en\/wp-json\/wp\/v2\/media\/4483"}],"wp:attachment":[{"href":"https:\/\/www.colours.cz\/en\/wp-json\/wp\/v2\/media?parent=4927"}],"wp:term":[{"taxonomy":"program-year","embeddable":true,"href":"https:\/\/www.colours.cz\/en\/wp-json\/wp\/v2\/program-year?post=4927"},{"taxonomy":"program-category","embeddable":true,"href":"https:\/\/www.colours.cz\/en\/wp-json\/wp\/v2\/program-category?post=4927"},{"taxonomy":"program-genre","embeddable":true,"href":"https:\/\/www.colours.cz\/en\/wp-json\/wp\/v2\/program-genre?post=4927"},{"taxonomy":"program-country","embeddable":true,"href":"https:\/\/www.colours.cz\/en\/wp-json\/wp\/v2\/program-country?post=4927"}],"curies":[{"name":"wp","href":"https:\/\/api.w.org\/{rel}","templated":true}]}}

Vilém Franěk

<p><em>„Everything I do and believe in today has been defined by team sports.“</em></p>



<p>While studying medicine at the University of West Bohemia in Pilsen, he became interested in marketing through the communication of the newly formed Czech university hockey league. Subsequently, he began to explore the digital world at Stream.cz internet television and, after a few years, he got to work on the digital communication of the NHL. At the same time, he was at the birth of the internet television MALL.TV (now fameplay.tv), where he held the role of Marketing director.</p>



<p>He was involved in the creation of Mikýř&#8217;s Amazing Journey through the Internet and the magazine for Generation Z heyfomo.cz. In 2022-2023, he managed the digital team in the campaign of Danuše Nerudová for Czech President. Currently, together with Honza Cón, he forms the basis of the team around Martin Mikyska and his amazing journey through Czech show business within the creator agency called Close friends.</p>

<!-- This site is optimized with the Yoast SEO plugin v25.3.1 - https://yoast.com/wordpress/plugins/seo/ -->
<title>Vilém Franěk - Colours of Ostrava</title>
<meta name="robots" content="index, follow, max-snippet:-1, max-image-preview:large, max-video-preview:-1" />
<link rel="canonical" href="https://www.colours.cz/en/ucinkujici/vilem-franek/" />
<meta property="og:locale" content="en_US" />
<meta property="og:type" content="article" />
<meta property="og:title" content="Vilém Franěk - Colours of Ostrava" />
<meta property="og:description" content="Marketing professional, doctor and athlete" />
<meta property="og:url" content="https://www.colours.cz/en/ucinkujici/vilem-franek/" />
<meta property="og:site_name" content="Colours of Ostrava" />
<meta property="article:modified_time" content="2025-05-20T08:59:44+00:00" />
<meta property="og:image" content="https://www.colours.cz/wp-content/uploads/2025/05/Vilem-Franek-1-scaled.jpg" />
	<meta property="og:image:width" content="2560" />
	<meta property="og:image:height" content="1643" />
	<meta property="og:image:type" content="image/jpeg" />
<meta name="twitter:card" content="summary_large_image" />
<meta name="twitter:label1" content="Est. reading time" />
	<meta name="twitter:data1" content="2 minutes" />
<!-- / Yoast SEO plugin. -->

Vilém Franěk - Colours of Ostrava

Domů
