{"id":4925,"date":"2025-05-04T20:58:28","date_gmt":"2025-05-04T18:58:28","guid":{"rendered":"https:\/\/www.colours.cz\/ucinkujici\/eliska-remesova\/"},"modified":"2025-05-20T10:58:44","modified_gmt":"2025-05-20T08:58:44","slug":"eliska-remesova","status":"publish","type":"program","link":"https:\/\/www.colours.cz\/en\/ucinkujici\/eliska-remesova\/","title":{"rendered":"Eli\u0161ka Reme\u0161ov\u00e1"},"content":{"rendered":"\n<p>Eli\u0161ka is a psychologist and psychotherapist. All her activities are aimed at improving mental and social health in the Czech Republic. She founded the Institute of Interpersonal Relationships Mezilidmi.<\/p>\n\n\n\n<p>For over fourteen years she has been a lecturer in a number of companies that are leaders in their fields. She is regularly invited to professional, public and corporate conferences as a keynote speaker. She is co-author of the therapeutic journal for women, and promoter and popularizer of respectful education in the podcast miniseries called U\u017e tam budem? (Are We There Yet?) with over 200,000 listens. Eli\u0161ka is also an active online creator with a focus on mental health, and the author of the content series Love is a Skill on Forendors.<\/p>\n","protected":false},"excerpt":{"rendered":"<p>Psychotherapist<\/p>\n","protected":false},"featured_media":4487,"menu_order":0,"template":"","meta":[],"program-year":[119],"program-category":[372],"program-genre":[],"program-country":[256],"class_list":["post-4925","program","type-program","status-publish","has-post-thumbnail","hentry","program-category-meltingpot-cz-en","program-country-cesko-en"],"yoast_head":"<!-- This site is optimized with the Yoast SEO plugin v25.3.1 - https:\/\/yoast.com\/wordpress\/plugins\/seo\/ -->\n<title>Eli\u0161ka Reme\u0161ov\u00e1 - Colours of Ostrava<\/title>\n<meta name=\"robots\" content=\"index, follow, max-snippet:-1, max-image-preview:large, max-video-preview:-1\" \/>\n<link rel=\"canonical\" href=\"https:\/\/www.colours.cz\/en\/ucinkujici\/eliska-remesova\/\" \/>\n<meta property=\"og:locale\" content=\"en_US\" \/>\n<meta property=\"og:type\" content=\"article\" \/>\n<meta property=\"og:title\" content=\"Eli\u0161ka Reme\u0161ov\u00e1 - Colours of Ostrava\" \/>\n<meta property=\"og:description\" content=\"Psychotherapist\" \/>\n<meta property=\"og:url\" content=\"https:\/\/www.colours.cz\/en\/ucinkujici\/eliska-remesova\/\" \/>\n<meta property=\"og:site_name\" content=\"Colours of Ostrava\" \/>\n<meta property=\"article:modified_time\" content=\"2025-05-20T08:58:44+00:00\" \/>\n<meta property=\"og:image\" content=\"https:\/\/www.colours.cz\/wp-content\/uploads\/2025\/05\/Eliska-Remesova.jpg\" \/>\n\t<meta property=\"og:image:width\" content=\"1065\" \/>\n\t<meta property=\"og:image:height\" content=\"1065\" \/>\n\t<meta property=\"og:image:type\" content=\"image\/jpeg\" \/>\n<meta name=\"twitter:card\" content=\"summary_large_image\" \/>\n<meta name=\"twitter:label1\" content=\"Est. reading time\" \/>\n\t<meta name=\"twitter:data1\" content=\"1 minute\" \/>\n<!-- \/ Yoast SEO plugin. -->","yoast_head_json":{"title":"Eli\u0161ka Reme\u0161ov\u00e1 - Colours of Ostrava","robots":{"index":"index","follow":"follow","max-snippet":"max-snippet:-1","max-image-preview":"max-image-preview:large","max-video-preview":"max-video-preview:-1"},"canonical":"https:\/\/www.colours.cz\/en\/ucinkujici\/eliska-remesova\/","og_locale":"en_US","og_type":"article","og_title":"Eli\u0161ka Reme\u0161ov\u00e1 - Colours of Ostrava","og_description":"Psychotherapist","og_url":"https:\/\/www.colours.cz\/en\/ucinkujici\/eliska-remesova\/","og_site_name":"Colours of Ostrava","article_modified_time":"2025-05-20T08:58:44+00:00","og_image":[{"width":1065,"height":1065,"url":"https:\/\/www.colours.cz\/wp-content\/uploads\/2025\/05\/Eliska-Remesova.jpg","type":"image\/jpeg"}],"twitter_card":"summary_large_image","twitter_misc":{"Est. reading time":"1 minute"},"schema":{"@context":"https:\/\/schema.org","@graph":[{"@type":"WebPage","@id":"https:\/\/www.colours.cz\/en\/ucinkujici\/eliska-remesova\/","url":"https:\/\/www.colours.cz\/en\/ucinkujici\/eliska-remesova\/","name":"Eli\u0161ka Reme\u0161ov\u00e1 - Colours of Ostrava","isPartOf":{"@id":"https:\/\/www.colours.cz\/en\/#website"},"primaryImageOfPage":{"@id":"https:\/\/www.colours.cz\/en\/ucinkujici\/eliska-remesova\/#primaryimage"},"image":{"@id":"https:\/\/www.colours.cz\/en\/ucinkujici\/eliska-remesova\/#primaryimage"},"thumbnailUrl":"https:\/\/www.colours.cz\/wp-content\/uploads\/2025\/05\/Eliska-Remesova.jpg","datePublished":"2025-05-04T18:58:28+00:00","dateModified":"2025-05-20T08:58:44+00:00","breadcrumb":{"@id":"https:\/\/www.colours.cz\/en\/ucinkujici\/eliska-remesova\/#breadcrumb"},"inLanguage":"en-US","potentialAction":[{"@type":"ReadAction","target":["https:\/\/www.colours.cz\/en\/ucinkujici\/eliska-remesova\/"]}]},{"@type":"ImageObject","inLanguage":"en-US","@id":"https:\/\/www.colours.cz\/en\/ucinkujici\/eliska-remesova\/#primaryimage","url":"https:\/\/www.colours.cz\/wp-content\/uploads\/2025\/05\/Eliska-Remesova.jpg","contentUrl":"https:\/\/www.colours.cz\/wp-content\/uploads\/2025\/05\/Eliska-Remesova.jpg","width":1065,"height":1065},{"@type":"BreadcrumbList","@id":"https:\/\/www.colours.cz\/en\/ucinkujici\/eliska-remesova\/#breadcrumb","itemListElement":[{"@type":"ListItem","position":1,"name":"Dom\u016f","item":"https:\/\/www.colours.cz\/en\/"},{"@type":"ListItem","position":2,"name":"Eli\u0161ka Reme\u0161ov\u00e1"}]},{"@type":"WebSite","@id":"https:\/\/www.colours.cz\/en\/#website","url":"https:\/\/www.colours.cz\/en\/","name":"Colours of Ostrava","description":"","potentialAction":[{"@type":"SearchAction","target":{"@type":"EntryPoint","urlTemplate":"https:\/\/www.colours.cz\/en\/?s={search_term_string}"},"query-input":{"@type":"PropertyValueSpecification","valueRequired":true,"valueName":"search_term_string"}}],"inLanguage":"en-US"}]}},"program-params-interpret-block-order":"0","program-params-thumbnail-mobile-id":"","program-params-sign-language-available":"","program-params-timeline-description":"","program-tickets-not-included":"0","program-events-items-ids":[{"program-event-items-date-start":"","program-event-items-date-end":"","program-event-items-date-length":"0","program-event-items-place":""}],"program-spotify-iframe":"","program-spotify-position":"center","program-socials-facebook":"","program-socials-youtube":"","program-socials-spotify":"","program-socials-instagram":"","program-socials-threads":"","program-socials-tiktok":"","program-socials-linkedin":"","program-gallery-items-ids":[{"program-items-url":"","program-items-title":"","program-items-description":"","program-items-duration":"","program-items-image-id":""}],"program-discover-title":"","program-discover-show-in-modal":"","program-discover-items-ids":"","_links":{"self":[{"href":"https:\/\/www.colours.cz\/en\/wp-json\/wp\/v2\/program\/4925","targetHints":{"allow":["GET"]}}],"collection":[{"href":"https:\/\/www.colours.cz\/en\/wp-json\/wp\/v2\/program"}],"about":[{"href":"https:\/\/www.colours.cz\/en\/wp-json\/wp\/v2\/types\/program"}],"wp:featuredmedia":[{"embeddable":true,"href":"https:\/\/www.colours.cz\/en\/wp-json\/wp\/v2\/media\/4487"}],"wp:attachment":[{"href":"https:\/\/www.colours.cz\/en\/wp-json\/wp\/v2\/media?parent=4925"}],"wp:term":[{"taxonomy":"program-year","embeddable":true,"href":"https:\/\/www.colours.cz\/en\/wp-json\/wp\/v2\/program-year?post=4925"},{"taxonomy":"program-category","embeddable":true,"href":"https:\/\/www.colours.cz\/en\/wp-json\/wp\/v2\/program-category?post=4925"},{"taxonomy":"program-genre","embeddable":true,"href":"https:\/\/www.colours.cz\/en\/wp-json\/wp\/v2\/program-genre?post=4925"},{"taxonomy":"program-country","embeddable":true,"href":"https:\/\/www.colours.cz\/en\/wp-json\/wp\/v2\/program-country?post=4925"}],"curies":[{"name":"wp","href":"https:\/\/api.w.org\/{rel}","templated":true}]}}

Eliška Remešová

<p>Eliška is a psychologist and psychotherapist. All her activities are aimed at improving mental and social health in the Czech Republic. She founded the Institute of Interpersonal Relationships Mezilidmi.</p>



<p>For over fourteen years she has been a lecturer in a number of companies that are leaders in their fields. She is regularly invited to professional, public and corporate conferences as a keynote speaker. She is co-author of the therapeutic journal for women, and promoter and popularizer of respectful education in the podcast miniseries called Už tam budem? (Are We There Yet?) with over 200,000 listens. Eliška is also an active online creator with a focus on mental health, and the author of the content series Love is a Skill on Forendors.</p>

<!-- This site is optimized with the Yoast SEO plugin v25.3.1 - https://yoast.com/wordpress/plugins/seo/ -->
<title>Eliška Remešová - Colours of Ostrava</title>
<meta name="robots" content="index, follow, max-snippet:-1, max-image-preview:large, max-video-preview:-1" />
<link rel="canonical" href="https://www.colours.cz/en/ucinkujici/eliska-remesova/" />
<meta property="og:locale" content="en_US" />
<meta property="og:type" content="article" />
<meta property="og:title" content="Eliška Remešová - Colours of Ostrava" />
<meta property="og:description" content="Psychotherapist" />
<meta property="og:url" content="https://www.colours.cz/en/ucinkujici/eliska-remesova/" />
<meta property="og:site_name" content="Colours of Ostrava" />
<meta property="article:modified_time" content="2025-05-20T08:58:44+00:00" />
<meta property="og:image" content="https://www.colours.cz/wp-content/uploads/2025/05/Eliska-Remesova.jpg" />
	<meta property="og:image:width" content="1065" />
	<meta property="og:image:height" content="1065" />
	<meta property="og:image:type" content="image/jpeg" />
<meta name="twitter:card" content="summary_large_image" />
<meta name="twitter:label1" content="Est. reading time" />
	<meta name="twitter:data1" content="1 minute" />
<!-- / Yoast SEO plugin. -->

Eliška Remešová - Colours of Ostrava

Domů
