{"id":4919,"date":"2025-05-07T15:10:58","date_gmt":"2025-05-07T13:10:58","guid":{"rendered":"https:\/\/www.colours.cz\/ucinkujici\/linda-tekeliova\/"},"modified":"2025-05-20T10:51:53","modified_gmt":"2025-05-20T08:51:53","slug":"linda-tekeliova","status":"publish","type":"program","link":"https:\/\/www.colours.cz\/en\/ucinkujici\/linda-tekeliova\/","title":{"rendered":"Linda Tekeliov\u00e1\u00a0"},"content":{"rendered":"\n<p>Linda is an athlete specialising in ultra-trail racing in mountainous environments. Challenging trails with high elevation are her passion and a place where she pushes her limits. One of her greatest achievements is the Swiss Peaks 360 race, where she ran 424 kilometres with 27,000 vertical metres of elevation gain.<\/p>\n\n\n\n<p>Linda is also the founder of the NEZ\u00c1VOD\u00cdM-POM\u00c1H\u00c1M (Not Racing-Helping) Foundation. Through sporting activities, she helps children with illnesses, and motivates other athletes to join the cause.<\/p>\n\n\n\n<p>As a mother of two teenagers, she perfectly manages to balance family life, hard training and charity work. She is living proof that with determination and passion, any limits can be overcome.<\/p>\n","protected":false},"excerpt":{"rendered":"<p>Runner<\/p>\n","protected":false},"featured_media":4552,"menu_order":0,"template":"","meta":[],"program-year":[119],"program-category":[372],"program-genre":[],"program-country":[256],"class_list":["post-4919","program","type-program","status-publish","has-post-thumbnail","hentry","program-category-meltingpot-cz-en","program-country-cesko-en"],"yoast_head":"<!-- This site is optimized with the Yoast SEO plugin v25.3.1 - https:\/\/yoast.com\/wordpress\/plugins\/seo\/ -->\n<title>Linda Tekeliov\u00e1\u00a0 - Colours of Ostrava<\/title>\n<meta name=\"robots\" content=\"index, follow, max-snippet:-1, max-image-preview:large, max-video-preview:-1\" \/>\n<link rel=\"canonical\" href=\"https:\/\/www.colours.cz\/en\/ucinkujici\/linda-tekeliova\/\" \/>\n<meta property=\"og:locale\" content=\"en_US\" \/>\n<meta property=\"og:type\" content=\"article\" \/>\n<meta property=\"og:title\" content=\"Linda Tekeliov\u00e1\u00a0 - Colours of Ostrava\" \/>\n<meta property=\"og:description\" content=\"Runner\" \/>\n<meta property=\"og:url\" content=\"https:\/\/www.colours.cz\/en\/ucinkujici\/linda-tekeliova\/\" \/>\n<meta property=\"og:site_name\" content=\"Colours of Ostrava\" \/>\n<meta property=\"article:modified_time\" content=\"2025-05-20T08:51:53+00:00\" \/>\n<meta property=\"og:image\" content=\"https:\/\/www.colours.cz\/wp-content\/uploads\/2025\/05\/Linda-Tekeliova.jpg\" \/>\n\t<meta property=\"og:image:width\" content=\"1164\" \/>\n\t<meta property=\"og:image:height\" content=\"1164\" \/>\n\t<meta property=\"og:image:type\" content=\"image\/jpeg\" \/>\n<meta name=\"twitter:card\" content=\"summary_large_image\" \/>\n<meta name=\"twitter:label1\" content=\"Est. reading time\" \/>\n\t<meta name=\"twitter:data1\" content=\"1 minute\" \/>\n<!-- \/ Yoast SEO plugin. -->","yoast_head_json":{"title":"Linda Tekeliov\u00e1\u00a0 - Colours of Ostrava","robots":{"index":"index","follow":"follow","max-snippet":"max-snippet:-1","max-image-preview":"max-image-preview:large","max-video-preview":"max-video-preview:-1"},"canonical":"https:\/\/www.colours.cz\/en\/ucinkujici\/linda-tekeliova\/","og_locale":"en_US","og_type":"article","og_title":"Linda Tekeliov\u00e1\u00a0 - Colours of Ostrava","og_description":"Runner","og_url":"https:\/\/www.colours.cz\/en\/ucinkujici\/linda-tekeliova\/","og_site_name":"Colours of Ostrava","article_modified_time":"2025-05-20T08:51:53+00:00","og_image":[{"width":1164,"height":1164,"url":"https:\/\/www.colours.cz\/wp-content\/uploads\/2025\/05\/Linda-Tekeliova.jpg","type":"image\/jpeg"}],"twitter_card":"summary_large_image","twitter_misc":{"Est. reading time":"1 minute"},"schema":{"@context":"https:\/\/schema.org","@graph":[{"@type":"WebPage","@id":"https:\/\/www.colours.cz\/en\/ucinkujici\/linda-tekeliova\/","url":"https:\/\/www.colours.cz\/en\/ucinkujici\/linda-tekeliova\/","name":"Linda Tekeliov\u00e1\u00a0 - Colours of Ostrava","isPartOf":{"@id":"https:\/\/www.colours.cz\/en\/#website"},"primaryImageOfPage":{"@id":"https:\/\/www.colours.cz\/en\/ucinkujici\/linda-tekeliova\/#primaryimage"},"image":{"@id":"https:\/\/www.colours.cz\/en\/ucinkujici\/linda-tekeliova\/#primaryimage"},"thumbnailUrl":"https:\/\/www.colours.cz\/wp-content\/uploads\/2025\/05\/Linda-Tekeliova.jpg","datePublished":"2025-05-07T13:10:58+00:00","dateModified":"2025-05-20T08:51:53+00:00","breadcrumb":{"@id":"https:\/\/www.colours.cz\/en\/ucinkujici\/linda-tekeliova\/#breadcrumb"},"inLanguage":"en-US","potentialAction":[{"@type":"ReadAction","target":["https:\/\/www.colours.cz\/en\/ucinkujici\/linda-tekeliova\/"]}]},{"@type":"ImageObject","inLanguage":"en-US","@id":"https:\/\/www.colours.cz\/en\/ucinkujici\/linda-tekeliova\/#primaryimage","url":"https:\/\/www.colours.cz\/wp-content\/uploads\/2025\/05\/Linda-Tekeliova.jpg","contentUrl":"https:\/\/www.colours.cz\/wp-content\/uploads\/2025\/05\/Linda-Tekeliova.jpg","width":1164,"height":1164},{"@type":"BreadcrumbList","@id":"https:\/\/www.colours.cz\/en\/ucinkujici\/linda-tekeliova\/#breadcrumb","itemListElement":[{"@type":"ListItem","position":1,"name":"Dom\u016f","item":"https:\/\/www.colours.cz\/en\/"},{"@type":"ListItem","position":2,"name":"Linda Tekeliov\u00e1\u00a0"}]},{"@type":"WebSite","@id":"https:\/\/www.colours.cz\/en\/#website","url":"https:\/\/www.colours.cz\/en\/","name":"Colours of Ostrava","description":"","potentialAction":[{"@type":"SearchAction","target":{"@type":"EntryPoint","urlTemplate":"https:\/\/www.colours.cz\/en\/?s={search_term_string}"},"query-input":{"@type":"PropertyValueSpecification","valueRequired":true,"valueName":"search_term_string"}}],"inLanguage":"en-US"}]}},"program-params-interpret-block-order":"0","program-params-thumbnail-mobile-id":"","program-params-sign-language-available":"","program-params-timeline-description":"","program-tickets-not-included":"0","program-events-items-ids":[{"program-event-items-date-start":"","program-event-items-date-end":"","program-event-items-date-length":"0","program-event-items-place":""}],"program-spotify-iframe":"","program-spotify-position":"center","program-socials-facebook":"","program-socials-youtube":"","program-socials-spotify":"","program-socials-instagram":"","program-socials-threads":"","program-socials-tiktok":"","program-socials-linkedin":"","program-gallery-items-ids":[{"program-items-url":"","program-items-title":"","program-items-description":"","program-items-duration":"","program-items-image-id":""}],"program-discover-title":"","program-discover-show-in-modal":"","program-discover-items-ids":"","_links":{"self":[{"href":"https:\/\/www.colours.cz\/en\/wp-json\/wp\/v2\/program\/4919","targetHints":{"allow":["GET"]}}],"collection":[{"href":"https:\/\/www.colours.cz\/en\/wp-json\/wp\/v2\/program"}],"about":[{"href":"https:\/\/www.colours.cz\/en\/wp-json\/wp\/v2\/types\/program"}],"wp:featuredmedia":[{"embeddable":true,"href":"https:\/\/www.colours.cz\/en\/wp-json\/wp\/v2\/media\/4552"}],"wp:attachment":[{"href":"https:\/\/www.colours.cz\/en\/wp-json\/wp\/v2\/media?parent=4919"}],"wp:term":[{"taxonomy":"program-year","embeddable":true,"href":"https:\/\/www.colours.cz\/en\/wp-json\/wp\/v2\/program-year?post=4919"},{"taxonomy":"program-category","embeddable":true,"href":"https:\/\/www.colours.cz\/en\/wp-json\/wp\/v2\/program-category?post=4919"},{"taxonomy":"program-genre","embeddable":true,"href":"https:\/\/www.colours.cz\/en\/wp-json\/wp\/v2\/program-genre?post=4919"},{"taxonomy":"program-country","embeddable":true,"href":"https:\/\/www.colours.cz\/en\/wp-json\/wp\/v2\/program-country?post=4919"}],"curies":[{"name":"wp","href":"https:\/\/api.w.org\/{rel}","templated":true}]}}

Linda Tekeliová

<p>Linda is an athlete specialising in ultra-trail racing in mountainous environments. Challenging trails with high elevation are her passion and a place where she pushes her limits. One of her greatest achievements is the Swiss Peaks 360 race, where she ran 424 kilometres with 27,000 vertical metres of elevation gain.</p>



<p>Linda is also the founder of the NEZÁVODÍM-POMÁHÁM (Not Racing-Helping) Foundation. Through sporting activities, she helps children with illnesses, and motivates other athletes to join the cause.</p>



<p>As a mother of two teenagers, she perfectly manages to balance family life, hard training and charity work. She is living proof that with determination and passion, any limits can be overcome.</p>

<!-- This site is optimized with the Yoast SEO plugin v25.3.1 - https://yoast.com/wordpress/plugins/seo/ -->
<title>Linda Tekeliová  - Colours of Ostrava</title>
<meta name="robots" content="index, follow, max-snippet:-1, max-image-preview:large, max-video-preview:-1" />
<link rel="canonical" href="https://www.colours.cz/en/ucinkujici/linda-tekeliova/" />
<meta property="og:locale" content="en_US" />
<meta property="og:type" content="article" />
<meta property="og:title" content="Linda Tekeliová  - Colours of Ostrava" />
<meta property="og:description" content="Runner" />
<meta property="og:url" content="https://www.colours.cz/en/ucinkujici/linda-tekeliova/" />
<meta property="og:site_name" content="Colours of Ostrava" />
<meta property="article:modified_time" content="2025-05-20T08:51:53+00:00" />
<meta property="og:image" content="https://www.colours.cz/wp-content/uploads/2025/05/Linda-Tekeliova.jpg" />
	<meta property="og:image:width" content="1164" />
	<meta property="og:image:height" content="1164" />
	<meta property="og:image:type" content="image/jpeg" />
<meta name="twitter:card" content="summary_large_image" />
<meta name="twitter:label1" content="Est. reading time" />
	<meta name="twitter:data1" content="1 minute" />
<!-- / Yoast SEO plugin. -->

Linda Tekeliová  - Colours of Ostrava

Domů
