{"id":4917,"date":"2025-05-07T15:13:42","date_gmt":"2025-05-07T13:13:42","guid":{"rendered":"https:\/\/www.colours.cz\/ucinkujici\/vaclav-krejcik\/"},"modified":"2025-05-20T10:50:34","modified_gmt":"2025-05-20T08:50:34","slug":"vaclav-krejcik","status":"publish","type":"program","link":"https:\/\/www.colours.cz\/en\/ucinkujici\/vaclav-krejcik\/","title":{"rendered":"V\u00e1clav Krej\u010d\u00edk"},"content":{"rendered":"\n<p>V\u00e1clav is the head and main lecturer of the Power Yoga Academy, for which he also creates educational programs. As co-owner of the Prague Energy Studio V\u00e1clav Krej\u010d\u00edk and founder of the D\u00fdch\u00e1rna project, focused on healthy and functional breathing, he is dedicated to the development of yoga and breath therapy. He is also the publisher of the popular magazine J\u00d3GA DNES, which inspires thousands of readers, and the author of 16 books on yoga, healthy lifestyle and movement.<\/p>\n\n\n\n<p>His journey began in sports, where he achieved the title of Czech National Champion in sports aerobics and Vice World Champion in fitness teams. Eventually he discovered power yoga, which became his life passion. V\u00e1clav\u2019s practice gradually deepened into the areas of breath therapy, yogic sleep and mental work, which profoundly influenced his outlook on yoga and life.<\/p>\n\n\n\n<p>V\u00e1clav is a certified yoga and breathwork instructor as well as a nutritional consultant, having gained his experience at prestigious trainings around the world, including studying yoga in India.<\/p>\n","protected":false},"excerpt":{"rendered":"<p>Yoga and breathwork teacher<\/p>\n","protected":false},"featured_media":4559,"menu_order":0,"template":"","meta":[],"program-year":[119],"program-category":[372],"program-genre":[],"program-country":[256],"class_list":["post-4917","program","type-program","status-publish","has-post-thumbnail","hentry","program-category-meltingpot-cz-en","program-country-cesko-en"],"yoast_head":"<!-- This site is optimized with the Yoast SEO plugin v25.3.1 - https:\/\/yoast.com\/wordpress\/plugins\/seo\/ -->\n<title>V\u00e1clav Krej\u010d\u00edk - Colours of Ostrava<\/title>\n<meta name=\"robots\" content=\"index, follow, max-snippet:-1, max-image-preview:large, max-video-preview:-1\" \/>\n<link rel=\"canonical\" href=\"https:\/\/www.colours.cz\/en\/ucinkujici\/vaclav-krejcik\/\" \/>\n<meta property=\"og:locale\" content=\"en_US\" \/>\n<meta property=\"og:type\" content=\"article\" \/>\n<meta property=\"og:title\" content=\"V\u00e1clav Krej\u010d\u00edk - Colours of Ostrava\" \/>\n<meta property=\"og:description\" content=\"Yoga and breathwork teacher\" \/>\n<meta property=\"og:url\" content=\"https:\/\/www.colours.cz\/en\/ucinkujici\/vaclav-krejcik\/\" \/>\n<meta property=\"og:site_name\" content=\"Colours of Ostrava\" \/>\n<meta property=\"article:modified_time\" content=\"2025-05-20T08:50:34+00:00\" \/>\n<meta property=\"og:image\" content=\"https:\/\/www.colours.cz\/wp-content\/uploads\/2025\/05\/Vaclav-Krejcik_2-scaled.jpg\" \/>\n\t<meta property=\"og:image:width\" content=\"2560\" \/>\n\t<meta property=\"og:image:height\" content=\"1707\" \/>\n\t<meta property=\"og:image:type\" content=\"image\/jpeg\" \/>\n<meta name=\"twitter:card\" content=\"summary_large_image\" \/>\n<meta name=\"twitter:label1\" content=\"Est. reading time\" \/>\n\t<meta name=\"twitter:data1\" content=\"2 minutes\" \/>\n<!-- \/ Yoast SEO plugin. -->","yoast_head_json":{"title":"V\u00e1clav Krej\u010d\u00edk - Colours of Ostrava","robots":{"index":"index","follow":"follow","max-snippet":"max-snippet:-1","max-image-preview":"max-image-preview:large","max-video-preview":"max-video-preview:-1"},"canonical":"https:\/\/www.colours.cz\/en\/ucinkujici\/vaclav-krejcik\/","og_locale":"en_US","og_type":"article","og_title":"V\u00e1clav Krej\u010d\u00edk - Colours of Ostrava","og_description":"Yoga and breathwork teacher","og_url":"https:\/\/www.colours.cz\/en\/ucinkujici\/vaclav-krejcik\/","og_site_name":"Colours of Ostrava","article_modified_time":"2025-05-20T08:50:34+00:00","og_image":[{"width":2560,"height":1707,"url":"https:\/\/www.colours.cz\/wp-content\/uploads\/2025\/05\/Vaclav-Krejcik_2-scaled.jpg","type":"image\/jpeg"}],"twitter_card":"summary_large_image","twitter_misc":{"Est. reading time":"2 minutes"},"schema":{"@context":"https:\/\/schema.org","@graph":[{"@type":"WebPage","@id":"https:\/\/www.colours.cz\/en\/ucinkujici\/vaclav-krejcik\/","url":"https:\/\/www.colours.cz\/en\/ucinkujici\/vaclav-krejcik\/","name":"V\u00e1clav Krej\u010d\u00edk - Colours of Ostrava","isPartOf":{"@id":"https:\/\/www.colours.cz\/en\/#website"},"primaryImageOfPage":{"@id":"https:\/\/www.colours.cz\/en\/ucinkujici\/vaclav-krejcik\/#primaryimage"},"image":{"@id":"https:\/\/www.colours.cz\/en\/ucinkujici\/vaclav-krejcik\/#primaryimage"},"thumbnailUrl":"https:\/\/www.colours.cz\/wp-content\/uploads\/2025\/05\/Vaclav-Krejcik_2-scaled.jpg","datePublished":"2025-05-07T13:13:42+00:00","dateModified":"2025-05-20T08:50:34+00:00","breadcrumb":{"@id":"https:\/\/www.colours.cz\/en\/ucinkujici\/vaclav-krejcik\/#breadcrumb"},"inLanguage":"en-US","potentialAction":[{"@type":"ReadAction","target":["https:\/\/www.colours.cz\/en\/ucinkujici\/vaclav-krejcik\/"]}]},{"@type":"ImageObject","inLanguage":"en-US","@id":"https:\/\/www.colours.cz\/en\/ucinkujici\/vaclav-krejcik\/#primaryimage","url":"https:\/\/www.colours.cz\/wp-content\/uploads\/2025\/05\/Vaclav-Krejcik_2-scaled.jpg","contentUrl":"https:\/\/www.colours.cz\/wp-content\/uploads\/2025\/05\/Vaclav-Krejcik_2-scaled.jpg","width":2560,"height":1707},{"@type":"BreadcrumbList","@id":"https:\/\/www.colours.cz\/en\/ucinkujici\/vaclav-krejcik\/#breadcrumb","itemListElement":[{"@type":"ListItem","position":1,"name":"Dom\u016f","item":"https:\/\/www.colours.cz\/en\/"},{"@type":"ListItem","position":2,"name":"V\u00e1clav Krej\u010d\u00edk"}]},{"@type":"WebSite","@id":"https:\/\/www.colours.cz\/en\/#website","url":"https:\/\/www.colours.cz\/en\/","name":"Colours of Ostrava","description":"","potentialAction":[{"@type":"SearchAction","target":{"@type":"EntryPoint","urlTemplate":"https:\/\/www.colours.cz\/en\/?s={search_term_string}"},"query-input":{"@type":"PropertyValueSpecification","valueRequired":true,"valueName":"search_term_string"}}],"inLanguage":"en-US"}]}},"program-params-interpret-block-order":"0","program-params-thumbnail-mobile-id":"4555","program-params-sign-language-available":"","program-params-timeline-description":"","program-tickets-not-included":"0","program-events-items-ids":[{"program-event-items-date-start":"","program-event-items-date-end":"","program-event-items-date-length":"0","program-event-items-place":""}],"program-spotify-iframe":"","program-spotify-position":"center","program-socials-facebook":"","program-socials-youtube":"","program-socials-spotify":"","program-socials-instagram":"","program-socials-threads":"","program-socials-tiktok":"","program-socials-linkedin":"","program-gallery-items-ids":[{"program-items-url":"","program-items-title":"","program-items-description":"","program-items-duration":"","program-items-image-id":""}],"program-discover-title":"","program-discover-show-in-modal":"","program-discover-items-ids":"","_links":{"self":[{"href":"https:\/\/www.colours.cz\/en\/wp-json\/wp\/v2\/program\/4917","targetHints":{"allow":["GET"]}}],"collection":[{"href":"https:\/\/www.colours.cz\/en\/wp-json\/wp\/v2\/program"}],"about":[{"href":"https:\/\/www.colours.cz\/en\/wp-json\/wp\/v2\/types\/program"}],"wp:featuredmedia":[{"embeddable":true,"href":"https:\/\/www.colours.cz\/en\/wp-json\/wp\/v2\/media\/4559"}],"wp:attachment":[{"href":"https:\/\/www.colours.cz\/en\/wp-json\/wp\/v2\/media?parent=4917"}],"wp:term":[{"taxonomy":"program-year","embeddable":true,"href":"https:\/\/www.colours.cz\/en\/wp-json\/wp\/v2\/program-year?post=4917"},{"taxonomy":"program-category","embeddable":true,"href":"https:\/\/www.colours.cz\/en\/wp-json\/wp\/v2\/program-category?post=4917"},{"taxonomy":"program-genre","embeddable":true,"href":"https:\/\/www.colours.cz\/en\/wp-json\/wp\/v2\/program-genre?post=4917"},{"taxonomy":"program-country","embeddable":true,"href":"https:\/\/www.colours.cz\/en\/wp-json\/wp\/v2\/program-country?post=4917"}],"curies":[{"name":"wp","href":"https:\/\/api.w.org\/{rel}","templated":true}]}}

Václav Krejčík

<p>Václav is the head and main lecturer of the Power Yoga Academy, for which he also creates educational programs. As co-owner of the Prague Energy Studio Václav Krejčík and founder of the Dýchárna project, focused on healthy and functional breathing, he is dedicated to the development of yoga and breath therapy. He is also the publisher of the popular magazine JÓGA DNES, which inspires thousands of readers, and the author of 16 books on yoga, healthy lifestyle and movement.</p>



<p>His journey began in sports, where he achieved the title of Czech National Champion in sports aerobics and Vice World Champion in fitness teams. Eventually he discovered power yoga, which became his life passion. Václav’s practice gradually deepened into the areas of breath therapy, yogic sleep and mental work, which profoundly influenced his outlook on yoga and life.</p>



<p>Václav is a certified yoga and breathwork instructor as well as a nutritional consultant, having gained his experience at prestigious trainings around the world, including studying yoga in India.</p>

<!-- This site is optimized with the Yoast SEO plugin v25.3.1 - https://yoast.com/wordpress/plugins/seo/ -->
<title>Václav Krejčík - Colours of Ostrava</title>
<meta name="robots" content="index, follow, max-snippet:-1, max-image-preview:large, max-video-preview:-1" />
<link rel="canonical" href="https://www.colours.cz/en/ucinkujici/vaclav-krejcik/" />
<meta property="og:locale" content="en_US" />
<meta property="og:type" content="article" />
<meta property="og:title" content="Václav Krejčík - Colours of Ostrava" />
<meta property="og:description" content="Yoga and breathwork teacher" />
<meta property="og:url" content="https://www.colours.cz/en/ucinkujici/vaclav-krejcik/" />
<meta property="og:site_name" content="Colours of Ostrava" />
<meta property="article:modified_time" content="2025-05-20T08:50:34+00:00" />
<meta property="og:image" content="https://www.colours.cz/wp-content/uploads/2025/05/Vaclav-Krejcik_2-scaled.jpg" />
	<meta property="og:image:width" content="2560" />
	<meta property="og:image:height" content="1707" />
	<meta property="og:image:type" content="image/jpeg" />
<meta name="twitter:card" content="summary_large_image" />
<meta name="twitter:label1" content="Est. reading time" />
	<meta name="twitter:data1" content="2 minutes" />
<!-- / Yoast SEO plugin. -->

Václav Krejčík - Colours of Ostrava

Domů
