{"id":4913,"date":"2025-05-07T15:24:20","date_gmt":"2025-05-07T13:24:20","guid":{"rendered":"https:\/\/www.colours.cz\/ucinkujici\/tomas-sebek\/"},"modified":"2025-07-01T15:35:39","modified_gmt":"2025-07-01T13:35:39","slug":"tomas-sebek","status":"publish","type":"program","link":"https:\/\/www.colours.cz\/en\/ucinkujici\/tomas-sebek\/","title":{"rendered":"Tom\u00e1\u0161 \u0160ebek"},"content":{"rendered":"\n<p>A top doctor without borders who supports innovations in healthcare and aims to extend healthy life in the Czech Republic by at least five years. Experienced speaker and author of several books. Thanks to his latest book, he is also a man who is not afraid to put his skin in the game.<\/p>\n\n\n\n<p>Years ago, Tom\u00e1\u0161 \u0160ebek decided to provide his hands where they were most needed, and with M\u00e9decins Sans Fronti\u00e8res went to help the wounded in war zones as a surgeon focused on trauma surgery of the abdomen, chest and limbs. He set out on his first mission in 2010 to earthquake-ravaged Haiti. He later returned there, and went on more missions to Afghanistan, South Sudan and Yemen. He described all these experiences in blogs, which he then compiled into successful books.<br>Tom\u00e1\u0161 currently works as a hospital surgeon in Prague. When he\u2019s not saving lives, he writes and photographs, improves his results in triathlons, pilots a plane or reads medical books.<\/p>\n\n\n\n<p>In his most recent book Objektivn\u00ed n\u00e1lez (Objective Finding), released in the autumn of 2024, Tom\u00e1\u0161 embarks on his most challenging journey yet. A journey into a childhood spent in a dysfunctional family, a journey of personal and professional failures, but also determination and a desire to take life into his own hands.<\/p>\n","protected":false},"excerpt":{"rendered":"<p>Doctor<\/p>\n","protected":false},"featured_media":4567,"menu_order":0,"template":"","meta":[],"program-year":[119],"program-category":[372],"program-genre":[],"program-country":[256],"class_list":["post-4913","program","type-program","status-publish","has-post-thumbnail","hentry","program-category-meltingpot-cz-en","program-country-cesko-en"],"yoast_head":"<!-- This site is optimized with the Yoast SEO plugin v25.3.1 - https:\/\/yoast.com\/wordpress\/plugins\/seo\/ -->\n<title>Tom\u00e1\u0161 \u0160ebek - Colours of Ostrava<\/title>\n<meta name=\"robots\" content=\"index, follow, max-snippet:-1, max-image-preview:large, max-video-preview:-1\" \/>\n<link rel=\"canonical\" href=\"https:\/\/www.colours.cz\/en\/ucinkujici\/tomas-sebek\/\" \/>\n<meta property=\"og:locale\" content=\"en_US\" \/>\n<meta property=\"og:type\" content=\"article\" \/>\n<meta property=\"og:title\" content=\"Tom\u00e1\u0161 \u0160ebek - Colours of Ostrava\" \/>\n<meta property=\"og:description\" content=\"Doctor\" \/>\n<meta property=\"og:url\" content=\"https:\/\/www.colours.cz\/en\/ucinkujici\/tomas-sebek\/\" \/>\n<meta property=\"og:site_name\" content=\"Colours of Ostrava\" \/>\n<meta property=\"article:modified_time\" content=\"2025-07-01T13:35:39+00:00\" \/>\n<meta property=\"og:image\" content=\"https:\/\/www.colours.cz\/wp-content\/uploads\/2025\/05\/Tomas-Sebek2-scaled-e1747035346766.jpg\" \/>\n\t<meta property=\"og:image:width\" content=\"2560\" \/>\n\t<meta property=\"og:image:height\" content=\"2560\" \/>\n\t<meta property=\"og:image:type\" content=\"image\/jpeg\" \/>\n<meta name=\"twitter:card\" content=\"summary_large_image\" \/>\n<meta name=\"twitter:label1\" content=\"Est. reading time\" \/>\n\t<meta name=\"twitter:data1\" content=\"2 minutes\" \/>\n<!-- \/ Yoast SEO plugin. -->","yoast_head_json":{"title":"Tom\u00e1\u0161 \u0160ebek - Colours of Ostrava","robots":{"index":"index","follow":"follow","max-snippet":"max-snippet:-1","max-image-preview":"max-image-preview:large","max-video-preview":"max-video-preview:-1"},"canonical":"https:\/\/www.colours.cz\/en\/ucinkujici\/tomas-sebek\/","og_locale":"en_US","og_type":"article","og_title":"Tom\u00e1\u0161 \u0160ebek - Colours of Ostrava","og_description":"Doctor","og_url":"https:\/\/www.colours.cz\/en\/ucinkujici\/tomas-sebek\/","og_site_name":"Colours of Ostrava","article_modified_time":"2025-07-01T13:35:39+00:00","og_image":[{"width":2560,"height":2560,"url":"https:\/\/www.colours.cz\/wp-content\/uploads\/2025\/05\/Tomas-Sebek2-scaled-e1747035346766.jpg","type":"image\/jpeg"}],"twitter_card":"summary_large_image","twitter_misc":{"Est. reading time":"2 minutes"},"schema":{"@context":"https:\/\/schema.org","@graph":[{"@type":"WebPage","@id":"https:\/\/www.colours.cz\/en\/ucinkujici\/tomas-sebek\/","url":"https:\/\/www.colours.cz\/en\/ucinkujici\/tomas-sebek\/","name":"Tom\u00e1\u0161 \u0160ebek - Colours of Ostrava","isPartOf":{"@id":"https:\/\/www.colours.cz\/en\/#website"},"primaryImageOfPage":{"@id":"https:\/\/www.colours.cz\/en\/ucinkujici\/tomas-sebek\/#primaryimage"},"image":{"@id":"https:\/\/www.colours.cz\/en\/ucinkujici\/tomas-sebek\/#primaryimage"},"thumbnailUrl":"https:\/\/www.colours.cz\/wp-content\/uploads\/2025\/05\/Tomas-Sebek2-scaled-e1747035346766.jpg","datePublished":"2025-05-07T13:24:20+00:00","dateModified":"2025-07-01T13:35:39+00:00","breadcrumb":{"@id":"https:\/\/www.colours.cz\/en\/ucinkujici\/tomas-sebek\/#breadcrumb"},"inLanguage":"en-US","potentialAction":[{"@type":"ReadAction","target":["https:\/\/www.colours.cz\/en\/ucinkujici\/tomas-sebek\/"]}]},{"@type":"ImageObject","inLanguage":"en-US","@id":"https:\/\/www.colours.cz\/en\/ucinkujici\/tomas-sebek\/#primaryimage","url":"https:\/\/www.colours.cz\/wp-content\/uploads\/2025\/05\/Tomas-Sebek2-scaled-e1747035346766.jpg","contentUrl":"https:\/\/www.colours.cz\/wp-content\/uploads\/2025\/05\/Tomas-Sebek2-scaled-e1747035346766.jpg","width":2560,"height":2560},{"@type":"BreadcrumbList","@id":"https:\/\/www.colours.cz\/en\/ucinkujici\/tomas-sebek\/#breadcrumb","itemListElement":[{"@type":"ListItem","position":1,"name":"Dom\u016f","item":"https:\/\/www.colours.cz\/en\/"},{"@type":"ListItem","position":2,"name":"Tom\u00e1\u0161 \u0160ebek"}]},{"@type":"WebSite","@id":"https:\/\/www.colours.cz\/en\/#website","url":"https:\/\/www.colours.cz\/en\/","name":"Colours of Ostrava","description":"","potentialAction":[{"@type":"SearchAction","target":{"@type":"EntryPoint","urlTemplate":"https:\/\/www.colours.cz\/en\/?s={search_term_string}"},"query-input":{"@type":"PropertyValueSpecification","valueRequired":true,"valueName":"search_term_string"}}],"inLanguage":"en-US"}]}},"program-params-interpret-block-order":"0","program-params-thumbnail-mobile-id":"","program-params-sign-language-available":"0","program-params-timeline-description":"","program-tickets-not-included":"0","program-events-items-ids":[],"program-spotify-iframe":"","program-spotify-position":"center","program-socials-facebook":"","program-socials-youtube":"","program-socials-spotify":"","program-socials-instagram":"","program-socials-threads":"","program-socials-tiktok":"","program-socials-linkedin":"","program-gallery-items-ids":[{"program-items-url":"","program-items-title":"","program-items-description":"","program-items-duration":"","program-items-image-id":""}],"program-discover-title":"","program-discover-show-in-modal":"0","program-discover-items-ids":"","_links":{"self":[{"href":"https:\/\/www.colours.cz\/en\/wp-json\/wp\/v2\/program\/4913","targetHints":{"allow":["GET"]}}],"collection":[{"href":"https:\/\/www.colours.cz\/en\/wp-json\/wp\/v2\/program"}],"about":[{"href":"https:\/\/www.colours.cz\/en\/wp-json\/wp\/v2\/types\/program"}],"wp:featuredmedia":[{"embeddable":true,"href":"https:\/\/www.colours.cz\/en\/wp-json\/wp\/v2\/media\/4567"}],"wp:attachment":[{"href":"https:\/\/www.colours.cz\/en\/wp-json\/wp\/v2\/media?parent=4913"}],"wp:term":[{"taxonomy":"program-year","embeddable":true,"href":"https:\/\/www.colours.cz\/en\/wp-json\/wp\/v2\/program-year?post=4913"},{"taxonomy":"program-category","embeddable":true,"href":"https:\/\/www.colours.cz\/en\/wp-json\/wp\/v2\/program-category?post=4913"},{"taxonomy":"program-genre","embeddable":true,"href":"https:\/\/www.colours.cz\/en\/wp-json\/wp\/v2\/program-genre?post=4913"},{"taxonomy":"program-country","embeddable":true,"href":"https:\/\/www.colours.cz\/en\/wp-json\/wp\/v2\/program-country?post=4913"}],"curies":[{"name":"wp","href":"https:\/\/api.w.org\/{rel}","templated":true}]}}

Tomáš Šebek

<p>A top doctor without borders who supports innovations in healthcare and aims to extend healthy life in the Czech Republic by at least five years. Experienced speaker and author of several books. Thanks to his latest book, he is also a man who is not afraid to put his skin in the game.</p>



<p>Years ago, Tomáš Šebek decided to provide his hands where they were most needed, and with Médecins Sans Frontières went to help the wounded in war zones as a surgeon focused on trauma surgery of the abdomen, chest and limbs. He set out on his first mission in 2010 to earthquake-ravaged Haiti. He later returned there, and went on more missions to Afghanistan, South Sudan and Yemen. He described all these experiences in blogs, which he then compiled into successful books.<br>Tomáš currently works as a hospital surgeon in Prague. When he’s not saving lives, he writes and photographs, improves his results in triathlons, pilots a plane or reads medical books.</p>



<p>In his most recent book Objektivní nález (Objective Finding), released in the autumn of 2024, Tomáš embarks on his most challenging journey yet. A journey into a childhood spent in a dysfunctional family, a journey of personal and professional failures, but also determination and a desire to take life into his own hands.</p>

<!-- This site is optimized with the Yoast SEO plugin v25.3.1 - https://yoast.com/wordpress/plugins/seo/ -->
<title>Tomáš Šebek - Colours of Ostrava</title>
<meta name="robots" content="index, follow, max-snippet:-1, max-image-preview:large, max-video-preview:-1" />
<link rel="canonical" href="https://www.colours.cz/en/ucinkujici/tomas-sebek/" />
<meta property="og:locale" content="en_US" />
<meta property="og:type" content="article" />
<meta property="og:title" content="Tomáš Šebek - Colours of Ostrava" />
<meta property="og:description" content="Doctor" />
<meta property="og:url" content="https://www.colours.cz/en/ucinkujici/tomas-sebek/" />
<meta property="og:site_name" content="Colours of Ostrava" />
<meta property="article:modified_time" content="2025-07-01T13:35:39+00:00" />
<meta property="og:image" content="https://www.colours.cz/wp-content/uploads/2025/05/Tomas-Sebek2-scaled-e1747035346766.jpg" />
	<meta property="og:image:width" content="2560" />
	<meta property="og:image:height" content="2560" />
	<meta property="og:image:type" content="image/jpeg" />
<meta name="twitter:card" content="summary_large_image" />
<meta name="twitter:label1" content="Est. reading time" />
	<meta name="twitter:data1" content="2 minutes" />
<!-- / Yoast SEO plugin. -->

Tomáš Šebek - Colours of Ostrava

Domů
