{"id":4889,"date":"2025-05-07T21:38:04","date_gmt":"2025-05-07T19:38:04","guid":{"rendered":"https:\/\/www.colours.cz\/ucinkujici\/martin-moravec\/"},"modified":"2025-05-20T10:22:33","modified_gmt":"2025-05-20T08:22:33","slug":"martin-moravec","status":"publish","type":"program","link":"https:\/\/www.colours.cz\/en\/ucinkujici\/martin-moravec\/","title":{"rendered":"Martin Moravec"},"content":{"rendered":"\n<p>Martin is a Czech journalist, presenter, sports writer and author. Since 2006 he has been heading Magaz\u00edn DNES. As a writer, he has become known mainly for his book biographies and interviews with biathlete Gabriela Koukalov\u00e1, doctors Vladim\u00edr Bene\u0161 and Marek Dvo\u0159\u00e1k, detective Josef Mare\u0161 and, most recently, with expert on counterterrorism Adam Doln\u00edk.<\/p>\n\n\n\n<p>Martin started his career at the age of 16 in the Orlicke local newspaper, for which he wrote reports from the district football championship. In 1998, he left East Bohemia for Prague, where he studied journalism at Charles University and worked at the editorial office of MF DNES. As a journalist, he focused mainly on football and tennis.<\/p>\n","protected":false},"excerpt":{"rendered":"<p>Journalist<\/p>\n","protected":false},"featured_media":4643,"menu_order":0,"template":"","meta":[],"program-year":[119],"program-category":[372],"program-genre":[],"program-country":[256],"class_list":["post-4889","program","type-program","status-publish","has-post-thumbnail","hentry","program-category-meltingpot-cz-en","program-country-cesko-en"],"yoast_head":"<!-- This site is optimized with the Yoast SEO plugin v25.3.1 - https:\/\/yoast.com\/wordpress\/plugins\/seo\/ -->\n<title>Martin Moravec - Colours of Ostrava<\/title>\n<meta name=\"robots\" content=\"index, follow, max-snippet:-1, max-image-preview:large, max-video-preview:-1\" \/>\n<link rel=\"canonical\" href=\"https:\/\/www.colours.cz\/en\/ucinkujici\/martin-moravec\/\" \/>\n<meta property=\"og:locale\" content=\"en_US\" \/>\n<meta property=\"og:type\" content=\"article\" \/>\n<meta property=\"og:title\" content=\"Martin Moravec - Colours of Ostrava\" \/>\n<meta property=\"og:description\" content=\"Journalist\" \/>\n<meta property=\"og:url\" content=\"https:\/\/www.colours.cz\/en\/ucinkujici\/martin-moravec\/\" \/>\n<meta property=\"og:site_name\" content=\"Colours of Ostrava\" \/>\n<meta property=\"article:modified_time\" content=\"2025-05-20T08:22:33+00:00\" \/>\n<meta property=\"og:image\" content=\"https:\/\/www.colours.cz\/wp-content\/uploads\/2025\/05\/0G1A7683-scaled.jpg\" \/>\n\t<meta property=\"og:image:width\" content=\"2560\" \/>\n\t<meta property=\"og:image:height\" content=\"1707\" \/>\n\t<meta property=\"og:image:type\" content=\"image\/jpeg\" \/>\n<meta name=\"twitter:card\" content=\"summary_large_image\" \/>\n<meta name=\"twitter:label1\" content=\"Est. reading time\" \/>\n\t<meta name=\"twitter:data1\" content=\"1 minute\" \/>\n<!-- \/ Yoast SEO plugin. -->","yoast_head_json":{"title":"Martin Moravec - Colours of Ostrava","robots":{"index":"index","follow":"follow","max-snippet":"max-snippet:-1","max-image-preview":"max-image-preview:large","max-video-preview":"max-video-preview:-1"},"canonical":"https:\/\/www.colours.cz\/en\/ucinkujici\/martin-moravec\/","og_locale":"en_US","og_type":"article","og_title":"Martin Moravec - Colours of Ostrava","og_description":"Journalist","og_url":"https:\/\/www.colours.cz\/en\/ucinkujici\/martin-moravec\/","og_site_name":"Colours of Ostrava","article_modified_time":"2025-05-20T08:22:33+00:00","og_image":[{"width":2560,"height":1707,"url":"https:\/\/www.colours.cz\/wp-content\/uploads\/2025\/05\/0G1A7683-scaled.jpg","type":"image\/jpeg"}],"twitter_card":"summary_large_image","twitter_misc":{"Est. reading time":"1 minute"},"schema":{"@context":"https:\/\/schema.org","@graph":[{"@type":"WebPage","@id":"https:\/\/www.colours.cz\/en\/ucinkujici\/martin-moravec\/","url":"https:\/\/www.colours.cz\/en\/ucinkujici\/martin-moravec\/","name":"Martin Moravec - Colours of Ostrava","isPartOf":{"@id":"https:\/\/www.colours.cz\/en\/#website"},"primaryImageOfPage":{"@id":"https:\/\/www.colours.cz\/en\/ucinkujici\/martin-moravec\/#primaryimage"},"image":{"@id":"https:\/\/www.colours.cz\/en\/ucinkujici\/martin-moravec\/#primaryimage"},"thumbnailUrl":"https:\/\/www.colours.cz\/wp-content\/uploads\/2025\/05\/0G1A7683-scaled.jpg","datePublished":"2025-05-07T19:38:04+00:00","dateModified":"2025-05-20T08:22:33+00:00","breadcrumb":{"@id":"https:\/\/www.colours.cz\/en\/ucinkujici\/martin-moravec\/#breadcrumb"},"inLanguage":"en-US","potentialAction":[{"@type":"ReadAction","target":["https:\/\/www.colours.cz\/en\/ucinkujici\/martin-moravec\/"]}]},{"@type":"ImageObject","inLanguage":"en-US","@id":"https:\/\/www.colours.cz\/en\/ucinkujici\/martin-moravec\/#primaryimage","url":"https:\/\/www.colours.cz\/wp-content\/uploads\/2025\/05\/0G1A7683-scaled.jpg","contentUrl":"https:\/\/www.colours.cz\/wp-content\/uploads\/2025\/05\/0G1A7683-scaled.jpg","width":2560,"height":1707},{"@type":"BreadcrumbList","@id":"https:\/\/www.colours.cz\/en\/ucinkujici\/martin-moravec\/#breadcrumb","itemListElement":[{"@type":"ListItem","position":1,"name":"Dom\u016f","item":"https:\/\/www.colours.cz\/en\/"},{"@type":"ListItem","position":2,"name":"Martin Moravec"}]},{"@type":"WebSite","@id":"https:\/\/www.colours.cz\/en\/#website","url":"https:\/\/www.colours.cz\/en\/","name":"Colours of Ostrava","description":"","potentialAction":[{"@type":"SearchAction","target":{"@type":"EntryPoint","urlTemplate":"https:\/\/www.colours.cz\/en\/?s={search_term_string}"},"query-input":{"@type":"PropertyValueSpecification","valueRequired":true,"valueName":"search_term_string"}}],"inLanguage":"en-US"}]}},"program-params-interpret-block-order":"0","program-params-thumbnail-mobile-id":"4645","program-params-sign-language-available":"","program-params-timeline-description":"","program-tickets-not-included":"0","program-events-items-ids":[{"program-event-items-date-start":"","program-event-items-date-end":"","program-event-items-date-length":"0","program-event-items-place":""}],"program-spotify-iframe":"","program-spotify-position":"center","program-socials-facebook":"","program-socials-youtube":"","program-socials-spotify":"","program-socials-instagram":"","program-socials-threads":"","program-socials-tiktok":"","program-socials-linkedin":"","program-gallery-items-ids":[{"program-items-url":"","program-items-title":"","program-items-description":"","program-items-duration":"","program-items-image-id":""}],"program-discover-title":"","program-discover-show-in-modal":"","program-discover-items-ids":"","_links":{"self":[{"href":"https:\/\/www.colours.cz\/en\/wp-json\/wp\/v2\/program\/4889","targetHints":{"allow":["GET"]}}],"collection":[{"href":"https:\/\/www.colours.cz\/en\/wp-json\/wp\/v2\/program"}],"about":[{"href":"https:\/\/www.colours.cz\/en\/wp-json\/wp\/v2\/types\/program"}],"wp:featuredmedia":[{"embeddable":true,"href":"https:\/\/www.colours.cz\/en\/wp-json\/wp\/v2\/media\/4643"}],"wp:attachment":[{"href":"https:\/\/www.colours.cz\/en\/wp-json\/wp\/v2\/media?parent=4889"}],"wp:term":[{"taxonomy":"program-year","embeddable":true,"href":"https:\/\/www.colours.cz\/en\/wp-json\/wp\/v2\/program-year?post=4889"},{"taxonomy":"program-category","embeddable":true,"href":"https:\/\/www.colours.cz\/en\/wp-json\/wp\/v2\/program-category?post=4889"},{"taxonomy":"program-genre","embeddable":true,"href":"https:\/\/www.colours.cz\/en\/wp-json\/wp\/v2\/program-genre?post=4889"},{"taxonomy":"program-country","embeddable":true,"href":"https:\/\/www.colours.cz\/en\/wp-json\/wp\/v2\/program-country?post=4889"}],"curies":[{"name":"wp","href":"https:\/\/api.w.org\/{rel}","templated":true}]}}

<p>Martin is a Czech journalist, presenter, sports writer and author. Since 2006 he has been heading Magazín DNES. As a writer, he has become known mainly for his book biographies and interviews with biathlete Gabriela Koukalová, doctors Vladimír Beneš and Marek Dvořák, detective Josef Mareš and, most recently, with expert on counterterrorism Adam Dolník.</p>



<p>Martin started his career at the age of 16 in the Orlicke local newspaper, for which he wrote reports from the district football championship. In 1998, he left East Bohemia for Prague, where he studied journalism at Charles University and worked at the editorial office of MF DNES. As a journalist, he focused mainly on football and tennis.</p>

Domů
