{"id":3924,"date":"2025-04-07T18:54:11","date_gmt":"2025-04-07T16:54:11","guid":{"rendered":"https:\/\/www.colours.cz\/ucinkujici\/cinoherni-studio-usti-nad-labem-jidelni-vuz\/"},"modified":"2025-06-23T20:27:04","modified_gmt":"2025-06-23T18:27:04","slug":"cinoherni-studio-usti-nad-labem-jidelni-vuz","status":"publish","type":"program","link":"https:\/\/www.colours.cz\/en\/ucinkujici\/cinoherni-studio-usti-nad-labem-jidelni-vuz\/","title":{"rendered":"\u010cinohern\u00ed studio \u00dast\u00ed nad Labem: J\u00eddeln\u00ed v\u016fz"},"content":{"rendered":"\n<figure class=\"wp-block-image size-large\"><img loading=\"lazy\" decoding=\"async\" width=\"1024\" height=\"576\" src=\"https:\/\/www.colours.cz\/wp-content\/uploads\/2025\/04\/Jidel_vuz_foto_Martin_Spelda-6-1024x576.jpg\" alt=\"\u010cinohern\u00ed studio \u00dast\u00ed nad Labem: J\u00eddeln\u00ed v\u016fz - Colours of Ostrava\" class=\"wp-image-3903\" srcset=\"https:\/\/www.colours.cz\/wp-content\/uploads\/2025\/04\/Jidel_vuz_foto_Martin_Spelda-6-1024x576.jpg 1024w, https:\/\/www.colours.cz\/wp-content\/uploads\/2025\/04\/Jidel_vuz_foto_Martin_Spelda-6-300x169.jpg 300w, https:\/\/www.colours.cz\/wp-content\/uploads\/2025\/04\/Jidel_vuz_foto_Martin_Spelda-6-768x432.jpg 768w, https:\/\/www.colours.cz\/wp-content\/uploads\/2025\/04\/Jidel_vuz_foto_Martin_Spelda-6-1536x864.jpg 1536w, https:\/\/www.colours.cz\/wp-content\/uploads\/2025\/04\/Jidel_vuz_foto_Martin_Spelda-6-2048x1152.jpg 2048w\" sizes=\"auto, (max-width: 1024px) 100vw, 1024px\" \/><\/figure>\n\n\n\n<p><strong>A must-see for railway enthusiasts.<\/strong> While the experience of traveling along two tracks is fairly common, this performance will also appeal to those who aren\u2019t laden with cameras and don\u2019t wait for the perfect shot of passing trains. The audience becomes a direct witness to a scene that could easily have happened during their journey to the festival. The only certainty in this ever-shifting story, full of gags and witty lines, is the final destination \u2013 the train with the dining car is heading there. So, hop on board, this train doesn\u2019t stop!<\/p>\n\n\n\n<p><strong>STARRING:<\/strong><\/p>\n\n\n\n<p>Stewardess: Andrea Uhl\u00edk Bereckov\u00e1<br>Conductor (alt.): Annette Nesvadbov\u00e1<br>Conductor (alt.): Barbora V\u00e1chov\u00e1<br>Passerby: Kl\u00e1ra Such\u00e1<br>Technician: Adam Ernest<br>Head waiter: Jan Plouhar<br>Actor: Luk\u00e1\u0161 \u010cernoch<br>Top railwayman: V\u00e1clav Knop<\/p>\n\n\n\n<p><strong>CREATIVE TEAM:<br>DIRECTOR:<\/strong> David \u0160iktanc<br><strong>DRAMATURGY:<\/strong> Kate\u0159ina Sou\u010dkov\u00e1<br><strong>SCENOGRAPHY:<\/strong> Nikola Temp\u00edr, Zuzana \u0160t\u011bpan\u010d\u00edkov\u00e1<br><strong>COSTUMES:<\/strong> Simona Peka\u0159ov\u00e1<br><strong>MUSIC:<\/strong> Michal Vejskal<br><strong>MOTION COLLABORATION:<\/strong> Barbora Nechanick\u00e1<br><strong>ASSISTANT DIRECTOR:<\/strong> Andrea Uhl\u00edk Bereckov\u00e1<\/p>\n\n\n\n<p><strong>AWARDS AND NOMINATIONS:<br>The success of the Month<\/strong> by the editorial team of Divadeln\u00ed noviny (April 2023)<br><strong>GRAND Festival of Laughter 2024:<\/strong> Jury Award, Best Director Award, Comedy of the Year 2023<br>Nominated for the Theatre Critics Award in the category Best First Czech Play of the Year<\/p>\n","protected":false},"excerpt":{"rendered":"<p>The announced delay time may change! You are invited to board the dining car on the Prague \u2013 Hamburg route. Round lights shine above the white tablecloths, and through the aisle, head waiter Peterka rushes by, serving draft beer&#8230; An introduction to a performance that won the Jury Award, Best Director Award, and the Comedy of the Year Award at the 2023 GRAND Festival of Laughter.<\/p>\n","protected":false},"featured_media":3901,"menu_order":0,"template":"","meta":[],"program-year":[119],"program-category":[281],"program-genre":[],"program-country":[256],"class_list":["post-3924","program","type-program","status-publish","has-post-thumbnail","hentry","program-category-theater-and-performance","program-country-cesko-en"],"yoast_head":"<!-- This site is optimized with the Yoast SEO plugin v25.3.1 - https:\/\/yoast.com\/wordpress\/plugins\/seo\/ -->\n<title>\u010cinohern\u00ed studio \u00dast\u00ed nad Labem: J\u00eddeln\u00ed v\u016fz - Colours of Ostrava<\/title>\n<meta name=\"robots\" content=\"index, follow, max-snippet:-1, max-image-preview:large, max-video-preview:-1\" \/>\n<link rel=\"canonical\" href=\"https:\/\/www.colours.cz\/en\/ucinkujici\/cinoherni-studio-usti-nad-labem-jidelni-vuz\/\" \/>\n<meta property=\"og:locale\" content=\"en_US\" \/>\n<meta property=\"og:type\" content=\"article\" \/>\n<meta property=\"og:title\" content=\"\u010cinohern\u00ed studio \u00dast\u00ed nad Labem: J\u00eddeln\u00ed v\u016fz - Colours of Ostrava\" \/>\n<meta property=\"og:description\" content=\"The announced delay time may change! You are invited to board the dining car on the Prague \u2013 Hamburg route. Round lights shine above the white tablecloths, and through the aisle, head waiter Peterka rushes by, serving draft beer... An introduction to a performance that won the Jury Award, Best Director Award, and the Comedy of the Year Award at the 2023 GRAND Festival of Laughter.\" \/>\n<meta property=\"og:url\" content=\"https:\/\/www.colours.cz\/en\/ucinkujici\/cinoherni-studio-usti-nad-labem-jidelni-vuz\/\" \/>\n<meta property=\"og:site_name\" content=\"Colours of Ostrava\" \/>\n<meta property=\"article:modified_time\" content=\"2025-06-23T18:27:04+00:00\" \/>\n<meta property=\"og:image\" content=\"https:\/\/www.colours.cz\/wp-content\/uploads\/2025\/04\/Jidel_vuz_foto_Martin_Spelda-4-scaled.jpg\" \/>\n\t<meta property=\"og:image:width\" content=\"2560\" \/>\n\t<meta property=\"og:image:height\" content=\"1440\" \/>\n\t<meta property=\"og:image:type\" content=\"image\/jpeg\" \/>\n<meta name=\"twitter:card\" content=\"summary_large_image\" \/>\n<meta name=\"twitter:label1\" content=\"Est. reading time\" \/>\n\t<meta name=\"twitter:data1\" content=\"2 minutes\" \/>\n<!-- \/ Yoast SEO plugin. -->","yoast_head_json":{"title":"\u010cinohern\u00ed studio \u00dast\u00ed nad Labem: J\u00eddeln\u00ed v\u016fz - Colours of Ostrava","robots":{"index":"index","follow":"follow","max-snippet":"max-snippet:-1","max-image-preview":"max-image-preview:large","max-video-preview":"max-video-preview:-1"},"canonical":"https:\/\/www.colours.cz\/en\/ucinkujici\/cinoherni-studio-usti-nad-labem-jidelni-vuz\/","og_locale":"en_US","og_type":"article","og_title":"\u010cinohern\u00ed studio \u00dast\u00ed nad Labem: J\u00eddeln\u00ed v\u016fz - Colours of Ostrava","og_description":"The announced delay time may change! You are invited to board the dining car on the Prague \u2013 Hamburg route. Round lights shine above the white tablecloths, and through the aisle, head waiter Peterka rushes by, serving draft beer... An introduction to a performance that won the Jury Award, Best Director Award, and the Comedy of the Year Award at the 2023 GRAND Festival of Laughter.","og_url":"https:\/\/www.colours.cz\/en\/ucinkujici\/cinoherni-studio-usti-nad-labem-jidelni-vuz\/","og_site_name":"Colours of Ostrava","article_modified_time":"2025-06-23T18:27:04+00:00","og_image":[{"width":2560,"height":1440,"url":"https:\/\/www.colours.cz\/wp-content\/uploads\/2025\/04\/Jidel_vuz_foto_Martin_Spelda-4-scaled.jpg","type":"image\/jpeg"}],"twitter_card":"summary_large_image","twitter_misc":{"Est. reading time":"2 minutes"},"schema":{"@context":"https:\/\/schema.org","@graph":[{"@type":"WebPage","@id":"https:\/\/www.colours.cz\/en\/ucinkujici\/cinoherni-studio-usti-nad-labem-jidelni-vuz\/","url":"https:\/\/www.colours.cz\/en\/ucinkujici\/cinoherni-studio-usti-nad-labem-jidelni-vuz\/","name":"\u010cinohern\u00ed studio \u00dast\u00ed nad Labem: J\u00eddeln\u00ed v\u016fz - Colours of Ostrava","isPartOf":{"@id":"https:\/\/www.colours.cz\/en\/#website"},"primaryImageOfPage":{"@id":"https:\/\/www.colours.cz\/en\/ucinkujici\/cinoherni-studio-usti-nad-labem-jidelni-vuz\/#primaryimage"},"image":{"@id":"https:\/\/www.colours.cz\/en\/ucinkujici\/cinoherni-studio-usti-nad-labem-jidelni-vuz\/#primaryimage"},"thumbnailUrl":"https:\/\/www.colours.cz\/wp-content\/uploads\/2025\/04\/Jidel_vuz_foto_Martin_Spelda-4-scaled.jpg","datePublished":"2025-04-07T16:54:11+00:00","dateModified":"2025-06-23T18:27:04+00:00","breadcrumb":{"@id":"https:\/\/www.colours.cz\/en\/ucinkujici\/cinoherni-studio-usti-nad-labem-jidelni-vuz\/#breadcrumb"},"inLanguage":"en-US","potentialAction":[{"@type":"ReadAction","target":["https:\/\/www.colours.cz\/en\/ucinkujici\/cinoherni-studio-usti-nad-labem-jidelni-vuz\/"]}]},{"@type":"ImageObject","inLanguage":"en-US","@id":"https:\/\/www.colours.cz\/en\/ucinkujici\/cinoherni-studio-usti-nad-labem-jidelni-vuz\/#primaryimage","url":"https:\/\/www.colours.cz\/wp-content\/uploads\/2025\/04\/Jidel_vuz_foto_Martin_Spelda-4-scaled.jpg","contentUrl":"https:\/\/www.colours.cz\/wp-content\/uploads\/2025\/04\/Jidel_vuz_foto_Martin_Spelda-4-scaled.jpg","width":2560,"height":1440,"caption":"Jidelni-vuz-divadlo-colours-of-ostrava"},{"@type":"BreadcrumbList","@id":"https:\/\/www.colours.cz\/en\/ucinkujici\/cinoherni-studio-usti-nad-labem-jidelni-vuz\/#breadcrumb","itemListElement":[{"@type":"ListItem","position":1,"name":"Dom\u016f","item":"https:\/\/www.colours.cz\/en\/"},{"@type":"ListItem","position":2,"name":"\u010cinohern\u00ed studio \u00dast\u00ed nad Labem: J\u00eddeln\u00ed v\u016fz"}]},{"@type":"WebSite","@id":"https:\/\/www.colours.cz\/en\/#website","url":"https:\/\/www.colours.cz\/en\/","name":"Colours of Ostrava","description":"","potentialAction":[{"@type":"SearchAction","target":{"@type":"EntryPoint","urlTemplate":"https:\/\/www.colours.cz\/en\/?s={search_term_string}"},"query-input":{"@type":"PropertyValueSpecification","valueRequired":true,"valueName":"search_term_string"}}],"inLanguage":"en-US"}]}},"program-params-interpret-block-order":"0","program-params-thumbnail-mobile-id":"","program-params-sign-language-available":"","program-params-timeline-description":"","program-tickets-not-included":"0","program-events-items-ids":[{"program-event-items-date-start":"18.07.2025 17:00","program-event-items-date-end":"18.07.2025 18:15","program-event-items-date-length":"75","program-event-items-place":"6488"}],"program-spotify-iframe":"","program-spotify-position":"center","program-socials-facebook":"","program-socials-youtube":"","program-socials-spotify":"","program-socials-instagram":"","program-socials-threads":"","program-socials-tiktok":"","program-socials-linkedin":"","program-gallery-items-ids":[{"program-items-url":"","program-items-title":"","program-items-description":"","program-items-duration":"","program-items-image-id":""}],"program-discover-title":"","program-discover-show-in-modal":"","program-discover-items-ids":"","_links":{"self":[{"href":"https:\/\/www.colours.cz\/en\/wp-json\/wp\/v2\/program\/3924","targetHints":{"allow":["GET"]}}],"collection":[{"href":"https:\/\/www.colours.cz\/en\/wp-json\/wp\/v2\/program"}],"about":[{"href":"https:\/\/www.colours.cz\/en\/wp-json\/wp\/v2\/types\/program"}],"wp:featuredmedia":[{"embeddable":true,"href":"https:\/\/www.colours.cz\/en\/wp-json\/wp\/v2\/media\/3901"}],"wp:attachment":[{"href":"https:\/\/www.colours.cz\/en\/wp-json\/wp\/v2\/media?parent=3924"}],"wp:term":[{"taxonomy":"program-year","embeddable":true,"href":"https:\/\/www.colours.cz\/en\/wp-json\/wp\/v2\/program-year?post=3924"},{"taxonomy":"program-category","embeddable":true,"href":"https:\/\/www.colours.cz\/en\/wp-json\/wp\/v2\/program-category?post=3924"},{"taxonomy":"program-genre","embeddable":true,"href":"https:\/\/www.colours.cz\/en\/wp-json\/wp\/v2\/program-genre?post=3924"},{"taxonomy":"program-country","embeddable":true,"href":"https:\/\/www.colours.cz\/en\/wp-json\/wp\/v2\/program-country?post=3924"}],"curies":[{"name":"wp","href":"https:\/\/api.w.org\/{rel}","templated":true}]}}

Činoherní studio Ústí nad Labem: Jídelní vůz

<figure class="wp-block-image size-large"><img loading="lazy" decoding="async" width="1024" height="576" src="https://www.colours.cz/wp-content/uploads/2025/04/Jidel_vuz_foto_Martin_Spelda-6-1024x576.jpg" alt="Činoherní studio Ústí nad Labem: Jídelní vůz - Colours of Ostrava" class="wp-image-3903" srcset="https://www.colours.cz/wp-content/uploads/2025/04/Jidel_vuz_foto_Martin_Spelda-6-1024x576.jpg 1024w, https://www.colours.cz/wp-content/uploads/2025/04/Jidel_vuz_foto_Martin_Spelda-6-300x169.jpg 300w, https://www.colours.cz/wp-content/uploads/2025/04/Jidel_vuz_foto_Martin_Spelda-6-768x432.jpg 768w, https://www.colours.cz/wp-content/uploads/2025/04/Jidel_vuz_foto_Martin_Spelda-6-1536x864.jpg 1536w, https://www.colours.cz/wp-content/uploads/2025/04/Jidel_vuz_foto_Martin_Spelda-6-2048x1152.jpg 2048w" sizes="auto, (max-width: 1024px) 100vw, 1024px" /></figure>



<p><strong>A must-see for railway enthusiasts.</strong> While the experience of traveling along two tracks is fairly common, this performance will also appeal to those who aren’t laden with cameras and don’t wait for the perfect shot of passing trains. The audience becomes a direct witness to a scene that could easily have happened during their journey to the festival. The only certainty in this ever-shifting story, full of gags and witty lines, is the final destination – the train with the dining car is heading there. So, hop on board, this train doesn’t stop!</p>



<p><strong>STARRING:</strong></p>



<p>Stewardess: Andrea Uhlík Berecková<br>Conductor (alt.): Annette Nesvadbová<br>Conductor (alt.): Barbora Váchová<br>Passerby: Klára Suchá<br>Technician: Adam Ernest<br>Head waiter: Jan Plouhar<br>Actor: Lukáš Černoch<br>Top railwayman: Václav Knop</p>



<p><strong>CREATIVE TEAM:<br>DIRECTOR:</strong> David Šiktanc<br><strong>DRAMATURGY:</strong> Kateřina Součková<br><strong>SCENOGRAPHY:</strong> Nikola Tempír, Zuzana Štěpančíková<br><strong>COSTUMES:</strong> Simona Pekařová<br><strong>MUSIC:</strong> Michal Vejskal<br><strong>MOTION COLLABORATION:</strong> Barbora Nechanická<br><strong>ASSISTANT DIRECTOR:</strong> Andrea Uhlík Berecková</p>



<p><strong>AWARDS AND NOMINATIONS:<br>The success of the Month</strong> by the editorial team of Divadelní noviny (April 2023)<br><strong>GRAND Festival of Laughter 2024:</strong> Jury Award, Best Director Award, Comedy of the Year 2023<br>Nominated for the Theatre Critics Award in the category Best First Czech Play of the Year</p>

<!-- This site is optimized with the Yoast SEO plugin v25.3.1 - https://yoast.com/wordpress/plugins/seo/ -->
<title>Činoherní studio Ústí nad Labem: Jídelní vůz - Colours of Ostrava</title>
<meta name="robots" content="index, follow, max-snippet:-1, max-image-preview:large, max-video-preview:-1" />
<link rel="canonical" href="https://www.colours.cz/en/ucinkujici/cinoherni-studio-usti-nad-labem-jidelni-vuz/" />
<meta property="og:locale" content="en_US" />
<meta property="og:type" content="article" />
<meta property="og:title" content="Činoherní studio Ústí nad Labem: Jídelní vůz - Colours of Ostrava" />
<meta property="og:description" content="The announced delay time may change! You are invited to board the dining car on the Prague – Hamburg route. Round lights shine above the white tablecloths, and through the aisle, head waiter Peterka rushes by, serving draft beer... An introduction to a performance that won the Jury Award, Best Director Award, and the Comedy of the Year Award at the 2023 GRAND Festival of Laughter." />
<meta property="og:url" content="https://www.colours.cz/en/ucinkujici/cinoherni-studio-usti-nad-labem-jidelni-vuz/" />
<meta property="og:site_name" content="Colours of Ostrava" />
<meta property="article:modified_time" content="2025-06-23T18:27:04+00:00" />
<meta property="og:image" content="https://www.colours.cz/wp-content/uploads/2025/04/Jidel_vuz_foto_Martin_Spelda-4-scaled.jpg" />
	<meta property="og:image:width" content="2560" />
	<meta property="og:image:height" content="1440" />
	<meta property="og:image:type" content="image/jpeg" />
<meta name="twitter:card" content="summary_large_image" />
<meta name="twitter:label1" content="Est. reading time" />
	<meta name="twitter:data1" content="2 minutes" />
<!-- / Yoast SEO plugin. -->

Činoherní studio Ústí nad Labem: Jídelní vůz - Colours of Ostrava

Domů
