{"id":3922,"date":"2025-04-07T18:57:44","date_gmt":"2025-04-07T16:57:44","guid":{"rendered":"https:\/\/www.colours.cz\/ucinkujici\/ductus-deferens-nasi-fabulanti\/"},"modified":"2025-06-17T12:24:03","modified_gmt":"2025-06-17T10:24:03","slug":"ductus-deferens-nasi-fabulanti","status":"publish","type":"program","link":"https:\/\/www.colours.cz\/en\/ucinkujici\/ductus-deferens-nasi-fabulanti\/","title":{"rendered":"Ductus deferens: Na\u0161i fabulanti"},"content":{"rendered":"\n<p>We all have certain truths that we believe in, but others do not. These basic beliefs are necessary to protect us from the flood of information we face every day. They act as a defence mechanism against the feeling that we live in a world we don\u2019t understand.<\/p>\n\n\n\n<p>The relevance of available information should ideally be guaranteed by its provider\u2019s credibility, but the consumer\u2019s demand always aligns with what they want to believe, not whether the source is verifiable. Disinformation thus becomes a highly effective tool for manipulating public opinion. It divides society, generations, and even families.<\/p>\n\n\n\n<p>The original production is loosely inspired by the book Predictably Irrational by American psychologist Dan Ariely, which asks the question: &#8220;Why do seemingly rational people believe completely irrational truths?&#8221; Our creators take a satirical look at the Czech household, revealing the flaws in the ideological beliefs of its members, who are generationally disconnected.<\/p>\n\n\n\n<p>The production features expressive expressions and, in line with the author\u2019s artistic concept, optical illusions, and contrasting lighting effects are used on stage. The performance is suitable for audiences aged 13 and above.<\/p>\n\n\n\n<p><strong>STARRING<\/strong><strong><br><\/strong> Barbora Laurencie V\u00e1gnerov\u00e1, Martina Jindrov\u00e1, Anton\u00edn Brukner, Marek Fr\u0148ka, Petr Kult \/ Petr Maty\u00e1\u0161 Cibulka<\/p>\n\n\n\n<p><strong>CREATIVE TEAM<br>DIRECTOR:<\/strong> Tom\u00e1\u0161 \u010capek<br><strong>DRAMATURGY:<\/strong> Anna Smr\u010dkov\u00e1<br><strong>SCENOGRAPHY, COSTUMES:<\/strong> Julie Sztogr\u00fdnov\u00e1<br><strong>MUSIC:<\/strong> Martin Polidar<br><strong>PRODUCTION:<\/strong> Judita Brodsk\u00e1<\/p>\n","protected":false},"excerpt":{"rendered":"<p>&#8220;Information. Who ever said it has to be truthful? That\u2019s not enough, it\u2019s not sufficient, it\u2019s boring.&#8221;<\/p>\n","protected":false},"featured_media":3920,"menu_order":0,"template":"","meta":[],"program-year":[119],"program-category":[281],"program-genre":[],"program-country":[256],"class_list":["post-3922","program","type-program","status-publish","has-post-thumbnail","hentry","program-category-theater-and-performance","program-country-cesko-en"],"yoast_head":"<!-- This site is optimized with the Yoast SEO plugin v25.3.1 - https:\/\/yoast.com\/wordpress\/plugins\/seo\/ -->\n<title>Ductus deferens: Na\u0161i fabulanti - Colours of Ostrava<\/title>\n<meta name=\"robots\" content=\"index, follow, max-snippet:-1, max-image-preview:large, max-video-preview:-1\" \/>\n<link rel=\"canonical\" href=\"https:\/\/www.colours.cz\/en\/ucinkujici\/ductus-deferens-nasi-fabulanti\/\" \/>\n<meta property=\"og:locale\" content=\"en_US\" \/>\n<meta property=\"og:type\" content=\"article\" \/>\n<meta property=\"og:title\" content=\"Ductus deferens: Na\u0161i fabulanti - Colours of Ostrava\" \/>\n<meta property=\"og:description\" content=\"&quot;Information. Who ever said it has to be truthful? That\u2019s not enough, it\u2019s not sufficient, it\u2019s boring.&quot;\" \/>\n<meta property=\"og:url\" content=\"https:\/\/www.colours.cz\/en\/ucinkujici\/ductus-deferens-nasi-fabulanti\/\" \/>\n<meta property=\"og:site_name\" content=\"Colours of Ostrava\" \/>\n<meta property=\"article:modified_time\" content=\"2025-06-17T10:24:03+00:00\" \/>\n<meta property=\"og:image\" content=\"https:\/\/www.colours.cz\/wp-content\/uploads\/2025\/04\/DD_Nasi-fabulanti_foto-Richard-Moucka-07.jpg\" \/>\n\t<meta property=\"og:image:width\" content=\"2048\" \/>\n\t<meta property=\"og:image:height\" content=\"1365\" \/>\n\t<meta property=\"og:image:type\" content=\"image\/jpeg\" \/>\n<meta name=\"twitter:card\" content=\"summary_large_image\" \/>\n<meta name=\"twitter:label1\" content=\"Est. reading time\" \/>\n\t<meta name=\"twitter:data1\" content=\"2 minutes\" \/>\n<!-- \/ Yoast SEO plugin. -->","yoast_head_json":{"title":"Ductus deferens: Na\u0161i fabulanti - Colours of Ostrava","robots":{"index":"index","follow":"follow","max-snippet":"max-snippet:-1","max-image-preview":"max-image-preview:large","max-video-preview":"max-video-preview:-1"},"canonical":"https:\/\/www.colours.cz\/en\/ucinkujici\/ductus-deferens-nasi-fabulanti\/","og_locale":"en_US","og_type":"article","og_title":"Ductus deferens: Na\u0161i fabulanti - Colours of Ostrava","og_description":"\"Information. Who ever said it has to be truthful? That\u2019s not enough, it\u2019s not sufficient, it\u2019s boring.\"","og_url":"https:\/\/www.colours.cz\/en\/ucinkujici\/ductus-deferens-nasi-fabulanti\/","og_site_name":"Colours of Ostrava","article_modified_time":"2025-06-17T10:24:03+00:00","og_image":[{"width":2048,"height":1365,"url":"https:\/\/www.colours.cz\/wp-content\/uploads\/2025\/04\/DD_Nasi-fabulanti_foto-Richard-Moucka-07.jpg","type":"image\/jpeg"}],"twitter_card":"summary_large_image","twitter_misc":{"Est. reading time":"2 minutes"},"schema":{"@context":"https:\/\/schema.org","@graph":[{"@type":"WebPage","@id":"https:\/\/www.colours.cz\/en\/ucinkujici\/ductus-deferens-nasi-fabulanti\/","url":"https:\/\/www.colours.cz\/en\/ucinkujici\/ductus-deferens-nasi-fabulanti\/","name":"Ductus deferens: Na\u0161i fabulanti - Colours of Ostrava","isPartOf":{"@id":"https:\/\/www.colours.cz\/en\/#website"},"primaryImageOfPage":{"@id":"https:\/\/www.colours.cz\/en\/ucinkujici\/ductus-deferens-nasi-fabulanti\/#primaryimage"},"image":{"@id":"https:\/\/www.colours.cz\/en\/ucinkujici\/ductus-deferens-nasi-fabulanti\/#primaryimage"},"thumbnailUrl":"https:\/\/www.colours.cz\/wp-content\/uploads\/2025\/04\/DD_Nasi-fabulanti_foto-Richard-Moucka-07.jpg","datePublished":"2025-04-07T16:57:44+00:00","dateModified":"2025-06-17T10:24:03+00:00","breadcrumb":{"@id":"https:\/\/www.colours.cz\/en\/ucinkujici\/ductus-deferens-nasi-fabulanti\/#breadcrumb"},"inLanguage":"en-US","potentialAction":[{"@type":"ReadAction","target":["https:\/\/www.colours.cz\/en\/ucinkujici\/ductus-deferens-nasi-fabulanti\/"]}]},{"@type":"ImageObject","inLanguage":"en-US","@id":"https:\/\/www.colours.cz\/en\/ucinkujici\/ductus-deferens-nasi-fabulanti\/#primaryimage","url":"https:\/\/www.colours.cz\/wp-content\/uploads\/2025\/04\/DD_Nasi-fabulanti_foto-Richard-Moucka-07.jpg","contentUrl":"https:\/\/www.colours.cz\/wp-content\/uploads\/2025\/04\/DD_Nasi-fabulanti_foto-Richard-Moucka-07.jpg","width":2048,"height":1365,"caption":"Ductus deferens: Na\u0161i fabulanti-colours-of-ostrava"},{"@type":"BreadcrumbList","@id":"https:\/\/www.colours.cz\/en\/ucinkujici\/ductus-deferens-nasi-fabulanti\/#breadcrumb","itemListElement":[{"@type":"ListItem","position":1,"name":"Dom\u016f","item":"https:\/\/www.colours.cz\/en\/"},{"@type":"ListItem","position":2,"name":"Ductus deferens: Na\u0161i fabulanti"}]},{"@type":"WebSite","@id":"https:\/\/www.colours.cz\/en\/#website","url":"https:\/\/www.colours.cz\/en\/","name":"Colours of Ostrava","description":"","potentialAction":[{"@type":"SearchAction","target":{"@type":"EntryPoint","urlTemplate":"https:\/\/www.colours.cz\/en\/?s={search_term_string}"},"query-input":{"@type":"PropertyValueSpecification","valueRequired":true,"valueName":"search_term_string"}}],"inLanguage":"en-US"}]}},"program-params-interpret-block-order":"0","program-params-thumbnail-mobile-id":"","program-params-sign-language-available":"","program-params-timeline-description":"","program-tickets-not-included":"1","program-events-items-ids":[{"program-event-items-date-start":"17.07.2025 11:30","program-event-items-date-end":"17.07.2025 12:30","program-event-items-date-length":"60","program-event-items-place":"5826"}],"program-spotify-iframe":"","program-spotify-position":"center","program-socials-facebook":"","program-socials-youtube":"","program-socials-spotify":"","program-socials-instagram":"","program-socials-threads":"","program-socials-tiktok":"","program-socials-linkedin":"","program-gallery-items-ids":[{"program-items-url":"","program-items-title":"","program-items-description":"","program-items-duration":"","program-items-image-id":""}],"program-discover-title":"","program-discover-show-in-modal":"","program-discover-items-ids":"","_links":{"self":[{"href":"https:\/\/www.colours.cz\/en\/wp-json\/wp\/v2\/program\/3922","targetHints":{"allow":["GET"]}}],"collection":[{"href":"https:\/\/www.colours.cz\/en\/wp-json\/wp\/v2\/program"}],"about":[{"href":"https:\/\/www.colours.cz\/en\/wp-json\/wp\/v2\/types\/program"}],"wp:featuredmedia":[{"embeddable":true,"href":"https:\/\/www.colours.cz\/en\/wp-json\/wp\/v2\/media\/3920"}],"wp:attachment":[{"href":"https:\/\/www.colours.cz\/en\/wp-json\/wp\/v2\/media?parent=3922"}],"wp:term":[{"taxonomy":"program-year","embeddable":true,"href":"https:\/\/www.colours.cz\/en\/wp-json\/wp\/v2\/program-year?post=3922"},{"taxonomy":"program-category","embeddable":true,"href":"https:\/\/www.colours.cz\/en\/wp-json\/wp\/v2\/program-category?post=3922"},{"taxonomy":"program-genre","embeddable":true,"href":"https:\/\/www.colours.cz\/en\/wp-json\/wp\/v2\/program-genre?post=3922"},{"taxonomy":"program-country","embeddable":true,"href":"https:\/\/www.colours.cz\/en\/wp-json\/wp\/v2\/program-country?post=3922"}],"curies":[{"name":"wp","href":"https:\/\/api.w.org\/{rel}","templated":true}]}}

Ductus deferens: Naši fabulanti

<p>We all have certain truths that we believe in, but others do not. These basic beliefs are necessary to protect us from the flood of information we face every day. They act as a defence mechanism against the feeling that we live in a world we don’t understand.</p>



<p>The relevance of available information should ideally be guaranteed by its provider’s credibility, but the consumer’s demand always aligns with what they want to believe, not whether the source is verifiable. Disinformation thus becomes a highly effective tool for manipulating public opinion. It divides society, generations, and even families.</p>



<p>The original production is loosely inspired by the book Predictably Irrational by American psychologist Dan Ariely, which asks the question: &#8220;Why do seemingly rational people believe completely irrational truths?&#8221; Our creators take a satirical look at the Czech household, revealing the flaws in the ideological beliefs of its members, who are generationally disconnected.</p>



<p>The production features expressive expressions and, in line with the author’s artistic concept, optical illusions, and contrasting lighting effects are used on stage. The performance is suitable for audiences aged 13 and above.</p>



<p><strong>STARRING</strong><strong><br></strong> Barbora Laurencie Vágnerová, Martina Jindrová, Antonín Brukner, Marek Frňka, Petr Kult / Petr Matyáš Cibulka</p>



<p><strong>CREATIVE TEAM<br>DIRECTOR:</strong> Tomáš Čapek<br><strong>DRAMATURGY:</strong> Anna Smrčková<br><strong>SCENOGRAPHY, COSTUMES:</strong> Julie Sztogrýnová<br><strong>MUSIC:</strong> Martin Polidar<br><strong>PRODUCTION:</strong> Judita Brodská</p>

<!-- This site is optimized with the Yoast SEO plugin v25.3.1 - https://yoast.com/wordpress/plugins/seo/ -->
<title>Ductus deferens: Naši fabulanti - Colours of Ostrava</title>
<meta name="robots" content="index, follow, max-snippet:-1, max-image-preview:large, max-video-preview:-1" />
<link rel="canonical" href="https://www.colours.cz/en/ucinkujici/ductus-deferens-nasi-fabulanti/" />
<meta property="og:locale" content="en_US" />
<meta property="og:type" content="article" />
<meta property="og:title" content="Ductus deferens: Naši fabulanti - Colours of Ostrava" />
<meta property="og:description" content="&quot;Information. Who ever said it has to be truthful? That’s not enough, it’s not sufficient, it’s boring.&quot;" />
<meta property="og:url" content="https://www.colours.cz/en/ucinkujici/ductus-deferens-nasi-fabulanti/" />
<meta property="og:site_name" content="Colours of Ostrava" />
<meta property="article:modified_time" content="2025-06-17T10:24:03+00:00" />
<meta property="og:image" content="https://www.colours.cz/wp-content/uploads/2025/04/DD_Nasi-fabulanti_foto-Richard-Moucka-07.jpg" />
	<meta property="og:image:width" content="2048" />
	<meta property="og:image:height" content="1365" />
	<meta property="og:image:type" content="image/jpeg" />
<meta name="twitter:card" content="summary_large_image" />
<meta name="twitter:label1" content="Est. reading time" />
	<meta name="twitter:data1" content="2 minutes" />
<!-- / Yoast SEO plugin. -->

Ductus deferens: Naši fabulanti - Colours of Ostrava

Ductus deferens: Naši fabulanti-colours-of-ostrava

Domů
