{"id":3893,"date":"2025-04-07T18:48:16","date_gmt":"2025-04-07T16:48:16","guid":{"rendered":"https:\/\/www.colours.cz\/ucinkujici\/petr-zelenka-zaby-hraje-ivana-trojan\/"},"modified":"2025-06-23T20:19:10","modified_gmt":"2025-06-23T18:19:10","slug":"petr-zelenka-zaby-hraje-ivana-trojan","status":"publish","type":"program","link":"https:\/\/www.colours.cz\/en\/ucinkujici\/petr-zelenka-zaby-hraje-ivana-trojan\/","title":{"rendered":"Petr Zelenka: \u017d\u00e1by (starring Ivana Trojan)"},"content":{"rendered":"\n<p>The story of a man at the peak of a personal crisis, a neglected star in his field, torn between his love for an unattainable woman and a lifelong fascination with objects and props. All characters and props are fictional. More or less. For both Petr Zelenka and Ivan Trojan, this is their first experience with a monodrama. However, the creators quickly discovered an effective way to work together, and according to the director, the rehearsal process was joyful and smooth. Ivan Trojan approached the preparations responsibly, and thanks to a very precise text-learning plan, he soon mastered the eighty-minute monologue. The quality has already been confirmed by the audiences of dozens of sold-out performances, and the experience will be shared by visitors to this year\u2019s Colours of Ostrava.<\/p>\n\n\n\n<p><strong>STARRING:<\/strong> Ivan Trojan<br><strong>Voice of the costume designer:<\/strong> Veronika Khek Kuba\u0159ov\u00e1<\/p>\n\n\n\n<p><strong>CREATIVE TEAM:<br>DIRECTOR:<\/strong> Petr Zelenka<br><strong>DRAMATURGY:<\/strong> Olga \u0160ubrtov\u00e1<br><strong>SCENOGRAPHY:<\/strong> Nikola Temp\u00edr<br><strong>COSTUMES:<\/strong> Katar\u00edna Holl\u00e1<br><strong>MUSIC:<\/strong> Ond\u0159ej D\u011bde\u010dek, Anton\u00edn Hochmann, archive<\/p>\n","protected":false},"excerpt":{"rendered":"<p>Comedy by Petr Zelenka, which actor Ivan Trojan gave himself for his sixtieth birthday. After they collaborated on The Story of Ordinary Madness, Theremin, and The Elegance of the Molecule, Trojan teamed up with Zelenka again for an exclusive confession of an elite film props master, who preferred objects to people &#8211; until SHE came along.<\/p>\n","protected":false},"featured_media":3891,"menu_order":0,"template":"","meta":[],"program-year":[119],"program-category":[281],"program-genre":[],"program-country":[256],"class_list":["post-3893","program","type-program","status-publish","has-post-thumbnail","hentry","program-category-theater-and-performance","program-country-cesko-en"],"yoast_head":"<!-- This site is optimized with the Yoast SEO plugin v25.3.1 - https:\/\/yoast.com\/wordpress\/plugins\/seo\/ -->\n<title>Petr Zelenka: \u017d\u00e1by (starring Ivana Trojan) - Colours of Ostrava<\/title>\n<meta name=\"robots\" content=\"index, follow, max-snippet:-1, max-image-preview:large, max-video-preview:-1\" \/>\n<link rel=\"canonical\" href=\"https:\/\/www.colours.cz\/en\/ucinkujici\/petr-zelenka-zaby-hraje-ivana-trojan\/\" \/>\n<meta property=\"og:locale\" content=\"en_US\" \/>\n<meta property=\"og:type\" content=\"article\" \/>\n<meta property=\"og:title\" content=\"Petr Zelenka: \u017d\u00e1by (starring Ivana Trojan) - Colours of Ostrava\" \/>\n<meta property=\"og:description\" content=\"Comedy by Petr Zelenka, which actor Ivan Trojan gave himself for his sixtieth birthday. After they collaborated on The Story of Ordinary Madness, Theremin, and The Elegance of the Molecule, Trojan teamed up with Zelenka again for an exclusive confession of an elite film props master, who preferred objects to people - until SHE came along.\" \/>\n<meta property=\"og:url\" content=\"https:\/\/www.colours.cz\/en\/ucinkujici\/petr-zelenka-zaby-hraje-ivana-trojan\/\" \/>\n<meta property=\"og:site_name\" content=\"Colours of Ostrava\" \/>\n<meta property=\"article:modified_time\" content=\"2025-06-23T18:19:10+00:00\" \/>\n<meta property=\"og:image\" content=\"https:\/\/www.colours.cz\/wp-content\/uploads\/2025\/04\/Zaby_Ivan-Trojan_01-foto-Milan-Chrdle.jpg\" \/>\n\t<meta property=\"og:image:width\" content=\"1920\" \/>\n\t<meta property=\"og:image:height\" content=\"1280\" \/>\n\t<meta property=\"og:image:type\" content=\"image\/jpeg\" \/>\n<meta name=\"twitter:card\" content=\"summary_large_image\" \/>\n<meta name=\"twitter:label1\" content=\"Est. reading time\" \/>\n\t<meta name=\"twitter:data1\" content=\"2 minutes\" \/>\n<!-- \/ Yoast SEO plugin. -->","yoast_head_json":{"title":"Petr Zelenka: \u017d\u00e1by (starring Ivana Trojan) - Colours of Ostrava","robots":{"index":"index","follow":"follow","max-snippet":"max-snippet:-1","max-image-preview":"max-image-preview:large","max-video-preview":"max-video-preview:-1"},"canonical":"https:\/\/www.colours.cz\/en\/ucinkujici\/petr-zelenka-zaby-hraje-ivana-trojan\/","og_locale":"en_US","og_type":"article","og_title":"Petr Zelenka: \u017d\u00e1by (starring Ivana Trojan) - Colours of Ostrava","og_description":"Comedy by Petr Zelenka, which actor Ivan Trojan gave himself for his sixtieth birthday. After they collaborated on The Story of Ordinary Madness, Theremin, and The Elegance of the Molecule, Trojan teamed up with Zelenka again for an exclusive confession of an elite film props master, who preferred objects to people - until SHE came along.","og_url":"https:\/\/www.colours.cz\/en\/ucinkujici\/petr-zelenka-zaby-hraje-ivana-trojan\/","og_site_name":"Colours of Ostrava","article_modified_time":"2025-06-23T18:19:10+00:00","og_image":[{"width":1920,"height":1280,"url":"https:\/\/www.colours.cz\/wp-content\/uploads\/2025\/04\/Zaby_Ivan-Trojan_01-foto-Milan-Chrdle.jpg","type":"image\/jpeg"}],"twitter_card":"summary_large_image","twitter_misc":{"Est. reading time":"2 minutes"},"schema":{"@context":"https:\/\/schema.org","@graph":[{"@type":"WebPage","@id":"https:\/\/www.colours.cz\/en\/ucinkujici\/petr-zelenka-zaby-hraje-ivana-trojan\/","url":"https:\/\/www.colours.cz\/en\/ucinkujici\/petr-zelenka-zaby-hraje-ivana-trojan\/","name":"Petr Zelenka: \u017d\u00e1by (starring Ivana Trojan) - Colours of Ostrava","isPartOf":{"@id":"https:\/\/www.colours.cz\/en\/#website"},"primaryImageOfPage":{"@id":"https:\/\/www.colours.cz\/en\/ucinkujici\/petr-zelenka-zaby-hraje-ivana-trojan\/#primaryimage"},"image":{"@id":"https:\/\/www.colours.cz\/en\/ucinkujici\/petr-zelenka-zaby-hraje-ivana-trojan\/#primaryimage"},"thumbnailUrl":"https:\/\/www.colours.cz\/wp-content\/uploads\/2025\/04\/Zaby_Ivan-Trojan_01-foto-Milan-Chrdle.jpg","datePublished":"2025-04-07T16:48:16+00:00","dateModified":"2025-06-23T18:19:10+00:00","breadcrumb":{"@id":"https:\/\/www.colours.cz\/en\/ucinkujici\/petr-zelenka-zaby-hraje-ivana-trojan\/#breadcrumb"},"inLanguage":"en-US","potentialAction":[{"@type":"ReadAction","target":["https:\/\/www.colours.cz\/en\/ucinkujici\/petr-zelenka-zaby-hraje-ivana-trojan\/"]}]},{"@type":"ImageObject","inLanguage":"en-US","@id":"https:\/\/www.colours.cz\/en\/ucinkujici\/petr-zelenka-zaby-hraje-ivana-trojan\/#primaryimage","url":"https:\/\/www.colours.cz\/wp-content\/uploads\/2025\/04\/Zaby_Ivan-Trojan_01-foto-Milan-Chrdle.jpg","contentUrl":"https:\/\/www.colours.cz\/wp-content\/uploads\/2025\/04\/Zaby_Ivan-Trojan_01-foto-Milan-Chrdle.jpg","width":1920,"height":1280},{"@type":"BreadcrumbList","@id":"https:\/\/www.colours.cz\/en\/ucinkujici\/petr-zelenka-zaby-hraje-ivana-trojan\/#breadcrumb","itemListElement":[{"@type":"ListItem","position":1,"name":"Dom\u016f","item":"https:\/\/www.colours.cz\/en\/"},{"@type":"ListItem","position":2,"name":"Petr Zelenka: \u017d\u00e1by (starring Ivana Trojan)"}]},{"@type":"WebSite","@id":"https:\/\/www.colours.cz\/en\/#website","url":"https:\/\/www.colours.cz\/en\/","name":"Colours of Ostrava","description":"","potentialAction":[{"@type":"SearchAction","target":{"@type":"EntryPoint","urlTemplate":"https:\/\/www.colours.cz\/en\/?s={search_term_string}"},"query-input":{"@type":"PropertyValueSpecification","valueRequired":true,"valueName":"search_term_string"}}],"inLanguage":"en-US"}]}},"program-params-interpret-block-order":"0","program-params-thumbnail-mobile-id":"","program-params-sign-language-available":"","program-params-timeline-description":"","program-tickets-not-included":"0","program-events-items-ids":[{"program-event-items-date-start":"18.07.2025 12:00","program-event-items-date-end":"18.07.2025 14:30","program-event-items-date-length":"90","program-event-items-place":"6488"}],"program-spotify-iframe":"","program-spotify-position":"center","program-socials-facebook":"","program-socials-youtube":"","program-socials-spotify":"","program-socials-instagram":"","program-socials-threads":"","program-socials-tiktok":"","program-socials-linkedin":"","program-gallery-items-ids":[{"program-items-url":"","program-items-title":"","program-items-description":"","program-items-duration":"","program-items-image-id":""}],"program-discover-title":"","program-discover-show-in-modal":"","program-discover-items-ids":"","_links":{"self":[{"href":"https:\/\/www.colours.cz\/en\/wp-json\/wp\/v2\/program\/3893","targetHints":{"allow":["GET"]}}],"collection":[{"href":"https:\/\/www.colours.cz\/en\/wp-json\/wp\/v2\/program"}],"about":[{"href":"https:\/\/www.colours.cz\/en\/wp-json\/wp\/v2\/types\/program"}],"wp:featuredmedia":[{"embeddable":true,"href":"https:\/\/www.colours.cz\/en\/wp-json\/wp\/v2\/media\/3891"}],"wp:attachment":[{"href":"https:\/\/www.colours.cz\/en\/wp-json\/wp\/v2\/media?parent=3893"}],"wp:term":[{"taxonomy":"program-year","embeddable":true,"href":"https:\/\/www.colours.cz\/en\/wp-json\/wp\/v2\/program-year?post=3893"},{"taxonomy":"program-category","embeddable":true,"href":"https:\/\/www.colours.cz\/en\/wp-json\/wp\/v2\/program-category?post=3893"},{"taxonomy":"program-genre","embeddable":true,"href":"https:\/\/www.colours.cz\/en\/wp-json\/wp\/v2\/program-genre?post=3893"},{"taxonomy":"program-country","embeddable":true,"href":"https:\/\/www.colours.cz\/en\/wp-json\/wp\/v2\/program-country?post=3893"}],"curies":[{"name":"wp","href":"https:\/\/api.w.org\/{rel}","templated":true}]}}

Petr Zelenka: Žáby (starring Ivana Trojan)

<p>The story of a man at the peak of a personal crisis, a neglected star in his field, torn between his love for an unattainable woman and a lifelong fascination with objects and props. All characters and props are fictional. More or less. For both Petr Zelenka and Ivan Trojan, this is their first experience with a monodrama. However, the creators quickly discovered an effective way to work together, and according to the director, the rehearsal process was joyful and smooth. Ivan Trojan approached the preparations responsibly, and thanks to a very precise text-learning plan, he soon mastered the eighty-minute monologue. The quality has already been confirmed by the audiences of dozens of sold-out performances, and the experience will be shared by visitors to this year’s Colours of Ostrava.</p>



<p><strong>STARRING:</strong> Ivan Trojan<br><strong>Voice of the costume designer:</strong> Veronika Khek Kubařová</p>



<p><strong>CREATIVE TEAM:<br>DIRECTOR:</strong> Petr Zelenka<br><strong>DRAMATURGY:</strong> Olga Šubrtová<br><strong>SCENOGRAPHY:</strong> Nikola Tempír<br><strong>COSTUMES:</strong> Katarína Hollá<br><strong>MUSIC:</strong> Ondřej Dědeček, Antonín Hochmann, archive</p>

<!-- This site is optimized with the Yoast SEO plugin v25.3.1 - https://yoast.com/wordpress/plugins/seo/ -->
<title>Petr Zelenka: Žáby (starring Ivana Trojan) - Colours of Ostrava</title>
<meta name="robots" content="index, follow, max-snippet:-1, max-image-preview:large, max-video-preview:-1" />
<link rel="canonical" href="https://www.colours.cz/en/ucinkujici/petr-zelenka-zaby-hraje-ivana-trojan/" />
<meta property="og:locale" content="en_US" />
<meta property="og:type" content="article" />
<meta property="og:title" content="Petr Zelenka: Žáby (starring Ivana Trojan) - Colours of Ostrava" />
<meta property="og:description" content="Comedy by Petr Zelenka, which actor Ivan Trojan gave himself for his sixtieth birthday. After they collaborated on The Story of Ordinary Madness, Theremin, and The Elegance of the Molecule, Trojan teamed up with Zelenka again for an exclusive confession of an elite film props master, who preferred objects to people - until SHE came along." />
<meta property="og:url" content="https://www.colours.cz/en/ucinkujici/petr-zelenka-zaby-hraje-ivana-trojan/" />
<meta property="og:site_name" content="Colours of Ostrava" />
<meta property="article:modified_time" content="2025-06-23T18:19:10+00:00" />
<meta property="og:image" content="https://www.colours.cz/wp-content/uploads/2025/04/Zaby_Ivan-Trojan_01-foto-Milan-Chrdle.jpg" />
	<meta property="og:image:width" content="1920" />
	<meta property="og:image:height" content="1280" />
	<meta property="og:image:type" content="image/jpeg" />
<meta name="twitter:card" content="summary_large_image" />
<meta name="twitter:label1" content="Est. reading time" />
	<meta name="twitter:data1" content="2 minutes" />
<!-- / Yoast SEO plugin. -->

Petr Zelenka: Žáby (starring Ivana Trojan) - Colours of Ostrava

Domů
