{"id":2818,"date":"2025-03-10T09:31:48","date_gmt":"2025-03-10T08:31:48","guid":{"rendered":"https:\/\/www.colours.cz\/interpret\/ben-cristovao\/"},"modified":"2025-06-28T15:24:19","modified_gmt":"2025-06-28T13:24:19","slug":"ben-cristovao","status":"publish","type":"program","link":"https:\/\/www.colours.cz\/en\/ucinkujici\/ben-cristovao\/","title":{"rendered":"Ben Cristovao"},"content":{"rendered":"\n<figure class=\"wp-block-embed is-type-video is-provider-youtube wp-block-embed-youtube wp-embed-aspect-16-9 wp-has-aspect-ratio\"><div class=\"wp-block-embed__wrapper\">\n<iframe loading=\"lazy\" title=\"Ben Cristovao ft. M\u00e1ria \u010c\u00edrov\u00e1 - PADAM (Official Music Video)\" width=\"500\" height=\"281\" src=\"https:\/\/www.youtube.com\/embed\/Xnfvx4Sif5E?feature=oembed\" frameborder=\"0\" allow=\"accelerometer; autoplay; clipboard-write; encrypted-media; gyroscope; picture-in-picture; web-share\" referrerpolicy=\"strict-origin-when-cross-origin\" allowfullscreen><\/iframe>\n<\/div><\/figure>\n\n\n\n<p>It\u2019s been 15 years since the release of his debut album <strong>Definitely Different<\/strong>. Ten years ago, he hit a major milestone, selling out Forum Karl\u00edn. Five years later, <strong>Forbes<\/strong> recognized him as <strong>one of the most influential Czech personalities<\/strong> on social media, and rightly so \u2013 his messages reach tens of thousands, with his tracks streaming to just as many listeners as follow <a href=\"https:\/\/www.instagram.com\/bennycristo\/?hl=cs\">his Instagram<\/a>. Thanks to collaborations with producers and artists from Poland, Germany, and Austria, he has captured international attention. His performance at Eurovision certainly helped him win fans beyond the Czech borders. And let\u2019s not forget his impressive achievements in jiu-jitsu! What\u2019s next? We&#8217;ll let him surprise us. During his set, fans can expect not only fresh tracks from his latest albums but also time-tested hits, all enriched by a truly spectacular visual and movement-driven show.<\/p>\n\n\n\n<figure class=\"wp-block-embed is-type-video is-provider-youtube wp-block-embed-youtube wp-embed-aspect-16-9 wp-has-aspect-ratio\"><div class=\"wp-block-embed__wrapper\">\n<iframe loading=\"lazy\" title=\"Ben Cristovao - BOMBY \/ prod. by The Glowsticks\" width=\"500\" height=\"281\" src=\"https:\/\/www.youtube.com\/embed\/HCxGQuFsAec?feature=oembed\" frameborder=\"0\" allow=\"accelerometer; autoplay; clipboard-write; encrypted-media; gyroscope; picture-in-picture; web-share\" referrerpolicy=\"strict-origin-when-cross-origin\" allowfullscreen><\/iframe>\n<\/div><\/figure>\n\n\n\n<figure class=\"wp-block-embed is-type-rich is-provider-spotify wp-block-embed-spotify wp-embed-aspect-21-9 wp-has-aspect-ratio\"><div class=\"wp-block-embed__wrapper\">\n<iframe title=\"Spotify Embed: Ben Cristovao\" style=\"border-radius: 12px\" width=\"100%\" height=\"352\" frameborder=\"0\" allowfullscreen allow=\"autoplay; clipboard-write; encrypted-media; fullscreen; picture-in-picture\" loading=\"lazy\" src=\"https:\/\/open.spotify.com\/embed\/artist\/1bpca6RQE5kp92pIwPMBE8?si=lEkFrCyCQ8i-Gcjv-nlu9A&#038;utm_source=oembed\"><\/iframe>\n<\/div><\/figure>\n","protected":false},"excerpt":{"rendered":"<p>Will 2025 be a groundbreaking year for Ben Cristovao? It\u2019s quite possible. At the start of June, he\u2019ll be tearing up the stage at Eden in Prague, and just a month and a few days later, he\u2019ll bring down the main stage at Colours of Ostrava. Because Eden is one of a kind, and we know exactly how to handle its energy at Colours. Two years ago, he took the stage with a mechanical lion, so we\u2019re curious if this year, inspired by the Chinese Year of the Snake, he\u2019ll bring something just as wild. What we&#8217;re most excited about is what he will bring to the stage at Doln\u00ed V\u00edtkovice from his biggest show yet \u2013 this performance will be one of the few he\u2019ll have during the festival season.<\/p>\n","protected":false},"featured_media":1218,"menu_order":9,"template":"","meta":[],"program-year":[119],"program-category":[120],"program-genre":[190,345,258,262],"program-country":[256],"class_list":["post-2818","program","type-program","status-publish","has-post-thumbnail","hentry","program-category-music-programme","program-genre-dance-en","program-genre-hip-hop-en","program-genre-rnb-en","program-genre-rap-en","program-country-cesko-en"],"yoast_head":"<!-- This site is optimized with the Yoast SEO plugin v25.3.1 - https:\/\/yoast.com\/wordpress\/plugins\/seo\/ -->\n<title>Ben Cristovao - Colours of Ostrava<\/title>\n<meta name=\"description\" content=\"Ben Cristovao vystoup\u00ed na festival Colours of Ostrava 2025. P\u0159edstav\u00ed sv\u016fj Sweet Chilli love song, Bomby, Nemus\u00edm nic a dal\u0161\u00ed hity.\" \/>\n<meta name=\"robots\" content=\"index, follow, max-snippet:-1, max-image-preview:large, max-video-preview:-1\" \/>\n<link rel=\"canonical\" href=\"https:\/\/www.colours.cz\/en\/ucinkujici\/ben-cristovao\/\" \/>\n<meta property=\"og:locale\" content=\"en_US\" \/>\n<meta property=\"og:type\" content=\"article\" \/>\n<meta property=\"og:title\" content=\"Ben Cristovao - Colours of Ostrava\" \/>\n<meta property=\"og:description\" content=\"Ben Cristovao vystoup\u00ed na festival Colours of Ostrava 2025. P\u0159edstav\u00ed sv\u016fj Sweet Chilli love song, Bomby, Nemus\u00edm nic a dal\u0161\u00ed hity.\" \/>\n<meta property=\"og:url\" content=\"https:\/\/www.colours.cz\/en\/ucinkujici\/ben-cristovao\/\" \/>\n<meta property=\"og:site_name\" content=\"Colours of Ostrava\" \/>\n<meta property=\"article:modified_time\" content=\"2025-06-28T13:24:19+00:00\" \/>\n<meta property=\"og:image\" content=\"https:\/\/www.colours.cz\/wp-content\/uploads\/2025\/03\/benny-cristo.jpg\" \/>\n\t<meta property=\"og:image:width\" content=\"1500\" \/>\n\t<meta property=\"og:image:height\" content=\"1071\" \/>\n\t<meta property=\"og:image:type\" content=\"image\/jpeg\" \/>\n<meta name=\"twitter:card\" content=\"summary_large_image\" \/>\n<meta name=\"twitter:label1\" content=\"Est. reading time\" \/>\n\t<meta name=\"twitter:data1\" content=\"1 minute\" \/>\n<!-- \/ Yoast SEO plugin. -->","yoast_head_json":{"title":"Ben Cristovao - Colours of Ostrava","description":"Ben Cristovao vystoup\u00ed na festival Colours of Ostrava 2025. P\u0159edstav\u00ed sv\u016fj Sweet Chilli love song, Bomby, Nemus\u00edm nic a dal\u0161\u00ed hity.","robots":{"index":"index","follow":"follow","max-snippet":"max-snippet:-1","max-image-preview":"max-image-preview:large","max-video-preview":"max-video-preview:-1"},"canonical":"https:\/\/www.colours.cz\/en\/ucinkujici\/ben-cristovao\/","og_locale":"en_US","og_type":"article","og_title":"Ben Cristovao - Colours of Ostrava","og_description":"Ben Cristovao vystoup\u00ed na festival Colours of Ostrava 2025. P\u0159edstav\u00ed sv\u016fj Sweet Chilli love song, Bomby, Nemus\u00edm nic a dal\u0161\u00ed hity.","og_url":"https:\/\/www.colours.cz\/en\/ucinkujici\/ben-cristovao\/","og_site_name":"Colours of Ostrava","article_modified_time":"2025-06-28T13:24:19+00:00","og_image":[{"width":1500,"height":1071,"url":"https:\/\/www.colours.cz\/wp-content\/uploads\/2025\/03\/benny-cristo.jpg","type":"image\/jpeg"}],"twitter_card":"summary_large_image","twitter_misc":{"Est. reading time":"1 minute"},"schema":{"@context":"https:\/\/schema.org","@graph":[{"@type":"WebPage","@id":"https:\/\/www.colours.cz\/en\/ucinkujici\/ben-cristovao\/","url":"https:\/\/www.colours.cz\/en\/ucinkujici\/ben-cristovao\/","name":"Ben Cristovao - Colours of Ostrava","isPartOf":{"@id":"https:\/\/www.colours.cz\/en\/#website"},"primaryImageOfPage":{"@id":"https:\/\/www.colours.cz\/en\/ucinkujici\/ben-cristovao\/#primaryimage"},"image":{"@id":"https:\/\/www.colours.cz\/en\/ucinkujici\/ben-cristovao\/#primaryimage"},"thumbnailUrl":"https:\/\/www.colours.cz\/wp-content\/uploads\/2025\/03\/benny-cristo.jpg","datePublished":"2025-03-10T08:31:48+00:00","dateModified":"2025-06-28T13:24:19+00:00","description":"Ben Cristovao vystoup\u00ed na festival Colours of Ostrava 2025. P\u0159edstav\u00ed sv\u016fj Sweet Chilli love song, Bomby, Nemus\u00edm nic a dal\u0161\u00ed hity.","breadcrumb":{"@id":"https:\/\/www.colours.cz\/en\/ucinkujici\/ben-cristovao\/#breadcrumb"},"inLanguage":"en-US","potentialAction":[{"@type":"ReadAction","target":["https:\/\/www.colours.cz\/en\/ucinkujici\/ben-cristovao\/"]}]},{"@type":"ImageObject","inLanguage":"en-US","@id":"https:\/\/www.colours.cz\/en\/ucinkujici\/ben-cristovao\/#primaryimage","url":"https:\/\/www.colours.cz\/wp-content\/uploads\/2025\/03\/benny-cristo.jpg","contentUrl":"https:\/\/www.colours.cz\/wp-content\/uploads\/2025\/03\/benny-cristo.jpg","width":1500,"height":1071},{"@type":"BreadcrumbList","@id":"https:\/\/www.colours.cz\/en\/ucinkujici\/ben-cristovao\/#breadcrumb","itemListElement":[{"@type":"ListItem","position":1,"name":"Dom\u016f","item":"https:\/\/www.colours.cz\/en\/"},{"@type":"ListItem","position":2,"name":"Ben Cristovao"}]},{"@type":"WebSite","@id":"https:\/\/www.colours.cz\/en\/#website","url":"https:\/\/www.colours.cz\/en\/","name":"Colours of Ostrava","description":"","potentialAction":[{"@type":"SearchAction","target":{"@type":"EntryPoint","urlTemplate":"https:\/\/www.colours.cz\/en\/?s={search_term_string}"},"query-input":{"@type":"PropertyValueSpecification","valueRequired":true,"valueName":"search_term_string"}}],"inLanguage":"en-US"}]}},"program-params-interpret-block-order":"0","program-params-thumbnail-mobile-id":"","program-params-sign-language-available":"1","program-params-timeline-description":"","program-tickets-not-included":"0","program-events-items-ids":[{"program-event-items-date-start":"16.07.2025 17:30","program-event-items-date-end":"16.07.2025 18:30","program-event-items-date-length":"60","program-event-items-place":"6464"}],"program-spotify-iframe":"","program-spotify-position":"center","program-socials-facebook":"https:\/\/www.facebook.com\/Cristovao.Ben\/?locale=cs_CZ","program-socials-youtube":"https:\/\/www.youtube.com\/channel\/UCbg2VbVFGVy_06MMdxvddEg","program-socials-spotify":"https:\/\/open.spotify.com\/artist\/1bpca6RQE5kp92pIwPMBE8?si=_Md1mx_NRX-6WH1YI2E_ww","program-socials-instagram":"","program-socials-threads":"","program-socials-tiktok":"","program-socials-linkedin":"","program-gallery-items-ids":[{"program-items-url":"","program-items-title":"","program-items-description":"","program-items-duration":"","program-items-image-id":""}],"program-discover-title":"","program-discover-show-in-modal":"0","program-discover-items-ids":"","_links":{"self":[{"href":"https:\/\/www.colours.cz\/en\/wp-json\/wp\/v2\/program\/2818","targetHints":{"allow":["GET"]}}],"collection":[{"href":"https:\/\/www.colours.cz\/en\/wp-json\/wp\/v2\/program"}],"about":[{"href":"https:\/\/www.colours.cz\/en\/wp-json\/wp\/v2\/types\/program"}],"wp:featuredmedia":[{"embeddable":true,"href":"https:\/\/www.colours.cz\/en\/wp-json\/wp\/v2\/media\/1218"}],"wp:attachment":[{"href":"https:\/\/www.colours.cz\/en\/wp-json\/wp\/v2\/media?parent=2818"}],"wp:term":[{"taxonomy":"program-year","embeddable":true,"href":"https:\/\/www.colours.cz\/en\/wp-json\/wp\/v2\/program-year?post=2818"},{"taxonomy":"program-category","embeddable":true,"href":"https:\/\/www.colours.cz\/en\/wp-json\/wp\/v2\/program-category?post=2818"},{"taxonomy":"program-genre","embeddable":true,"href":"https:\/\/www.colours.cz\/en\/wp-json\/wp\/v2\/program-genre?post=2818"},{"taxonomy":"program-country","embeddable":true,"href":"https:\/\/www.colours.cz\/en\/wp-json\/wp\/v2\/program-country?post=2818"}],"curies":[{"name":"wp","href":"https:\/\/api.w.org\/{rel}","templated":true}]}}

<figure class="wp-block-embed is-type-video is-provider-youtube wp-block-embed-youtube wp-embed-aspect-16-9 wp-has-aspect-ratio"><div class="wp-block-embed__wrapper">
<iframe loading="lazy" title="Ben Cristovao ft. Mária Čírová - PADAM (Official Music Video)" width="500" height="281" src="https://www.youtube.com/embed/Xnfvx4Sif5E?feature=oembed" frameborder="0" allow="accelerometer; autoplay; clipboard-write; encrypted-media; gyroscope; picture-in-picture; web-share" referrerpolicy="strict-origin-when-cross-origin" allowfullscreen></iframe>
</div></figure>



<p>It’s been 15 years since the release of his debut album <strong>Definitely Different</strong>. Ten years ago, he hit a major milestone, selling out Forum Karlín. Five years later, <strong>Forbes</strong> recognized him as <strong>one of the most influential Czech personalities</strong> on social media, and rightly so – his messages reach tens of thousands, with his tracks streaming to just as many listeners as follow <a href="https://www.instagram.com/bennycristo/?hl=cs">his Instagram</a>. Thanks to collaborations with producers and artists from Poland, Germany, and Austria, he has captured international attention. His performance at Eurovision certainly helped him win fans beyond the Czech borders. And let’s not forget his impressive achievements in jiu-jitsu! What’s next? We&#8217;ll let him surprise us. During his set, fans can expect not only fresh tracks from his latest albums but also time-tested hits, all enriched by a truly spectacular visual and movement-driven show.</p>



<figure class="wp-block-embed is-type-video is-provider-youtube wp-block-embed-youtube wp-embed-aspect-16-9 wp-has-aspect-ratio"><div class="wp-block-embed__wrapper">
<iframe loading="lazy" title="Ben Cristovao - BOMBY / prod. by The Glowsticks" width="500" height="281" src="https://www.youtube.com/embed/HCxGQuFsAec?feature=oembed" frameborder="0" allow="accelerometer; autoplay; clipboard-write; encrypted-media; gyroscope; picture-in-picture; web-share" referrerpolicy="strict-origin-when-cross-origin" allowfullscreen></iframe>
</div></figure>



<figure class="wp-block-embed is-type-rich is-provider-spotify wp-block-embed-spotify wp-embed-aspect-21-9 wp-has-aspect-ratio"><div class="wp-block-embed__wrapper">
<iframe title="Spotify Embed: Ben Cristovao" style="border-radius: 12px" width="100%" height="352" frameborder="0" allowfullscreen allow="autoplay; clipboard-write; encrypted-media; fullscreen; picture-in-picture" loading="lazy" src="https://open.spotify.com/embed/artist/1bpca6RQE5kp92pIwPMBE8?si=lEkFrCyCQ8i-Gcjv-nlu9A&#038;utm_source=oembed"></iframe>
</div></figure>

<p>Will 2025 be a groundbreaking year for Ben Cristovao? It’s quite possible. At the start of June, he’ll be tearing up the stage at Eden in Prague, and just a month and a few days later, he’ll bring down the main stage at Colours of Ostrava. Because Eden is one of a kind, and we know exactly how to handle its energy at Colours. Two years ago, he took the stage with a mechanical lion, so we’re curious if this year, inspired by the Chinese Year of the Snake, he’ll bring something just as wild. What we&#8217;re most excited about is what he will bring to the stage at Dolní Vítkovice from his biggest show yet – this performance will be one of the few he’ll have during the festival season.</p>

<!-- This site is optimized with the Yoast SEO plugin v25.3.1 - https://yoast.com/wordpress/plugins/seo/ -->
<title>Ben Cristovao - Colours of Ostrava</title>
<meta name="description" content="Ben Cristovao vystoupí na festival Colours of Ostrava 2025. Představí svůj Sweet Chilli love song, Bomby, Nemusím nic a další hity." />
<meta name="robots" content="index, follow, max-snippet:-1, max-image-preview:large, max-video-preview:-1" />
<link rel="canonical" href="https://www.colours.cz/en/ucinkujici/ben-cristovao/" />
<meta property="og:locale" content="en_US" />
<meta property="og:type" content="article" />
<meta property="og:title" content="Ben Cristovao - Colours of Ostrava" />
<meta property="og:description" content="Ben Cristovao vystoupí na festival Colours of Ostrava 2025. Představí svůj Sweet Chilli love song, Bomby, Nemusím nic a další hity." />
<meta property="og:url" content="https://www.colours.cz/en/ucinkujici/ben-cristovao/" />
<meta property="og:site_name" content="Colours of Ostrava" />
<meta property="article:modified_time" content="2025-06-28T13:24:19+00:00" />
<meta property="og:image" content="https://www.colours.cz/wp-content/uploads/2025/03/benny-cristo.jpg" />
	<meta property="og:image:width" content="1500" />
	<meta property="og:image:height" content="1071" />
	<meta property="og:image:type" content="image/jpeg" />
<meta name="twitter:card" content="summary_large_image" />
<meta name="twitter:label1" content="Est. reading time" />
	<meta name="twitter:data1" content="1 minute" />
<!-- / Yoast SEO plugin. -->

Ben Cristovao vystoupí na festival Colours of Ostrava 2025. Představí svůj Sweet Chilli love song, Bomby, Nemusím nic a další hity.

Domů
