{"id":2813,"date":"2025-03-10T10:10:09","date_gmt":"2025-03-10T09:10:09","guid":{"rendered":"https:\/\/www.colours.cz\/interpret\/dan-barta-illustratosphere\/"},"modified":"2025-06-23T19:58:20","modified_gmt":"2025-06-23T17:58:20","slug":"dan-barta-illustratosphere","status":"publish","type":"program","link":"https:\/\/www.colours.cz\/en\/ucinkujici\/dan-barta-illustratosphere\/","title":{"rendered":"Dan B\u00e1rta &#038; Illustrato&#8203;sphere"},"content":{"rendered":"\n<figure class=\"wp-block-embed is-type-rich is-provider-spotify wp-block-embed-spotify wp-embed-aspect-21-9 wp-has-aspect-ratio\"><div class=\"wp-block-embed__wrapper\">\n<iframe title=\"Spotify Embed: Dan Barta-Illustratosphere\" style=\"border-radius: 12px\" width=\"100%\" height=\"352\" frameborder=\"0\" allowfullscreen allow=\"autoplay; clipboard-write; encrypted-media; fullscreen; picture-in-picture\" loading=\"lazy\" src=\"https:\/\/open.spotify.com\/embed\/artist\/5Fl5pylQojHXEHjQZxnOoB?si=Pj2cT2tARbGOeA-fndKbOQ&#038;utm_source=oembed\"><\/iframe>\n<\/div><\/figure>\n\n\n\n<p><strong>The unique lyrics, the unpredictable but solid rhythmics<\/strong> under the hands of Robert Balzar, and the <strong>playful melodies <\/strong>of Filip Jelinek created an ecosystem that could develop with the other members and freely build on the other groups and projects of the individual Illustratosphere members.<\/p>\n\n\n\n<p>The last time the band played at Colours of Ostrava was in 2019, when the album Beauty and Animal Dust had not yet seen the light of day. In addition, in 2023 and 2024, the four first studio recordings were re-released. Those who would like to remind themselves of songs like Panv\u00ed, B&#8217;Artagnan, or Innerview before the festival performance can play the gramophone records at home and look forward to the summer.<\/p>\n","protected":false},"excerpt":{"rendered":"<p>In the 1990s it started with rock and continued with musical and funk. And in the 2000s came jazz. If someone had told Dan Barta twenty-five years ago that his relationship with Illustratosphere would last a quarter of a century and that five albums would be made, he probably wouldn&#8217;t have believed it. But from the very first recording, it was clear that something that had room on the Czech music scene had been created.<\/p>\n","protected":false},"featured_media":1225,"menu_order":7,"template":"","meta":[],"program-year":[119],"program-category":[120],"program-genre":[328,329,179,181],"program-country":[256],"class_list":["post-2813","program","type-program","status-publish","has-post-thumbnail","hentry","program-category-music-programme","program-genre-alternative","program-genre-alternative-en","program-genre-jazz-en","program-genre-rock-en","program-country-cesko-en"],"yoast_head":"<!-- This site is optimized with the Yoast SEO plugin v25.3.1 - https:\/\/yoast.com\/wordpress\/plugins\/seo\/ -->\n<title>Dan B\u00e1rta &amp; Illustrato&#8203;sphere - Colours of Ostrava<\/title>\n<meta name=\"description\" content=\"Dan B\u00e1rta &amp; Illustratosphere vystoup\u00ed na leto\u0161n\u00edch Colours of Ostrava. T\u011b\u0161\u00edme se na snouben\u00ed jazzu a rocku.\" \/>\n<meta name=\"robots\" content=\"index, follow, max-snippet:-1, max-image-preview:large, max-video-preview:-1\" \/>\n<link rel=\"canonical\" href=\"https:\/\/www.colours.cz\/en\/ucinkujici\/dan-barta-illustratosphere\/\" \/>\n<meta property=\"og:locale\" content=\"en_US\" \/>\n<meta property=\"og:type\" content=\"article\" \/>\n<meta property=\"og:title\" content=\"Dan B\u00e1rta &amp; Illustrato&#8203;sphere - Colours of Ostrava\" \/>\n<meta property=\"og:description\" content=\"Dan B\u00e1rta &amp; Illustratosphere vystoup\u00ed na leto\u0161n\u00edch Colours of Ostrava. T\u011b\u0161\u00edme se na snouben\u00ed jazzu a rocku.\" \/>\n<meta property=\"og:url\" content=\"https:\/\/www.colours.cz\/en\/ucinkujici\/dan-barta-illustratosphere\/\" \/>\n<meta property=\"og:site_name\" content=\"Colours of Ostrava\" \/>\n<meta property=\"article:modified_time\" content=\"2025-06-23T17:58:20+00:00\" \/>\n<meta property=\"og:image\" content=\"https:\/\/www.colours.cz\/wp-content\/uploads\/2025\/03\/EINZ-kopie.png\" \/>\n\t<meta property=\"og:image:width\" content=\"2000\" \/>\n\t<meta property=\"og:image:height\" content=\"1429\" \/>\n\t<meta property=\"og:image:type\" content=\"image\/png\" \/>\n<meta name=\"twitter:card\" content=\"summary_large_image\" \/>\n<meta name=\"twitter:label1\" content=\"Est. reading time\" \/>\n\t<meta name=\"twitter:data1\" content=\"1 minute\" \/>\n<!-- \/ Yoast SEO plugin. -->","yoast_head_json":{"title":"Dan B\u00e1rta & Illustrato&#8203;sphere - Colours of Ostrava","description":"Dan B\u00e1rta & Illustratosphere vystoup\u00ed na leto\u0161n\u00edch Colours of Ostrava. T\u011b\u0161\u00edme se na snouben\u00ed jazzu a rocku.","robots":{"index":"index","follow":"follow","max-snippet":"max-snippet:-1","max-image-preview":"max-image-preview:large","max-video-preview":"max-video-preview:-1"},"canonical":"https:\/\/www.colours.cz\/en\/ucinkujici\/dan-barta-illustratosphere\/","og_locale":"en_US","og_type":"article","og_title":"Dan B\u00e1rta & Illustrato&#8203;sphere - Colours of Ostrava","og_description":"Dan B\u00e1rta & Illustratosphere vystoup\u00ed na leto\u0161n\u00edch Colours of Ostrava. T\u011b\u0161\u00edme se na snouben\u00ed jazzu a rocku.","og_url":"https:\/\/www.colours.cz\/en\/ucinkujici\/dan-barta-illustratosphere\/","og_site_name":"Colours of Ostrava","article_modified_time":"2025-06-23T17:58:20+00:00","og_image":[{"width":2000,"height":1429,"url":"https:\/\/www.colours.cz\/wp-content\/uploads\/2025\/03\/EINZ-kopie.png","type":"image\/png"}],"twitter_card":"summary_large_image","twitter_misc":{"Est. reading time":"1 minute"},"schema":{"@context":"https:\/\/schema.org","@graph":[{"@type":"WebPage","@id":"https:\/\/www.colours.cz\/en\/ucinkujici\/dan-barta-illustratosphere\/","url":"https:\/\/www.colours.cz\/en\/ucinkujici\/dan-barta-illustratosphere\/","name":"Dan B\u00e1rta & Illustrato&#8203;sphere - Colours of Ostrava","isPartOf":{"@id":"https:\/\/www.colours.cz\/en\/#website"},"primaryImageOfPage":{"@id":"https:\/\/www.colours.cz\/en\/ucinkujici\/dan-barta-illustratosphere\/#primaryimage"},"image":{"@id":"https:\/\/www.colours.cz\/en\/ucinkujici\/dan-barta-illustratosphere\/#primaryimage"},"thumbnailUrl":"https:\/\/www.colours.cz\/wp-content\/uploads\/2025\/03\/EINZ-kopie.png","datePublished":"2025-03-10T09:10:09+00:00","dateModified":"2025-06-23T17:58:20+00:00","description":"Dan B\u00e1rta & Illustratosphere vystoup\u00ed na leto\u0161n\u00edch Colours of Ostrava. T\u011b\u0161\u00edme se na snouben\u00ed jazzu a rocku.","breadcrumb":{"@id":"https:\/\/www.colours.cz\/en\/ucinkujici\/dan-barta-illustratosphere\/#breadcrumb"},"inLanguage":"en-US","potentialAction":[{"@type":"ReadAction","target":["https:\/\/www.colours.cz\/en\/ucinkujici\/dan-barta-illustratosphere\/"]}]},{"@type":"ImageObject","inLanguage":"en-US","@id":"https:\/\/www.colours.cz\/en\/ucinkujici\/dan-barta-illustratosphere\/#primaryimage","url":"https:\/\/www.colours.cz\/wp-content\/uploads\/2025\/03\/EINZ-kopie.png","contentUrl":"https:\/\/www.colours.cz\/wp-content\/uploads\/2025\/03\/EINZ-kopie.png","width":2000,"height":1429},{"@type":"BreadcrumbList","@id":"https:\/\/www.colours.cz\/en\/ucinkujici\/dan-barta-illustratosphere\/#breadcrumb","itemListElement":[{"@type":"ListItem","position":1,"name":"Dom\u016f","item":"https:\/\/www.colours.cz\/en\/"},{"@type":"ListItem","position":2,"name":"Dan B\u00e1rta &#038; Illustrato&#8203;sphere"}]},{"@type":"WebSite","@id":"https:\/\/www.colours.cz\/en\/#website","url":"https:\/\/www.colours.cz\/en\/","name":"Colours of Ostrava","description":"","potentialAction":[{"@type":"SearchAction","target":{"@type":"EntryPoint","urlTemplate":"https:\/\/www.colours.cz\/en\/?s={search_term_string}"},"query-input":{"@type":"PropertyValueSpecification","valueRequired":true,"valueName":"search_term_string"}}],"inLanguage":"en-US"}]}},"program-params-interpret-block-order":"0","program-params-thumbnail-mobile-id":"","program-params-sign-language-available":"","program-params-timeline-description":"","program-tickets-not-included":"0","program-events-items-ids":[{"program-event-items-date-start":"18.07.2025 16:15","program-event-items-date-end":"18.07.2025 17:15","program-event-items-date-length":"60","program-event-items-place":"6471"}],"program-spotify-iframe":"","program-spotify-position":"center","program-socials-facebook":"https:\/\/www.facebook.com\/illustratosphere\/?locale=cs_CZ","program-socials-youtube":"","program-socials-spotify":"","program-socials-instagram":"https:\/\/www.instagram.com\/dan_barta_official\/?hl=en","program-socials-threads":"","program-socials-tiktok":"","program-socials-linkedin":"","program-gallery-items-ids":[{"program-items-url":"","program-items-title":"","program-items-description":"","program-items-duration":"","program-items-image-id":""}],"program-discover-title":"","program-discover-show-in-modal":"","program-discover-items-ids":"","_links":{"self":[{"href":"https:\/\/www.colours.cz\/en\/wp-json\/wp\/v2\/program\/2813","targetHints":{"allow":["GET"]}}],"collection":[{"href":"https:\/\/www.colours.cz\/en\/wp-json\/wp\/v2\/program"}],"about":[{"href":"https:\/\/www.colours.cz\/en\/wp-json\/wp\/v2\/types\/program"}],"wp:featuredmedia":[{"embeddable":true,"href":"https:\/\/www.colours.cz\/en\/wp-json\/wp\/v2\/media\/1225"}],"wp:attachment":[{"href":"https:\/\/www.colours.cz\/en\/wp-json\/wp\/v2\/media?parent=2813"}],"wp:term":[{"taxonomy":"program-year","embeddable":true,"href":"https:\/\/www.colours.cz\/en\/wp-json\/wp\/v2\/program-year?post=2813"},{"taxonomy":"program-category","embeddable":true,"href":"https:\/\/www.colours.cz\/en\/wp-json\/wp\/v2\/program-category?post=2813"},{"taxonomy":"program-genre","embeddable":true,"href":"https:\/\/www.colours.cz\/en\/wp-json\/wp\/v2\/program-genre?post=2813"},{"taxonomy":"program-country","embeddable":true,"href":"https:\/\/www.colours.cz\/en\/wp-json\/wp\/v2\/program-country?post=2813"}],"curies":[{"name":"wp","href":"https:\/\/api.w.org\/{rel}","templated":true}]}}

Dan Bárta &#038; Illustrato&#8203;sphere

<figure class="wp-block-embed is-type-rich is-provider-spotify wp-block-embed-spotify wp-embed-aspect-21-9 wp-has-aspect-ratio"><div class="wp-block-embed__wrapper">
<iframe title="Spotify Embed: Dan Barta-Illustratosphere" style="border-radius: 12px" width="100%" height="352" frameborder="0" allowfullscreen allow="autoplay; clipboard-write; encrypted-media; fullscreen; picture-in-picture" loading="lazy" src="https://open.spotify.com/embed/artist/5Fl5pylQojHXEHjQZxnOoB?si=Pj2cT2tARbGOeA-fndKbOQ&#038;utm_source=oembed"></iframe>
</div></figure>



<p><strong>The unique lyrics, the unpredictable but solid rhythmics</strong> under the hands of Robert Balzar, and the <strong>playful melodies </strong>of Filip Jelinek created an ecosystem that could develop with the other members and freely build on the other groups and projects of the individual Illustratosphere members.</p>



<p>The last time the band played at Colours of Ostrava was in 2019, when the album Beauty and Animal Dust had not yet seen the light of day. In addition, in 2023 and 2024, the four first studio recordings were re-released. Those who would like to remind themselves of songs like Panví, B&#8217;Artagnan, or Innerview before the festival performance can play the gramophone records at home and look forward to the summer.</p>

<!-- This site is optimized with the Yoast SEO plugin v25.3.1 - https://yoast.com/wordpress/plugins/seo/ -->
<title>Dan Bárta &amp; Illustrato&#8203;sphere - Colours of Ostrava</title>
<meta name="description" content="Dan Bárta &amp; Illustratosphere vystoupí na letošních Colours of Ostrava. Těšíme se na snoubení jazzu a rocku." />
<meta name="robots" content="index, follow, max-snippet:-1, max-image-preview:large, max-video-preview:-1" />
<link rel="canonical" href="https://www.colours.cz/en/ucinkujici/dan-barta-illustratosphere/" />
<meta property="og:locale" content="en_US" />
<meta property="og:type" content="article" />
<meta property="og:title" content="Dan Bárta &amp; Illustrato&#8203;sphere - Colours of Ostrava" />
<meta property="og:description" content="Dan Bárta &amp; Illustratosphere vystoupí na letošních Colours of Ostrava. Těšíme se na snoubení jazzu a rocku." />
<meta property="og:url" content="https://www.colours.cz/en/ucinkujici/dan-barta-illustratosphere/" />
<meta property="og:site_name" content="Colours of Ostrava" />
<meta property="article:modified_time" content="2025-06-23T17:58:20+00:00" />
<meta property="og:image" content="https://www.colours.cz/wp-content/uploads/2025/03/EINZ-kopie.png" />
	<meta property="og:image:width" content="2000" />
	<meta property="og:image:height" content="1429" />
	<meta property="og:image:type" content="image/png" />
<meta name="twitter:card" content="summary_large_image" />
<meta name="twitter:label1" content="Est. reading time" />
	<meta name="twitter:data1" content="1 minute" />
<!-- / Yoast SEO plugin. -->

Dan Bárta & Illustrato&#8203;sphere - Colours of Ostrava

Dan Bárta & Illustratosphere vystoupí na letošních Colours of Ostrava. Těšíme se na snoubení jazzu a rocku.

Domů
