{"id":2807,"date":"2025-03-10T10:40:20","date_gmt":"2025-03-10T09:40:20","guid":{"rendered":"https:\/\/www.colours.cz\/interpret\/jana-kirschner\/"},"modified":"2025-06-23T20:49:15","modified_gmt":"2025-06-23T18:49:15","slug":"jana-kirschner","status":"publish","type":"program","link":"https:\/\/www.colours.cz\/en\/ucinkujici\/jana-kirschner\/","title":{"rendered":"Jana Kirschner"},"content":{"rendered":"\n<figure class=\"wp-block-embed is-type-video is-provider-youtube wp-block-embed-youtube wp-embed-aspect-16-9 wp-has-aspect-ratio\"><div class=\"wp-block-embed__wrapper\">\n<iframe loading=\"lazy\" title=\"Jana Kirschner - Pokoj v du\u0161i\" width=\"500\" height=\"281\" src=\"https:\/\/www.youtube.com\/embed\/ZMZSv54CIt4?feature=oembed\" frameborder=\"0\" allow=\"accelerometer; autoplay; clipboard-write; encrypted-media; gyroscope; picture-in-picture; web-share\" referrerpolicy=\"strict-origin-when-cross-origin\" allowfullscreen><\/iframe>\n<\/div><\/figure>\n\n\n\n<p>Her performance at Colours of Ostrava will focus primarily on her album Oby\u010dajnosti. Still, fans can expect to hear some of her well-known older tracks, including those captured in a beautiful live recording from her \u017div\u00e1 album. Known for her unwavering quality, Jana\u2019s work is further enhanced by the talented musicians with whom she surrounds herself.<\/p>\n\n\n\n<p>In a way, Jana Kirschner shares similarities with R\u00f3is\u00edn Murphy. Both are connected by Eddie Stevens, who started working with R\u00f3is\u00edn during her Moloko days and has since been by Jana\u2019s side, both as a musical collaborator and a life partner. These two musicians now also share some of the same musicians. The trio known as Mad Mad Mad, which performs with R\u00f3is\u00edn, also worked with Jana on Oby\u010dajnosti during the pandemic. <strong>This album celebrates the simple pleasures of daily life<\/strong> &#8211; moments like enjoying a warm cup of tea or a delicious coffee. In Jana&#8217;s melodies, these moments come alive through a lush musical language that is perfectly minimalist, conveying emotions with just the right amount of simplicity. <strong>It\u2019s already clear that Jana\u2019s performance at <strong><a href=\"https:\/\/www.colours.cz\/en\/\">Colours of Ostrava<\/a><\/strong> will be nothing short of extraordinary<\/strong>.<\/p>\n","protected":false},"excerpt":{"rendered":"<p>It\u2019s been almost thirty years since Jana Kirschner released her debut album, and much has changed during that time, including her musical evolution. With her latest album, her role has shifted significantly from performer to creator.<\/p>\n","protected":false},"featured_media":1227,"menu_order":7,"template":"","meta":[],"program-year":[119],"program-category":[120],"program-genre":[335,322,260,180],"program-country":[245],"class_list":["post-2807","program","type-program","status-publish","has-post-thumbnail","hentry","program-category-music-programme","program-genre-folk-en","program-genre-folk","program-genre-indie-en","program-genre-pop-en","program-country-slovensko-en"],"yoast_head":"<!-- This site is optimized with the Yoast SEO plugin v25.3.1 - https:\/\/yoast.com\/wordpress\/plugins\/seo\/ -->\n<title>Jana Kirschner - Colours of Ostrava<\/title>\n<meta name=\"description\" content=\"Zp\u011bva\u010dka a autorka Jana Kirschner vystoup\u00ed na festivalu Colours of Ostrava 2025. Zazn\u00ed i hity jako Prvn\u00ed noc v nov\u00e9m byt\u011b nebo Modr\u00e1?\" \/>\n<meta name=\"robots\" content=\"index, follow, max-snippet:-1, max-image-preview:large, max-video-preview:-1\" \/>\n<link rel=\"canonical\" href=\"https:\/\/www.colours.cz\/en\/ucinkujici\/jana-kirschner\/\" \/>\n<meta property=\"og:locale\" content=\"en_US\" \/>\n<meta property=\"og:type\" content=\"article\" \/>\n<meta property=\"og:title\" content=\"Jana Kirschner - Colours of Ostrava\" \/>\n<meta property=\"og:description\" content=\"Zp\u011bva\u010dka a autorka Jana Kirschner vystoup\u00ed na festivalu Colours of Ostrava 2025. Zazn\u00ed i hity jako Prvn\u00ed noc v nov\u00e9m byt\u011b nebo Modr\u00e1?\" \/>\n<meta property=\"og:url\" content=\"https:\/\/www.colours.cz\/en\/ucinkujici\/jana-kirschner\/\" \/>\n<meta property=\"og:site_name\" content=\"Colours of Ostrava\" \/>\n<meta property=\"article:modified_time\" content=\"2025-06-23T18:49:15+00:00\" \/>\n<meta property=\"og:image\" content=\"https:\/\/www.colours.cz\/wp-content\/uploads\/2025\/03\/Jana-Kirschner__IMG8280.png\" \/>\n\t<meta property=\"og:image:width\" content=\"959\" \/>\n\t<meta property=\"og:image:height\" content=\"685\" \/>\n\t<meta property=\"og:image:type\" content=\"image\/png\" \/>\n<meta name=\"twitter:card\" content=\"summary_large_image\" \/>\n<meta name=\"twitter:label1\" content=\"Est. reading time\" \/>\n\t<meta name=\"twitter:data1\" content=\"2 minutes\" \/>\n<!-- \/ Yoast SEO plugin. -->","yoast_head_json":{"title":"Jana Kirschner - Colours of Ostrava","description":"Zp\u011bva\u010dka a autorka Jana Kirschner vystoup\u00ed na festivalu Colours of Ostrava 2025. Zazn\u00ed i hity jako Prvn\u00ed noc v nov\u00e9m byt\u011b nebo Modr\u00e1?","robots":{"index":"index","follow":"follow","max-snippet":"max-snippet:-1","max-image-preview":"max-image-preview:large","max-video-preview":"max-video-preview:-1"},"canonical":"https:\/\/www.colours.cz\/en\/ucinkujici\/jana-kirschner\/","og_locale":"en_US","og_type":"article","og_title":"Jana Kirschner - Colours of Ostrava","og_description":"Zp\u011bva\u010dka a autorka Jana Kirschner vystoup\u00ed na festivalu Colours of Ostrava 2025. Zazn\u00ed i hity jako Prvn\u00ed noc v nov\u00e9m byt\u011b nebo Modr\u00e1?","og_url":"https:\/\/www.colours.cz\/en\/ucinkujici\/jana-kirschner\/","og_site_name":"Colours of Ostrava","article_modified_time":"2025-06-23T18:49:15+00:00","og_image":[{"width":959,"height":685,"url":"https:\/\/www.colours.cz\/wp-content\/uploads\/2025\/03\/Jana-Kirschner__IMG8280.png","type":"image\/png"}],"twitter_card":"summary_large_image","twitter_misc":{"Est. reading time":"2 minutes"},"schema":{"@context":"https:\/\/schema.org","@graph":[{"@type":"WebPage","@id":"https:\/\/www.colours.cz\/en\/ucinkujici\/jana-kirschner\/","url":"https:\/\/www.colours.cz\/en\/ucinkujici\/jana-kirschner\/","name":"Jana Kirschner - Colours of Ostrava","isPartOf":{"@id":"https:\/\/www.colours.cz\/en\/#website"},"primaryImageOfPage":{"@id":"https:\/\/www.colours.cz\/en\/ucinkujici\/jana-kirschner\/#primaryimage"},"image":{"@id":"https:\/\/www.colours.cz\/en\/ucinkujici\/jana-kirschner\/#primaryimage"},"thumbnailUrl":"https:\/\/www.colours.cz\/wp-content\/uploads\/2025\/03\/Jana-Kirschner__IMG8280.png","datePublished":"2025-03-10T09:40:20+00:00","dateModified":"2025-06-23T18:49:15+00:00","description":"Zp\u011bva\u010dka a autorka Jana Kirschner vystoup\u00ed na festivalu Colours of Ostrava 2025. Zazn\u00ed i hity jako Prvn\u00ed noc v nov\u00e9m byt\u011b nebo Modr\u00e1?","breadcrumb":{"@id":"https:\/\/www.colours.cz\/en\/ucinkujici\/jana-kirschner\/#breadcrumb"},"inLanguage":"en-US","potentialAction":[{"@type":"ReadAction","target":["https:\/\/www.colours.cz\/en\/ucinkujici\/jana-kirschner\/"]}]},{"@type":"ImageObject","inLanguage":"en-US","@id":"https:\/\/www.colours.cz\/en\/ucinkujici\/jana-kirschner\/#primaryimage","url":"https:\/\/www.colours.cz\/wp-content\/uploads\/2025\/03\/Jana-Kirschner__IMG8280.png","contentUrl":"https:\/\/www.colours.cz\/wp-content\/uploads\/2025\/03\/Jana-Kirschner__IMG8280.png","width":959,"height":685},{"@type":"BreadcrumbList","@id":"https:\/\/www.colours.cz\/en\/ucinkujici\/jana-kirschner\/#breadcrumb","itemListElement":[{"@type":"ListItem","position":1,"name":"Dom\u016f","item":"https:\/\/www.colours.cz\/en\/"},{"@type":"ListItem","position":2,"name":"Jana Kirschner"}]},{"@type":"WebSite","@id":"https:\/\/www.colours.cz\/en\/#website","url":"https:\/\/www.colours.cz\/en\/","name":"Colours of Ostrava","description":"","potentialAction":[{"@type":"SearchAction","target":{"@type":"EntryPoint","urlTemplate":"https:\/\/www.colours.cz\/en\/?s={search_term_string}"},"query-input":{"@type":"PropertyValueSpecification","valueRequired":true,"valueName":"search_term_string"}}],"inLanguage":"en-US"}]}},"program-params-interpret-block-order":"0","program-params-thumbnail-mobile-id":"","program-params-sign-language-available":"","program-params-timeline-description":"","program-tickets-not-included":"0","program-events-items-ids":[{"program-event-items-date-start":"19.07.2025 18:15","program-event-items-date-end":"19.07.2025 19:15","program-event-items-date-length":"60","program-event-items-place":"6471"}],"program-spotify-iframe":"&#60;iframe style=&#34;border-radius:12px&#34; src=&#34;https:\/\/open.spotify.com\/embed\/artist\/3sakSn9xHMLlqQxOnQ57fB?utm_source=generator&#34; width=&#34;100%&#34; height=&#34;352&#34; frameBorder=&#34;0&#34; allowfullscreen=&#34;&#34; allow=&#34;autoplay; clipboard-write; encrypted-media; fullscreen; picture-in-picture&#34; loading=&#34;lazy&#34;&#62;&#60;\/iframe&#62;","program-spotify-position":"right","program-socials-facebook":"https:\/\/www.facebook.com\/people\/Jana-Kirschner\/100063448908712\/","program-socials-youtube":"https:\/\/www.youtube.com\/@JKirschnerOfficial\/videos","program-socials-spotify":"https:\/\/open.spotify.com\/artist\/3sakSn9xHMLlqQxOnQ57fB?si=_XQU_FCeS7mOKgNcrXZQAg","program-socials-instagram":"https:\/\/www.instagram.com\/janakirschner_official\/#","program-socials-threads":"","program-socials-tiktok":"","program-socials-linkedin":"","program-gallery-items-ids":[{"program-items-url":"","program-items-title":"","program-items-description":"","program-items-duration":"","program-items-image-id":""}],"program-discover-title":"","program-discover-show-in-modal":"","program-discover-items-ids":"","_links":{"self":[{"href":"https:\/\/www.colours.cz\/en\/wp-json\/wp\/v2\/program\/2807","targetHints":{"allow":["GET"]}}],"collection":[{"href":"https:\/\/www.colours.cz\/en\/wp-json\/wp\/v2\/program"}],"about":[{"href":"https:\/\/www.colours.cz\/en\/wp-json\/wp\/v2\/types\/program"}],"wp:featuredmedia":[{"embeddable":true,"href":"https:\/\/www.colours.cz\/en\/wp-json\/wp\/v2\/media\/1227"}],"wp:attachment":[{"href":"https:\/\/www.colours.cz\/en\/wp-json\/wp\/v2\/media?parent=2807"}],"wp:term":[{"taxonomy":"program-year","embeddable":true,"href":"https:\/\/www.colours.cz\/en\/wp-json\/wp\/v2\/program-year?post=2807"},{"taxonomy":"program-category","embeddable":true,"href":"https:\/\/www.colours.cz\/en\/wp-json\/wp\/v2\/program-category?post=2807"},{"taxonomy":"program-genre","embeddable":true,"href":"https:\/\/www.colours.cz\/en\/wp-json\/wp\/v2\/program-genre?post=2807"},{"taxonomy":"program-country","embeddable":true,"href":"https:\/\/www.colours.cz\/en\/wp-json\/wp\/v2\/program-country?post=2807"}],"curies":[{"name":"wp","href":"https:\/\/api.w.org\/{rel}","templated":true}]}}

<figure class="wp-block-embed is-type-video is-provider-youtube wp-block-embed-youtube wp-embed-aspect-16-9 wp-has-aspect-ratio"><div class="wp-block-embed__wrapper">
<iframe loading="lazy" title="Jana Kirschner - Pokoj v duši" width="500" height="281" src="https://www.youtube.com/embed/ZMZSv54CIt4?feature=oembed" frameborder="0" allow="accelerometer; autoplay; clipboard-write; encrypted-media; gyroscope; picture-in-picture; web-share" referrerpolicy="strict-origin-when-cross-origin" allowfullscreen></iframe>
</div></figure>



<p>Her performance at Colours of Ostrava will focus primarily on her album Obyčajnosti. Still, fans can expect to hear some of her well-known older tracks, including those captured in a beautiful live recording from her Živá album. Known for her unwavering quality, Jana’s work is further enhanced by the talented musicians with whom she surrounds herself.</p>



<p>In a way, Jana Kirschner shares similarities with Róisín Murphy. Both are connected by Eddie Stevens, who started working with Róisín during her Moloko days and has since been by Jana’s side, both as a musical collaborator and a life partner. These two musicians now also share some of the same musicians. The trio known as Mad Mad Mad, which performs with Róisín, also worked with Jana on Obyčajnosti during the pandemic. <strong>This album celebrates the simple pleasures of daily life</strong> &#8211; moments like enjoying a warm cup of tea or a delicious coffee. In Jana&#8217;s melodies, these moments come alive through a lush musical language that is perfectly minimalist, conveying emotions with just the right amount of simplicity. <strong>It’s already clear that Jana’s performance at <strong><a href="https://www.colours.cz/en/">Colours of Ostrava</a></strong> will be nothing short of extraordinary</strong>.</p>

<!-- This site is optimized with the Yoast SEO plugin v25.3.1 - https://yoast.com/wordpress/plugins/seo/ -->
<title>Jana Kirschner - Colours of Ostrava</title>
<meta name="description" content="Zpěvačka a autorka Jana Kirschner vystoupí na festivalu Colours of Ostrava 2025. Zazní i hity jako První noc v novém bytě nebo Modrá?" />
<meta name="robots" content="index, follow, max-snippet:-1, max-image-preview:large, max-video-preview:-1" />
<link rel="canonical" href="https://www.colours.cz/en/ucinkujici/jana-kirschner/" />
<meta property="og:locale" content="en_US" />
<meta property="og:type" content="article" />
<meta property="og:title" content="Jana Kirschner - Colours of Ostrava" />
<meta property="og:description" content="Zpěvačka a autorka Jana Kirschner vystoupí na festivalu Colours of Ostrava 2025. Zazní i hity jako První noc v novém bytě nebo Modrá?" />
<meta property="og:url" content="https://www.colours.cz/en/ucinkujici/jana-kirschner/" />
<meta property="og:site_name" content="Colours of Ostrava" />
<meta property="article:modified_time" content="2025-06-23T18:49:15+00:00" />
<meta property="og:image" content="https://www.colours.cz/wp-content/uploads/2025/03/Jana-Kirschner__IMG8280.png" />
	<meta property="og:image:width" content="959" />
	<meta property="og:image:height" content="685" />
	<meta property="og:image:type" content="image/png" />
<meta name="twitter:card" content="summary_large_image" />
<meta name="twitter:label1" content="Est. reading time" />
	<meta name="twitter:data1" content="2 minutes" />
<!-- / Yoast SEO plugin. -->

Zpěvačka a autorka Jana Kirschner vystoupí na festivalu Colours of Ostrava 2025. Zazní i hity jako První noc v novém bytě nebo Modrá?

Domů
