{"id":2794,"date":"2025-03-11T12:51:16","date_gmt":"2025-03-11T11:51:16","guid":{"rendered":"https:\/\/www.colours.cz\/interpret\/mat213\/"},"modified":"2025-06-23T20:15:07","modified_gmt":"2025-06-23T18:15:07","slug":"mat213","status":"publish","type":"program","link":"https:\/\/www.colours.cz\/en\/ucinkujici\/mat213\/","title":{"rendered":"Mat213"},"content":{"rendered":"\n<figure class=\"wp-block-embed is-type-video is-provider-youtube wp-block-embed-youtube wp-embed-aspect-16-9 wp-has-aspect-ratio\"><div class=\"wp-block-embed__wrapper\">\n<iframe loading=\"lazy\" title=\"Mat213 &amp; ANNABELLE  - Kot\u011b in the panel\u00e1k (official video)\" width=\"500\" height=\"281\" src=\"https:\/\/www.youtube.com\/embed\/TRbYSgJ3rQE?feature=oembed\" frameborder=\"0\" allow=\"accelerometer; autoplay; clipboard-write; encrypted-media; gyroscope; picture-in-picture; web-share\" referrerpolicy=\"strict-origin-when-cross-origin\" allowfullscreen><\/iframe>\n<\/div><\/figure>\n\n\n\n<p>Mat\u011bj \u010cech graduated from Painting Studio 3 at Prague\u2019s Academy of Fine Arts (AVU). In his work, he explored themes related to Generation Z, thematically complementing the music he releases under the pseudonym <strong>Mat213<\/strong>. After debuting on YouTube and sharing several freely available tracks on Bandcamp, he released the SS\/22 EP in 2022, featuring the single 7teen. The viral hit caught the attention not only of anonymous digital communities but also of the professional music scene. This led to him winning the Apollo Award for Best Single and being named Discovery of the Year at the Vinyla Awards.<\/p>\n\n\n\n<p>Alongside awards, Mat213 has also received several nominations, including making the shortlist for both the <strong>Vinyla and And\u011bl music awards<\/strong>. Yet it&#8217;s the packed venues and rising stream counts of his newly released tracks that truly reflect the growing interest in his work. His songs spark discussion thanks to the boldness and openness with which he tackles subjects, be it the housing crisis, personal freedom, or how one spends time after a night out. Just as Mat213 reflects deeply on the messages in his lyrics, which may not be obvious on the first listen, he also puts great care into the musical backdrop. Genre fusion comes naturally to him, and within just a few minutes, listeners may experience a cultural shock, where the only thing missing might be a cimbalom. So put aside your prejudices, your Hegels and Sartres, and light the fires, Mat213 is already on his way.<\/p>\n\n\n\n<figure class=\"wp-block-embed is-type-rich is-provider-spotify wp-block-embed-spotify wp-embed-aspect-21-9 wp-has-aspect-ratio\"><div class=\"wp-block-embed__wrapper\">\n<iframe title=\"Spotify Embed: Mat213\" style=\"border-radius: 12px\" width=\"100%\" height=\"352\" frameborder=\"0\" allowfullscreen allow=\"autoplay; clipboard-write; encrypted-media; fullscreen; picture-in-picture\" loading=\"lazy\" src=\"https:\/\/open.spotify.com\/embed\/artist\/3VIkv3HNIvPNwdQIatB5Rx?si=LMt0WDMKTDuw23vbMgiM8w&#038;utm_source=oembed\"><\/iframe>\n<\/div><\/figure>\n","protected":false},"excerpt":{"rendered":"<p>Mat\u011bj \u010cech, known by his pseudonym Mat213, is an artist who refuses to be confined to clich\u00e9s. His music and lyrics defy expectations, pushing beyond the typical narratives of aging lottery winners or mundane flaws in fine wine. With his latest album, Nesu ohe\u0148, he signals the rise of the post-ironic era, a time when both the music and the messages resonate louder than ever.<\/p>\n","protected":false},"featured_media":1232,"menu_order":0,"template":"","meta":[],"program-year":[119],"program-category":[120],"program-genre":[329,345,262],"program-country":[256],"class_list":["post-2794","program","type-program","status-publish","has-post-thumbnail","hentry","program-category-music-programme","program-genre-alternative-en","program-genre-hip-hop-en","program-genre-rap-en","program-country-cesko-en"],"yoast_head":"<!-- This site is optimized with the Yoast SEO plugin v25.3.1 - https:\/\/yoast.com\/wordpress\/plugins\/seo\/ -->\n<title>Mat213 - Colours of Ostrava<\/title>\n<meta name=\"description\" content=\"Multifunk\u010dn\u00ed um\u011blec MAT213 se p\u0159edstav\u00ed na Colours of Ostrava 2025. Vychutnejte si unik\u00e1tn\u00ed sm\u011bs rapu a hip-hopu.\" \/>\n<meta name=\"robots\" content=\"index, follow, max-snippet:-1, max-image-preview:large, max-video-preview:-1\" \/>\n<link rel=\"canonical\" href=\"https:\/\/www.colours.cz\/en\/ucinkujici\/mat213\/\" \/>\n<meta property=\"og:locale\" content=\"en_US\" \/>\n<meta property=\"og:type\" content=\"article\" \/>\n<meta property=\"og:title\" content=\"Mat213 - Colours of Ostrava\" \/>\n<meta property=\"og:description\" content=\"Multifunk\u010dn\u00ed um\u011blec MAT213 se p\u0159edstav\u00ed na Colours of Ostrava 2025. Vychutnejte si unik\u00e1tn\u00ed sm\u011bs rapu a hip-hopu.\" \/>\n<meta property=\"og:url\" content=\"https:\/\/www.colours.cz\/en\/ucinkujici\/mat213\/\" \/>\n<meta property=\"og:site_name\" content=\"Colours of Ostrava\" \/>\n<meta property=\"article:modified_time\" content=\"2025-06-23T18:15:07+00:00\" \/>\n<meta property=\"og:image\" content=\"https:\/\/www.colours.cz\/wp-content\/uploads\/2025\/03\/mat312.jpg\" \/>\n\t<meta property=\"og:image:width\" content=\"1638\" \/>\n\t<meta property=\"og:image:height\" content=\"1170\" \/>\n\t<meta property=\"og:image:type\" content=\"image\/jpeg\" \/>\n<meta name=\"twitter:card\" content=\"summary_large_image\" \/>\n<meta name=\"twitter:label1\" content=\"Est. reading time\" \/>\n\t<meta name=\"twitter:data1\" content=\"2 minutes\" \/>\n<!-- \/ Yoast SEO plugin. -->","yoast_head_json":{"title":"Mat213 - Colours of Ostrava","description":"Multifunk\u010dn\u00ed um\u011blec MAT213 se p\u0159edstav\u00ed na Colours of Ostrava 2025. Vychutnejte si unik\u00e1tn\u00ed sm\u011bs rapu a hip-hopu.","robots":{"index":"index","follow":"follow","max-snippet":"max-snippet:-1","max-image-preview":"max-image-preview:large","max-video-preview":"max-video-preview:-1"},"canonical":"https:\/\/www.colours.cz\/en\/ucinkujici\/mat213\/","og_locale":"en_US","og_type":"article","og_title":"Mat213 - Colours of Ostrava","og_description":"Multifunk\u010dn\u00ed um\u011blec MAT213 se p\u0159edstav\u00ed na Colours of Ostrava 2025. Vychutnejte si unik\u00e1tn\u00ed sm\u011bs rapu a hip-hopu.","og_url":"https:\/\/www.colours.cz\/en\/ucinkujici\/mat213\/","og_site_name":"Colours of Ostrava","article_modified_time":"2025-06-23T18:15:07+00:00","og_image":[{"width":1638,"height":1170,"url":"https:\/\/www.colours.cz\/wp-content\/uploads\/2025\/03\/mat312.jpg","type":"image\/jpeg"}],"twitter_card":"summary_large_image","twitter_misc":{"Est. reading time":"2 minutes"},"schema":{"@context":"https:\/\/schema.org","@graph":[{"@type":"WebPage","@id":"https:\/\/www.colours.cz\/en\/ucinkujici\/mat213\/","url":"https:\/\/www.colours.cz\/en\/ucinkujici\/mat213\/","name":"Mat213 - Colours of Ostrava","isPartOf":{"@id":"https:\/\/www.colours.cz\/en\/#website"},"primaryImageOfPage":{"@id":"https:\/\/www.colours.cz\/en\/ucinkujici\/mat213\/#primaryimage"},"image":{"@id":"https:\/\/www.colours.cz\/en\/ucinkujici\/mat213\/#primaryimage"},"thumbnailUrl":"https:\/\/www.colours.cz\/wp-content\/uploads\/2025\/03\/mat312.jpg","datePublished":"2025-03-11T11:51:16+00:00","dateModified":"2025-06-23T18:15:07+00:00","description":"Multifunk\u010dn\u00ed um\u011blec MAT213 se p\u0159edstav\u00ed na Colours of Ostrava 2025. Vychutnejte si unik\u00e1tn\u00ed sm\u011bs rapu a hip-hopu.","breadcrumb":{"@id":"https:\/\/www.colours.cz\/en\/ucinkujici\/mat213\/#breadcrumb"},"inLanguage":"en-US","potentialAction":[{"@type":"ReadAction","target":["https:\/\/www.colours.cz\/en\/ucinkujici\/mat213\/"]}]},{"@type":"ImageObject","inLanguage":"en-US","@id":"https:\/\/www.colours.cz\/en\/ucinkujici\/mat213\/#primaryimage","url":"https:\/\/www.colours.cz\/wp-content\/uploads\/2025\/03\/mat312.jpg","contentUrl":"https:\/\/www.colours.cz\/wp-content\/uploads\/2025\/03\/mat312.jpg","width":1638,"height":1170,"caption":"MAT213 se p\u0159edstav\u00ed na Colours of Ostrava 2025."},{"@type":"BreadcrumbList","@id":"https:\/\/www.colours.cz\/en\/ucinkujici\/mat213\/#breadcrumb","itemListElement":[{"@type":"ListItem","position":1,"name":"Dom\u016f","item":"https:\/\/www.colours.cz\/en\/"},{"@type":"ListItem","position":2,"name":"Mat213"}]},{"@type":"WebSite","@id":"https:\/\/www.colours.cz\/en\/#website","url":"https:\/\/www.colours.cz\/en\/","name":"Colours of Ostrava","description":"","potentialAction":[{"@type":"SearchAction","target":{"@type":"EntryPoint","urlTemplate":"https:\/\/www.colours.cz\/en\/?s={search_term_string}"},"query-input":{"@type":"PropertyValueSpecification","valueRequired":true,"valueName":"search_term_string"}}],"inLanguage":"en-US"}]}},"program-params-interpret-block-order":"0","program-params-thumbnail-mobile-id":"","program-params-sign-language-available":"","program-params-timeline-description":"","program-tickets-not-included":"0","program-events-items-ids":[{"program-event-items-date-start":"18.07.2025 20:15","program-event-items-date-end":"18.07.2025 21:15","program-event-items-date-length":"60","program-event-items-place":"6480"}],"program-spotify-iframe":"","program-spotify-position":"center","program-socials-facebook":"","program-socials-youtube":"https:\/\/www.youtube.com\/@mat-rh8zj","program-socials-spotify":"https:\/\/open.spotify.com\/artist\/3VIkv3HNIvPNwdQIatB5Rx?si=LMt0WDMKTDuw23vbMgiM8w","program-socials-instagram":"https:\/\/www.instagram.com\/matteo_il_ceco\/?hl=cs","program-socials-threads":"","program-socials-tiktok":"","program-socials-linkedin":"","program-gallery-items-ids":[{"program-items-url":"","program-items-title":"","program-items-description":"","program-items-duration":"","program-items-image-id":""}],"program-discover-title":"","program-discover-show-in-modal":"","program-discover-items-ids":"","_links":{"self":[{"href":"https:\/\/www.colours.cz\/en\/wp-json\/wp\/v2\/program\/2794","targetHints":{"allow":["GET"]}}],"collection":[{"href":"https:\/\/www.colours.cz\/en\/wp-json\/wp\/v2\/program"}],"about":[{"href":"https:\/\/www.colours.cz\/en\/wp-json\/wp\/v2\/types\/program"}],"wp:featuredmedia":[{"embeddable":true,"href":"https:\/\/www.colours.cz\/en\/wp-json\/wp\/v2\/media\/1232"}],"wp:attachment":[{"href":"https:\/\/www.colours.cz\/en\/wp-json\/wp\/v2\/media?parent=2794"}],"wp:term":[{"taxonomy":"program-year","embeddable":true,"href":"https:\/\/www.colours.cz\/en\/wp-json\/wp\/v2\/program-year?post=2794"},{"taxonomy":"program-category","embeddable":true,"href":"https:\/\/www.colours.cz\/en\/wp-json\/wp\/v2\/program-category?post=2794"},{"taxonomy":"program-genre","embeddable":true,"href":"https:\/\/www.colours.cz\/en\/wp-json\/wp\/v2\/program-genre?post=2794"},{"taxonomy":"program-country","embeddable":true,"href":"https:\/\/www.colours.cz\/en\/wp-json\/wp\/v2\/program-country?post=2794"}],"curies":[{"name":"wp","href":"https:\/\/api.w.org\/{rel}","templated":true}]}}

<figure class="wp-block-embed is-type-video is-provider-youtube wp-block-embed-youtube wp-embed-aspect-16-9 wp-has-aspect-ratio"><div class="wp-block-embed__wrapper">
<iframe loading="lazy" title="Mat213 &amp; ANNABELLE  - Kotě in the panelák (official video)" width="500" height="281" src="https://www.youtube.com/embed/TRbYSgJ3rQE?feature=oembed" frameborder="0" allow="accelerometer; autoplay; clipboard-write; encrypted-media; gyroscope; picture-in-picture; web-share" referrerpolicy="strict-origin-when-cross-origin" allowfullscreen></iframe>
</div></figure>



<p>Matěj Čech graduated from Painting Studio 3 at Prague’s Academy of Fine Arts (AVU). In his work, he explored themes related to Generation Z, thematically complementing the music he releases under the pseudonym <strong>Mat213</strong>. After debuting on YouTube and sharing several freely available tracks on Bandcamp, he released the SS/22 EP in 2022, featuring the single 7teen. The viral hit caught the attention not only of anonymous digital communities but also of the professional music scene. This led to him winning the Apollo Award for Best Single and being named Discovery of the Year at the Vinyla Awards.</p>



<p>Alongside awards, Mat213 has also received several nominations, including making the shortlist for both the <strong>Vinyla and Anděl music awards</strong>. Yet it&#8217;s the packed venues and rising stream counts of his newly released tracks that truly reflect the growing interest in his work. His songs spark discussion thanks to the boldness and openness with which he tackles subjects, be it the housing crisis, personal freedom, or how one spends time after a night out. Just as Mat213 reflects deeply on the messages in his lyrics, which may not be obvious on the first listen, he also puts great care into the musical backdrop. Genre fusion comes naturally to him, and within just a few minutes, listeners may experience a cultural shock, where the only thing missing might be a cimbalom. So put aside your prejudices, your Hegels and Sartres, and light the fires, Mat213 is already on his way.</p>



<figure class="wp-block-embed is-type-rich is-provider-spotify wp-block-embed-spotify wp-embed-aspect-21-9 wp-has-aspect-ratio"><div class="wp-block-embed__wrapper">
<iframe title="Spotify Embed: Mat213" style="border-radius: 12px" width="100%" height="352" frameborder="0" allowfullscreen allow="autoplay; clipboard-write; encrypted-media; fullscreen; picture-in-picture" loading="lazy" src="https://open.spotify.com/embed/artist/3VIkv3HNIvPNwdQIatB5Rx?si=LMt0WDMKTDuw23vbMgiM8w&#038;utm_source=oembed"></iframe>
</div></figure>

<p>Matěj Čech, known by his pseudonym Mat213, is an artist who refuses to be confined to clichés. His music and lyrics defy expectations, pushing beyond the typical narratives of aging lottery winners or mundane flaws in fine wine. With his latest album, Nesu oheň, he signals the rise of the post-ironic era, a time when both the music and the messages resonate louder than ever.</p>

<!-- This site is optimized with the Yoast SEO plugin v25.3.1 - https://yoast.com/wordpress/plugins/seo/ -->
<title>Mat213 - Colours of Ostrava</title>
<meta name="description" content="Multifunkční umělec MAT213 se představí na Colours of Ostrava 2025. Vychutnejte si unikátní směs rapu a hip-hopu." />
<meta name="robots" content="index, follow, max-snippet:-1, max-image-preview:large, max-video-preview:-1" />
<link rel="canonical" href="https://www.colours.cz/en/ucinkujici/mat213/" />
<meta property="og:locale" content="en_US" />
<meta property="og:type" content="article" />
<meta property="og:title" content="Mat213 - Colours of Ostrava" />
<meta property="og:description" content="Multifunkční umělec MAT213 se představí na Colours of Ostrava 2025. Vychutnejte si unikátní směs rapu a hip-hopu." />
<meta property="og:url" content="https://www.colours.cz/en/ucinkujici/mat213/" />
<meta property="og:site_name" content="Colours of Ostrava" />
<meta property="article:modified_time" content="2025-06-23T18:15:07+00:00" />
<meta property="og:image" content="https://www.colours.cz/wp-content/uploads/2025/03/mat312.jpg" />
	<meta property="og:image:width" content="1638" />
	<meta property="og:image:height" content="1170" />
	<meta property="og:image:type" content="image/jpeg" />
<meta name="twitter:card" content="summary_large_image" />
<meta name="twitter:label1" content="Est. reading time" />
	<meta name="twitter:data1" content="2 minutes" />
<!-- / Yoast SEO plugin. -->

Multifunkční umělec MAT213 se představí na Colours of Ostrava 2025. Vychutnejte si unikátní směs rapu a hip-hopu.

MAT213 se představí na Colours of Ostrava 2025.

Domů
