{"id":2785,"date":"2025-03-11T13:26:22","date_gmt":"2025-03-11T12:26:22","guid":{"rendered":"https:\/\/www.colours.cz\/interpret\/rychli-kluci\/"},"modified":"2025-06-23T11:32:05","modified_gmt":"2025-06-23T09:32:05","slug":"rychli-kluci","status":"publish","type":"program","link":"https:\/\/www.colours.cz\/en\/ucinkujici\/rychli-kluci\/","title":{"rendered":"rychl\u00ed kluci"},"content":{"rendered":"\n<p>Their journey began with D.Kop\u2019s arrival in Brno and the founding of the Mike Roft label. Over the past decade, the game has changed, and so has the environment \u2013 even their connection to Ostrava is now part of the story.<\/p>\n\n\n\n<figure class=\"wp-block-embed is-type-video is-provider-youtube wp-block-embed-youtube wp-embed-aspect-16-9 wp-has-aspect-ratio\"><div class=\"wp-block-embed__wrapper\">\n<iframe loading=\"lazy\" title=\"C\u00e9dric \u2013 ?SIDE\" width=\"500\" height=\"281\" src=\"https:\/\/www.youtube.com\/embed\/QAcxucmx7Eo?feature=oembed\" frameborder=\"0\" allow=\"accelerometer; autoplay; clipboard-write; encrypted-media; gyroscope; picture-in-picture; web-share\" referrerpolicy=\"strict-origin-when-cross-origin\" allowfullscreen><\/iframe>\n<\/div><\/figure>\n\n\n\n<p>\u201cWelcome among us,\u201d sings Calin in one of the collective\u2019s latest hits. As the standout member of the crew, Calin will take the stage on the festival\u2019s second day, but he won\u2019t be alone. Joining him will be other key members of rychl\u00ed kluci, including STEIN27, whose album <strong>PRESIDENT OF SEXICO made it to #3 in the 2024 album charts<\/strong>, KOJO with his candy shop of sweet hits, C\u00e9dric, who will represent Ostrava, and the Slovak addition SIMILIVINLIFE, who brings his unique flavor to the crew. And you can expect even more surprises and unforgettable moments from their performance \u2013 a one-of-a-kind show that won\u2019t be repeated.<\/p>\n","protected":false},"excerpt":{"rendered":"<p>The Brno music scene is stronger than ever. After years of hip-hop being shaped by groups like Na\u0161e v\u011bc and Zlomenej Waz, solo artists have emerged, blending traditional rap with other genres and styles. Among the standout players is the collective rychl\u00ed kluci.<\/p>\n","protected":false},"featured_media":1235,"menu_order":0,"template":"","meta":[],"program-year":[119],"program-category":[120],"program-genre":[329,121,345,258,262],"program-country":[256],"class_list":["post-2785","program","type-program","status-publish","has-post-thumbnail","hentry","program-category-music-programme","program-genre-alternative-en","program-genre-electornic-en","program-genre-hip-hop-en","program-genre-rnb-en","program-genre-rap-en","program-country-cesko-en"],"yoast_head":"<!-- This site is optimized with the Yoast SEO plugin v25.3.1 - https:\/\/yoast.com\/wordpress\/plugins\/seo\/ -->\n<title>rychl\u00ed kluci - Colours of Ostrava<\/title>\n<meta name=\"description\" content=\"Brn\u011bnsk\u00e9 seskupen\u00ed rychl\u00ed kluci m\u00ed\u0159\u00ed na festival Colours of Ostrava 2025. Velmi siln\u00e1 hudebn\u00ed formace dod\u00e1 d\u00e1vku rapu, R&amp;B i elektroniky.\" \/>\n<meta name=\"robots\" content=\"index, follow, max-snippet:-1, max-image-preview:large, max-video-preview:-1\" \/>\n<link rel=\"canonical\" href=\"https:\/\/www.colours.cz\/en\/ucinkujici\/rychli-kluci\/\" \/>\n<meta property=\"og:locale\" content=\"en_US\" \/>\n<meta property=\"og:type\" content=\"article\" \/>\n<meta property=\"og:title\" content=\"rychl\u00ed kluci - Colours of Ostrava\" \/>\n<meta property=\"og:description\" content=\"Brn\u011bnsk\u00e9 seskupen\u00ed rychl\u00ed kluci m\u00ed\u0159\u00ed na festival Colours of Ostrava 2025. Velmi siln\u00e1 hudebn\u00ed formace dod\u00e1 d\u00e1vku rapu, R&amp;B i elektroniky.\" \/>\n<meta property=\"og:url\" content=\"https:\/\/www.colours.cz\/en\/ucinkujici\/rychli-kluci\/\" \/>\n<meta property=\"og:site_name\" content=\"Colours of Ostrava\" \/>\n<meta property=\"article:modified_time\" content=\"2025-06-23T09:32:05+00:00\" \/>\n<meta property=\"og:image\" content=\"https:\/\/www.colours.cz\/wp-content\/uploads\/2025\/03\/GFX0439.jpg\" \/>\n\t<meta property=\"og:image:width\" content=\"2500\" \/>\n\t<meta property=\"og:image:height\" content=\"1667\" \/>\n\t<meta property=\"og:image:type\" content=\"image\/jpeg\" \/>\n<meta name=\"twitter:card\" content=\"summary_large_image\" \/>\n<meta name=\"twitter:label1\" content=\"Est. reading time\" \/>\n\t<meta name=\"twitter:data1\" content=\"2 minutes\" \/>\n<!-- \/ Yoast SEO plugin. -->","yoast_head_json":{"title":"rychl\u00ed kluci - Colours of Ostrava","description":"Brn\u011bnsk\u00e9 seskupen\u00ed rychl\u00ed kluci m\u00ed\u0159\u00ed na festival Colours of Ostrava 2025. Velmi siln\u00e1 hudebn\u00ed formace dod\u00e1 d\u00e1vku rapu, R&B i elektroniky.","robots":{"index":"index","follow":"follow","max-snippet":"max-snippet:-1","max-image-preview":"max-image-preview:large","max-video-preview":"max-video-preview:-1"},"canonical":"https:\/\/www.colours.cz\/en\/ucinkujici\/rychli-kluci\/","og_locale":"en_US","og_type":"article","og_title":"rychl\u00ed kluci - Colours of Ostrava","og_description":"Brn\u011bnsk\u00e9 seskupen\u00ed rychl\u00ed kluci m\u00ed\u0159\u00ed na festival Colours of Ostrava 2025. Velmi siln\u00e1 hudebn\u00ed formace dod\u00e1 d\u00e1vku rapu, R&B i elektroniky.","og_url":"https:\/\/www.colours.cz\/en\/ucinkujici\/rychli-kluci\/","og_site_name":"Colours of Ostrava","article_modified_time":"2025-06-23T09:32:05+00:00","og_image":[{"width":2500,"height":1667,"url":"https:\/\/www.colours.cz\/wp-content\/uploads\/2025\/03\/GFX0439.jpg","type":"image\/jpeg"}],"twitter_card":"summary_large_image","twitter_misc":{"Est. reading time":"2 minutes"},"schema":{"@context":"https:\/\/schema.org","@graph":[{"@type":"WebPage","@id":"https:\/\/www.colours.cz\/en\/ucinkujici\/rychli-kluci\/","url":"https:\/\/www.colours.cz\/en\/ucinkujici\/rychli-kluci\/","name":"rychl\u00ed kluci - Colours of Ostrava","isPartOf":{"@id":"https:\/\/www.colours.cz\/en\/#website"},"primaryImageOfPage":{"@id":"https:\/\/www.colours.cz\/en\/ucinkujici\/rychli-kluci\/#primaryimage"},"image":{"@id":"https:\/\/www.colours.cz\/en\/ucinkujici\/rychli-kluci\/#primaryimage"},"thumbnailUrl":"https:\/\/www.colours.cz\/wp-content\/uploads\/2025\/03\/GFX0439.jpg","datePublished":"2025-03-11T12:26:22+00:00","dateModified":"2025-06-23T09:32:05+00:00","description":"Brn\u011bnsk\u00e9 seskupen\u00ed rychl\u00ed kluci m\u00ed\u0159\u00ed na festival Colours of Ostrava 2025. Velmi siln\u00e1 hudebn\u00ed formace dod\u00e1 d\u00e1vku rapu, R&B i elektroniky.","breadcrumb":{"@id":"https:\/\/www.colours.cz\/en\/ucinkujici\/rychli-kluci\/#breadcrumb"},"inLanguage":"en-US","potentialAction":[{"@type":"ReadAction","target":["https:\/\/www.colours.cz\/en\/ucinkujici\/rychli-kluci\/"]}]},{"@type":"ImageObject","inLanguage":"en-US","@id":"https:\/\/www.colours.cz\/en\/ucinkujici\/rychli-kluci\/#primaryimage","url":"https:\/\/www.colours.cz\/wp-content\/uploads\/2025\/03\/GFX0439.jpg","contentUrl":"https:\/\/www.colours.cz\/wp-content\/uploads\/2025\/03\/GFX0439.jpg","width":2500,"height":1667},{"@type":"BreadcrumbList","@id":"https:\/\/www.colours.cz\/en\/ucinkujici\/rychli-kluci\/#breadcrumb","itemListElement":[{"@type":"ListItem","position":1,"name":"Dom\u016f","item":"https:\/\/www.colours.cz\/en\/"},{"@type":"ListItem","position":2,"name":"rychl\u00ed kluci"}]},{"@type":"WebSite","@id":"https:\/\/www.colours.cz\/en\/#website","url":"https:\/\/www.colours.cz\/en\/","name":"Colours of Ostrava","description":"","potentialAction":[{"@type":"SearchAction","target":{"@type":"EntryPoint","urlTemplate":"https:\/\/www.colours.cz\/en\/?s={search_term_string}"},"query-input":{"@type":"PropertyValueSpecification","valueRequired":true,"valueName":"search_term_string"}}],"inLanguage":"en-US"}]}},"program-params-interpret-block-order":"0","program-params-thumbnail-mobile-id":"","program-params-sign-language-available":"","program-params-timeline-description":"","program-tickets-not-included":"0","program-events-items-ids":[{"program-event-items-date-start":"17.07.2025 19:15","program-event-items-date-end":"17.07.2025 20:45","program-event-items-date-length":"90","program-event-items-place":"6480"}],"program-spotify-iframe":"","program-spotify-position":"center","program-socials-facebook":"","program-socials-youtube":"https:\/\/www.youtube.com\/c\/rychl%C3%ADkluci","program-socials-spotify":"","program-socials-instagram":"https:\/\/www.instagram.com\/rychlikluci\/#","program-socials-threads":"","program-socials-tiktok":"","program-socials-linkedin":"","program-gallery-items-ids":[{"program-items-url":"","program-items-title":"","program-items-description":"","program-items-duration":"","program-items-image-id":""}],"program-discover-title":"","program-discover-show-in-modal":"","program-discover-items-ids":"","_links":{"self":[{"href":"https:\/\/www.colours.cz\/en\/wp-json\/wp\/v2\/program\/2785","targetHints":{"allow":["GET"]}}],"collection":[{"href":"https:\/\/www.colours.cz\/en\/wp-json\/wp\/v2\/program"}],"about":[{"href":"https:\/\/www.colours.cz\/en\/wp-json\/wp\/v2\/types\/program"}],"wp:featuredmedia":[{"embeddable":true,"href":"https:\/\/www.colours.cz\/en\/wp-json\/wp\/v2\/media\/1235"}],"wp:attachment":[{"href":"https:\/\/www.colours.cz\/en\/wp-json\/wp\/v2\/media?parent=2785"}],"wp:term":[{"taxonomy":"program-year","embeddable":true,"href":"https:\/\/www.colours.cz\/en\/wp-json\/wp\/v2\/program-year?post=2785"},{"taxonomy":"program-category","embeddable":true,"href":"https:\/\/www.colours.cz\/en\/wp-json\/wp\/v2\/program-category?post=2785"},{"taxonomy":"program-genre","embeddable":true,"href":"https:\/\/www.colours.cz\/en\/wp-json\/wp\/v2\/program-genre?post=2785"},{"taxonomy":"program-country","embeddable":true,"href":"https:\/\/www.colours.cz\/en\/wp-json\/wp\/v2\/program-country?post=2785"}],"curies":[{"name":"wp","href":"https:\/\/api.w.org\/{rel}","templated":true}]}}

rychlí kluci

<p>Their journey began with D.Kop’s arrival in Brno and the founding of the Mike Roft label. Over the past decade, the game has changed, and so has the environment – even their connection to Ostrava is now part of the story.</p>



<figure class="wp-block-embed is-type-video is-provider-youtube wp-block-embed-youtube wp-embed-aspect-16-9 wp-has-aspect-ratio"><div class="wp-block-embed__wrapper">
<iframe loading="lazy" title="Cédric – ?SIDE" width="500" height="281" src="https://www.youtube.com/embed/QAcxucmx7Eo?feature=oembed" frameborder="0" allow="accelerometer; autoplay; clipboard-write; encrypted-media; gyroscope; picture-in-picture; web-share" referrerpolicy="strict-origin-when-cross-origin" allowfullscreen></iframe>
</div></figure>



<p>“Welcome among us,” sings Calin in one of the collective’s latest hits. As the standout member of the crew, Calin will take the stage on the festival’s second day, but he won’t be alone. Joining him will be other key members of rychlí kluci, including STEIN27, whose album <strong>PRESIDENT OF SEXICO made it to #3 in the 2024 album charts</strong>, KOJO with his candy shop of sweet hits, Cédric, who will represent Ostrava, and the Slovak addition SIMILIVINLIFE, who brings his unique flavor to the crew. And you can expect even more surprises and unforgettable moments from their performance – a one-of-a-kind show that won’t be repeated.</p>

<p>The Brno music scene is stronger than ever. After years of hip-hop being shaped by groups like Naše věc and Zlomenej Waz, solo artists have emerged, blending traditional rap with other genres and styles. Among the standout players is the collective rychlí kluci.</p>

<!-- This site is optimized with the Yoast SEO plugin v25.3.1 - https://yoast.com/wordpress/plugins/seo/ -->
<title>rychlí kluci - Colours of Ostrava</title>
<meta name="description" content="Brněnské seskupení rychlí kluci míří na festival Colours of Ostrava 2025. Velmi silná hudební formace dodá dávku rapu, R&amp;B i elektroniky." />
<meta name="robots" content="index, follow, max-snippet:-1, max-image-preview:large, max-video-preview:-1" />
<link rel="canonical" href="https://www.colours.cz/en/ucinkujici/rychli-kluci/" />
<meta property="og:locale" content="en_US" />
<meta property="og:type" content="article" />
<meta property="og:title" content="rychlí kluci - Colours of Ostrava" />
<meta property="og:description" content="Brněnské seskupení rychlí kluci míří na festival Colours of Ostrava 2025. Velmi silná hudební formace dodá dávku rapu, R&amp;B i elektroniky." />
<meta property="og:url" content="https://www.colours.cz/en/ucinkujici/rychli-kluci/" />
<meta property="og:site_name" content="Colours of Ostrava" />
<meta property="article:modified_time" content="2025-06-23T09:32:05+00:00" />
<meta property="og:image" content="https://www.colours.cz/wp-content/uploads/2025/03/GFX0439.jpg" />
	<meta property="og:image:width" content="2500" />
	<meta property="og:image:height" content="1667" />
	<meta property="og:image:type" content="image/jpeg" />
<meta name="twitter:card" content="summary_large_image" />
<meta name="twitter:label1" content="Est. reading time" />
	<meta name="twitter:data1" content="2 minutes" />
<!-- / Yoast SEO plugin. -->

rychlí kluci - Colours of Ostrava

Brněnské seskupení rychlí kluci míří na festival Colours of Ostrava 2025. Velmi silná hudební formace dodá dávku rapu, R&B i elektroniky.

Domů
