{"id":2772,"date":"2025-03-17T10:20:50","date_gmt":"2025-03-17T09:20:50","guid":{"rendered":"https:\/\/www.colours.cz\/interpret\/bren\/"},"modified":"2025-06-23T11:08:27","modified_gmt":"2025-06-23T09:08:27","slug":"bren","status":"publish","type":"program","link":"https:\/\/www.colours.cz\/en\/ucinkujici\/bren\/","title":{"rendered":"Bren"},"content":{"rendered":"\n<figure class=\"wp-block-embed is-type-video is-provider-youtube wp-block-embed-youtube wp-embed-aspect-4-3 wp-has-aspect-ratio\"><div class=\"wp-block-embed__wrapper\">\n<iframe loading=\"lazy\" title=\"Us\u00edn\u00e1m?\" width=\"500\" height=\"375\" src=\"https:\/\/www.youtube.com\/embed\/DWQwQ1ZfO1k?feature=oembed\" frameborder=\"0\" allow=\"accelerometer; autoplay; clipboard-write; encrypted-media; gyroscope; picture-in-picture; web-share\" referrerpolicy=\"strict-origin-when-cross-origin\" allowfullscreen><\/iframe>\n<\/div><\/figure>\n\n\n\n<p>Their Facebook page describes their sound as &#8220;<strong>a mix of dark and urgent moments<\/strong>,&#8221; characterized more by an ambiguous, dreamlike haze than straightforward gloom.<\/p>\n\n\n\n<p>Their debut album Tmou (2024) was recorded at Golden Hive Studio in Prague under the guidance of producer Michal Am\u00e1k \u0160\u0165astn\u00fd and released by Kabinet Records. The album translates raw, intense emotions inspired by fragile human relationships into music. You can hear traces of international influences like <strong>Slowdive, Jaye Jayle, Swans, and Nick Cave, as well as a domestic touch from bands like Priessnitz.<\/strong><\/p>\n\n\n\n<figure class=\"wp-block-embed is-type-rich is-provider-spotify wp-block-embed-spotify wp-embed-aspect-21-9 wp-has-aspect-ratio\"><div class=\"wp-block-embed__wrapper\">\n<iframe title=\"Spotify Embed: BREN\" style=\"border-radius: 12px\" width=\"100%\" height=\"352\" frameborder=\"0\" allowfullscreen allow=\"autoplay; clipboard-write; encrypted-media; fullscreen; picture-in-picture\" loading=\"lazy\" src=\"https:\/\/open.spotify.com\/embed\/artist\/0L5jD6O5zen7XBMJQ9FSva?si=GWZ-I3GMTc2_flj7rmtORA&#038;utm_source=oembed\"><\/iframe>\n<\/div><\/figure>\n","protected":false},"excerpt":{"rendered":"<p>The project Bren emerged from the friendship between Ivo Lorenc (Science Killer, ex-Beps&#8217;n&#8217;Johnnies) and \u0160imon Podrazil (Tryo). What began as a duo soon expanded into a full band with the addition of Vojt\u011bch \u0160kuta and Luk\u00e1\u0161 Nedomlel. Bren brings a unique blend of shoegaze, blues, slowcore, and no wave to the Czech music scene, all underpinned by melancholic Czech lyrics and captivating melodies.<\/p>\n","protected":false},"featured_media":1296,"menu_order":0,"template":"","meta":[],"program-year":[119],"program-category":[120],"program-genre":[329,181],"program-country":[256],"class_list":["post-2772","program","type-program","status-publish","has-post-thumbnail","hentry","program-category-music-programme","program-genre-alternative-en","program-genre-rock-en","program-country-cesko-en"],"yoast_head":"<!-- This site is optimized with the Yoast SEO plugin v25.3.1 - https:\/\/yoast.com\/wordpress\/plugins\/seo\/ -->\n<title>Bren - Colours of Ostrava<\/title>\n<meta name=\"description\" content=\"\u010cesk\u00e1 kapela Bren vystoup\u00ed na hudebn\u00edm festivalu Colours of Ostrava 2025.\" \/>\n<meta name=\"robots\" content=\"index, follow, max-snippet:-1, max-image-preview:large, max-video-preview:-1\" \/>\n<link rel=\"canonical\" href=\"https:\/\/www.colours.cz\/en\/ucinkujici\/bren\/\" \/>\n<meta property=\"og:locale\" content=\"en_US\" \/>\n<meta property=\"og:type\" content=\"article\" \/>\n<meta property=\"og:title\" content=\"Bren - Colours of Ostrava\" \/>\n<meta property=\"og:description\" content=\"\u010cesk\u00e1 kapela Bren vystoup\u00ed na hudebn\u00edm festivalu Colours of Ostrava 2025.\" \/>\n<meta property=\"og:url\" content=\"https:\/\/www.colours.cz\/en\/ucinkujici\/bren\/\" \/>\n<meta property=\"og:site_name\" content=\"Colours of Ostrava\" \/>\n<meta property=\"article:modified_time\" content=\"2025-06-23T09:08:27+00:00\" \/>\n<meta property=\"og:image\" content=\"https:\/\/www.colours.cz\/wp-content\/uploads\/2025\/03\/foto_by_Marek_Rejnoha.jpg\" \/>\n\t<meta property=\"og:image:width\" content=\"2048\" \/>\n\t<meta property=\"og:image:height\" content=\"1367\" \/>\n\t<meta property=\"og:image:type\" content=\"image\/jpeg\" \/>\n<meta name=\"twitter:card\" content=\"summary_large_image\" \/>\n<meta name=\"twitter:label1\" content=\"Est. reading time\" \/>\n\t<meta name=\"twitter:data1\" content=\"1 minute\" \/>\n<!-- \/ Yoast SEO plugin. -->","yoast_head_json":{"title":"Bren - Colours of Ostrava","description":"\u010cesk\u00e1 kapela Bren vystoup\u00ed na hudebn\u00edm festivalu Colours of Ostrava 2025.","robots":{"index":"index","follow":"follow","max-snippet":"max-snippet:-1","max-image-preview":"max-image-preview:large","max-video-preview":"max-video-preview:-1"},"canonical":"https:\/\/www.colours.cz\/en\/ucinkujici\/bren\/","og_locale":"en_US","og_type":"article","og_title":"Bren - Colours of Ostrava","og_description":"\u010cesk\u00e1 kapela Bren vystoup\u00ed na hudebn\u00edm festivalu Colours of Ostrava 2025.","og_url":"https:\/\/www.colours.cz\/en\/ucinkujici\/bren\/","og_site_name":"Colours of Ostrava","article_modified_time":"2025-06-23T09:08:27+00:00","og_image":[{"width":2048,"height":1367,"url":"https:\/\/www.colours.cz\/wp-content\/uploads\/2025\/03\/foto_by_Marek_Rejnoha.jpg","type":"image\/jpeg"}],"twitter_card":"summary_large_image","twitter_misc":{"Est. reading time":"1 minute"},"schema":{"@context":"https:\/\/schema.org","@graph":[{"@type":"WebPage","@id":"https:\/\/www.colours.cz\/en\/ucinkujici\/bren\/","url":"https:\/\/www.colours.cz\/en\/ucinkujici\/bren\/","name":"Bren - Colours of Ostrava","isPartOf":{"@id":"https:\/\/www.colours.cz\/en\/#website"},"primaryImageOfPage":{"@id":"https:\/\/www.colours.cz\/en\/ucinkujici\/bren\/#primaryimage"},"image":{"@id":"https:\/\/www.colours.cz\/en\/ucinkujici\/bren\/#primaryimage"},"thumbnailUrl":"https:\/\/www.colours.cz\/wp-content\/uploads\/2025\/03\/foto_by_Marek_Rejnoha.jpg","datePublished":"2025-03-17T09:20:50+00:00","dateModified":"2025-06-23T09:08:27+00:00","description":"\u010cesk\u00e1 kapela Bren vystoup\u00ed na hudebn\u00edm festivalu Colours of Ostrava 2025.","breadcrumb":{"@id":"https:\/\/www.colours.cz\/en\/ucinkujici\/bren\/#breadcrumb"},"inLanguage":"en-US","potentialAction":[{"@type":"ReadAction","target":["https:\/\/www.colours.cz\/en\/ucinkujici\/bren\/"]}]},{"@type":"ImageObject","inLanguage":"en-US","@id":"https:\/\/www.colours.cz\/en\/ucinkujici\/bren\/#primaryimage","url":"https:\/\/www.colours.cz\/wp-content\/uploads\/2025\/03\/foto_by_Marek_Rejnoha.jpg","contentUrl":"https:\/\/www.colours.cz\/wp-content\/uploads\/2025\/03\/foto_by_Marek_Rejnoha.jpg","width":2048,"height":1367},{"@type":"BreadcrumbList","@id":"https:\/\/www.colours.cz\/en\/ucinkujici\/bren\/#breadcrumb","itemListElement":[{"@type":"ListItem","position":1,"name":"Dom\u016f","item":"https:\/\/www.colours.cz\/en\/"},{"@type":"ListItem","position":2,"name":"Bren"}]},{"@type":"WebSite","@id":"https:\/\/www.colours.cz\/en\/#website","url":"https:\/\/www.colours.cz\/en\/","name":"Colours of Ostrava","description":"","potentialAction":[{"@type":"SearchAction","target":{"@type":"EntryPoint","urlTemplate":"https:\/\/www.colours.cz\/en\/?s={search_term_string}"},"query-input":{"@type":"PropertyValueSpecification","valueRequired":true,"valueName":"search_term_string"}}],"inLanguage":"en-US"}]}},"program-params-interpret-block-order":"0","program-params-thumbnail-mobile-id":"","program-params-sign-language-available":"","program-params-timeline-description":"","program-tickets-not-included":"0","program-events-items-ids":[{"program-event-items-date-start":"16.07.2025 16:30","program-event-items-date-end":"16.07.2025 17:30","program-event-items-date-length":"60","program-event-items-place":"6492"}],"program-spotify-iframe":"","program-spotify-position":"center","program-socials-facebook":"https:\/\/www.facebook.com\/161BREN","program-socials-youtube":"https:\/\/www.youtube.com\/channel\/UCsM43ks296hz4YHk1EpdF8Q","program-socials-spotify":"https:\/\/open.spotify.com\/artist\/0L5jD6O5zen7XBMJQ9FSva?si=GWZ-I3GMTc2_flj7rmtORA","program-socials-instagram":"https:\/\/www.instagram.com\/brno_enfield\/#","program-socials-threads":"","program-socials-tiktok":"","program-socials-linkedin":"","program-gallery-items-ids":[{"program-items-url":"","program-items-title":"","program-items-description":"","program-items-duration":"","program-items-image-id":""}],"program-discover-title":"","program-discover-show-in-modal":"","program-discover-items-ids":"","_links":{"self":[{"href":"https:\/\/www.colours.cz\/en\/wp-json\/wp\/v2\/program\/2772","targetHints":{"allow":["GET"]}}],"collection":[{"href":"https:\/\/www.colours.cz\/en\/wp-json\/wp\/v2\/program"}],"about":[{"href":"https:\/\/www.colours.cz\/en\/wp-json\/wp\/v2\/types\/program"}],"wp:featuredmedia":[{"embeddable":true,"href":"https:\/\/www.colours.cz\/en\/wp-json\/wp\/v2\/media\/1296"}],"wp:attachment":[{"href":"https:\/\/www.colours.cz\/en\/wp-json\/wp\/v2\/media?parent=2772"}],"wp:term":[{"taxonomy":"program-year","embeddable":true,"href":"https:\/\/www.colours.cz\/en\/wp-json\/wp\/v2\/program-year?post=2772"},{"taxonomy":"program-category","embeddable":true,"href":"https:\/\/www.colours.cz\/en\/wp-json\/wp\/v2\/program-category?post=2772"},{"taxonomy":"program-genre","embeddable":true,"href":"https:\/\/www.colours.cz\/en\/wp-json\/wp\/v2\/program-genre?post=2772"},{"taxonomy":"program-country","embeddable":true,"href":"https:\/\/www.colours.cz\/en\/wp-json\/wp\/v2\/program-country?post=2772"}],"curies":[{"name":"wp","href":"https:\/\/api.w.org\/{rel}","templated":true}]}}

<figure class="wp-block-embed is-type-video is-provider-youtube wp-block-embed-youtube wp-embed-aspect-4-3 wp-has-aspect-ratio"><div class="wp-block-embed__wrapper">
<iframe loading="lazy" title="Usínám?" width="500" height="375" src="https://www.youtube.com/embed/DWQwQ1ZfO1k?feature=oembed" frameborder="0" allow="accelerometer; autoplay; clipboard-write; encrypted-media; gyroscope; picture-in-picture; web-share" referrerpolicy="strict-origin-when-cross-origin" allowfullscreen></iframe>
</div></figure>



<p>Their Facebook page describes their sound as &#8220;<strong>a mix of dark and urgent moments</strong>,&#8221; characterized more by an ambiguous, dreamlike haze than straightforward gloom.</p>



<p>Their debut album Tmou (2024) was recorded at Golden Hive Studio in Prague under the guidance of producer Michal Amák Šťastný and released by Kabinet Records. The album translates raw, intense emotions inspired by fragile human relationships into music. You can hear traces of international influences like <strong>Slowdive, Jaye Jayle, Swans, and Nick Cave, as well as a domestic touch from bands like Priessnitz.</strong></p>



<figure class="wp-block-embed is-type-rich is-provider-spotify wp-block-embed-spotify wp-embed-aspect-21-9 wp-has-aspect-ratio"><div class="wp-block-embed__wrapper">
<iframe title="Spotify Embed: BREN" style="border-radius: 12px" width="100%" height="352" frameborder="0" allowfullscreen allow="autoplay; clipboard-write; encrypted-media; fullscreen; picture-in-picture" loading="lazy" src="https://open.spotify.com/embed/artist/0L5jD6O5zen7XBMJQ9FSva?si=GWZ-I3GMTc2_flj7rmtORA&#038;utm_source=oembed"></iframe>
</div></figure>

<p>The project Bren emerged from the friendship between Ivo Lorenc (Science Killer, ex-Beps&#8217;n&#8217;Johnnies) and Šimon Podrazil (Tryo). What began as a duo soon expanded into a full band with the addition of Vojtěch Škuta and Lukáš Nedomlel. Bren brings a unique blend of shoegaze, blues, slowcore, and no wave to the Czech music scene, all underpinned by melancholic Czech lyrics and captivating melodies.</p>

<!-- This site is optimized with the Yoast SEO plugin v25.3.1 - https://yoast.com/wordpress/plugins/seo/ -->
<title>Bren - Colours of Ostrava</title>
<meta name="description" content="Česká kapela Bren vystoupí na hudebním festivalu Colours of Ostrava 2025." />
<meta name="robots" content="index, follow, max-snippet:-1, max-image-preview:large, max-video-preview:-1" />
<link rel="canonical" href="https://www.colours.cz/en/ucinkujici/bren/" />
<meta property="og:locale" content="en_US" />
<meta property="og:type" content="article" />
<meta property="og:title" content="Bren - Colours of Ostrava" />
<meta property="og:description" content="Česká kapela Bren vystoupí na hudebním festivalu Colours of Ostrava 2025." />
<meta property="og:url" content="https://www.colours.cz/en/ucinkujici/bren/" />
<meta property="og:site_name" content="Colours of Ostrava" />
<meta property="article:modified_time" content="2025-06-23T09:08:27+00:00" />
<meta property="og:image" content="https://www.colours.cz/wp-content/uploads/2025/03/foto_by_Marek_Rejnoha.jpg" />
	<meta property="og:image:width" content="2048" />
	<meta property="og:image:height" content="1367" />
	<meta property="og:image:type" content="image/jpeg" />
<meta name="twitter:card" content="summary_large_image" />
<meta name="twitter:label1" content="Est. reading time" />
	<meta name="twitter:data1" content="1 minute" />
<!-- / Yoast SEO plugin. -->

Česká kapela Bren vystoupí na hudebním festivalu Colours of Ostrava 2025.

Domů
