{"id":2763,"date":"2025-03-17T10:47:53","date_gmt":"2025-03-17T09:47:53","guid":{"rendered":"https:\/\/www.colours.cz\/interpret\/ida-the-young\/"},"modified":"2025-06-23T21:02:20","modified_gmt":"2025-06-23T19:02:20","slug":"ida-the-young","status":"publish","type":"program","link":"https:\/\/www.colours.cz\/en\/ucinkujici\/ida-the-young\/","title":{"rendered":"Ida The Young"},"content":{"rendered":"\n<figure class=\"wp-block-embed is-type-video is-provider-youtube wp-block-embed-youtube wp-embed-aspect-4-3 wp-has-aspect-ratio\"><div class=\"wp-block-embed__wrapper\">\n<iframe loading=\"lazy\" title=\"Ida The Young - Silver Thing (Full EP)\" width=\"500\" height=\"375\" src=\"https:\/\/www.youtube.com\/embed\/2G2sqVHukek?feature=oembed\" frameborder=\"0\" allow=\"accelerometer; autoplay; clipboard-write; encrypted-media; gyroscope; picture-in-picture; web-share\" referrerpolicy=\"strict-origin-when-cross-origin\" allowfullscreen><\/iframe>\n<\/div><\/figure>\n\n\n\n<p>At other times, the key to their sound is the subtly layered vocals of Czech-British singer Iris Hobson-Mazur or the perfect synergy of the band members &#8211; guitarist Marek Kol\u00edha, percussionist Filip Simon, keyboardist Jakub Richt\u00e1rech, and guitarist\/bassist Pavel Kleiberger. Ida The Young is preparing the first full-length album for the fall, featuring a mix of older tracks and previously unreleased material.<\/p>\n\n\n\n<figure class=\"wp-block-embed is-type-rich is-provider-spotify wp-block-embed-spotify wp-embed-aspect-21-9 wp-has-aspect-ratio\"><div class=\"wp-block-embed__wrapper\">\n<iframe title=\"Spotify Embed: Ida The Young\" style=\"border-radius: 12px\" width=\"100%\" height=\"352\" frameborder=\"0\" allowfullscreen allow=\"autoplay; clipboard-write; encrypted-media; fullscreen; picture-in-picture\" loading=\"lazy\" src=\"https:\/\/open.spotify.com\/embed\/artist\/4Qtkq5ZHClj6KzqHTguf44?si=P0RLqJCTQ4iTPJ1KFyLOXA&#038;utm_source=oembed\"><\/iframe>\n<\/div><\/figure>\n\n\n\n<p><strong>The band first gained public attention in 2021 with tracks like He Left at Dawn and Long Jesse. <\/strong>Their EP Strange Shaped Flowers (2023) was followed by the release of Silver Thing, which was supported by the Czech label Korobushka. On this release, Ida The Young cautiously ventured into electronic sounds. <strong>However, the familiar acoustic instruments and captivating, story-driven lyrics still take center stage<\/strong>, with the lyrics unfolding like a kaleidoscope of animated characters moving to the rhythm of the music.<\/p>\n","protected":false},"excerpt":{"rendered":"<p>The secret behind the success of the Plze\u0148-based indie-folk band Ida The Young, who have gained significant attention in the last two years following a packed European tour, lies in their darkly humorous and morbid lyrics.<\/p>\n","protected":false},"featured_media":1300,"menu_order":0,"template":"","meta":[],"program-year":[119],"program-category":[120],"program-genre":[244,329,260,180],"program-country":[256],"class_list":["post-2763","program","type-program","status-publish","has-post-thumbnail","hentry","program-category-music-programme","program-genre-acoustic-en","program-genre-alternative-en","program-genre-indie-en","program-genre-pop-en","program-country-cesko-en"],"yoast_head":"<!-- This site is optimized with the Yoast SEO plugin v25.3.1 - https:\/\/yoast.com\/wordpress\/plugins\/seo\/ -->\n<title>Ida The Young - Colours of Ostrava<\/title>\n<meta name=\"description\" content=\"\u010cesk\u00e1 kapela Ida The Young p\u0159iveze na Colours of Ostrava 2025 akustick\u00e9 n\u00e1stroje a podmaniv\u00e9 texty. Zahraj\u00ed na Full Moon stage!\" \/>\n<meta name=\"robots\" content=\"index, follow, max-snippet:-1, max-image-preview:large, max-video-preview:-1\" \/>\n<link rel=\"canonical\" href=\"https:\/\/www.colours.cz\/en\/ucinkujici\/ida-the-young\/\" \/>\n<meta property=\"og:locale\" content=\"en_US\" \/>\n<meta property=\"og:type\" content=\"article\" \/>\n<meta property=\"og:title\" content=\"Ida The Young - Colours of Ostrava\" \/>\n<meta property=\"og:description\" content=\"\u010cesk\u00e1 kapela Ida The Young p\u0159iveze na Colours of Ostrava 2025 akustick\u00e9 n\u00e1stroje a podmaniv\u00e9 texty. Zahraj\u00ed na Full Moon stage!\" \/>\n<meta property=\"og:url\" content=\"https:\/\/www.colours.cz\/en\/ucinkujici\/ida-the-young\/\" \/>\n<meta property=\"og:site_name\" content=\"Colours of Ostrava\" \/>\n<meta property=\"article:modified_time\" content=\"2025-06-23T19:02:20+00:00\" \/>\n<meta property=\"og:image\" content=\"https:\/\/www.colours.cz\/wp-content\/uploads\/2025\/03\/Photo1-by-Matej-Hnizdil.jpg\" \/>\n\t<meta property=\"og:image:width\" content=\"2048\" \/>\n\t<meta property=\"og:image:height\" content=\"2028\" \/>\n\t<meta property=\"og:image:type\" content=\"image\/jpeg\" \/>\n<meta name=\"twitter:card\" content=\"summary_large_image\" \/>\n<meta name=\"twitter:label1\" content=\"Est. reading time\" \/>\n\t<meta name=\"twitter:data1\" content=\"1 minute\" \/>\n<!-- \/ Yoast SEO plugin. -->","yoast_head_json":{"title":"Ida The Young - Colours of Ostrava","description":"\u010cesk\u00e1 kapela Ida The Young p\u0159iveze na Colours of Ostrava 2025 akustick\u00e9 n\u00e1stroje a podmaniv\u00e9 texty. Zahraj\u00ed na Full Moon stage!","robots":{"index":"index","follow":"follow","max-snippet":"max-snippet:-1","max-image-preview":"max-image-preview:large","max-video-preview":"max-video-preview:-1"},"canonical":"https:\/\/www.colours.cz\/en\/ucinkujici\/ida-the-young\/","og_locale":"en_US","og_type":"article","og_title":"Ida The Young - Colours of Ostrava","og_description":"\u010cesk\u00e1 kapela Ida The Young p\u0159iveze na Colours of Ostrava 2025 akustick\u00e9 n\u00e1stroje a podmaniv\u00e9 texty. Zahraj\u00ed na Full Moon stage!","og_url":"https:\/\/www.colours.cz\/en\/ucinkujici\/ida-the-young\/","og_site_name":"Colours of Ostrava","article_modified_time":"2025-06-23T19:02:20+00:00","og_image":[{"width":2048,"height":2028,"url":"https:\/\/www.colours.cz\/wp-content\/uploads\/2025\/03\/Photo1-by-Matej-Hnizdil.jpg","type":"image\/jpeg"}],"twitter_card":"summary_large_image","twitter_misc":{"Est. reading time":"1 minute"},"schema":{"@context":"https:\/\/schema.org","@graph":[{"@type":"WebPage","@id":"https:\/\/www.colours.cz\/en\/ucinkujici\/ida-the-young\/","url":"https:\/\/www.colours.cz\/en\/ucinkujici\/ida-the-young\/","name":"Ida The Young - Colours of Ostrava","isPartOf":{"@id":"https:\/\/www.colours.cz\/en\/#website"},"primaryImageOfPage":{"@id":"https:\/\/www.colours.cz\/en\/ucinkujici\/ida-the-young\/#primaryimage"},"image":{"@id":"https:\/\/www.colours.cz\/en\/ucinkujici\/ida-the-young\/#primaryimage"},"thumbnailUrl":"https:\/\/www.colours.cz\/wp-content\/uploads\/2025\/03\/Photo1-by-Matej-Hnizdil.jpg","datePublished":"2025-03-17T09:47:53+00:00","dateModified":"2025-06-23T19:02:20+00:00","description":"\u010cesk\u00e1 kapela Ida The Young p\u0159iveze na Colours of Ostrava 2025 akustick\u00e9 n\u00e1stroje a podmaniv\u00e9 texty. Zahraj\u00ed na Full Moon stage!","breadcrumb":{"@id":"https:\/\/www.colours.cz\/en\/ucinkujici\/ida-the-young\/#breadcrumb"},"inLanguage":"en-US","potentialAction":[{"@type":"ReadAction","target":["https:\/\/www.colours.cz\/en\/ucinkujici\/ida-the-young\/"]}]},{"@type":"ImageObject","inLanguage":"en-US","@id":"https:\/\/www.colours.cz\/en\/ucinkujici\/ida-the-young\/#primaryimage","url":"https:\/\/www.colours.cz\/wp-content\/uploads\/2025\/03\/Photo1-by-Matej-Hnizdil.jpg","contentUrl":"https:\/\/www.colours.cz\/wp-content\/uploads\/2025\/03\/Photo1-by-Matej-Hnizdil.jpg","width":2048,"height":2028},{"@type":"BreadcrumbList","@id":"https:\/\/www.colours.cz\/en\/ucinkujici\/ida-the-young\/#breadcrumb","itemListElement":[{"@type":"ListItem","position":1,"name":"Dom\u016f","item":"https:\/\/www.colours.cz\/en\/"},{"@type":"ListItem","position":2,"name":"Ida The Young"}]},{"@type":"WebSite","@id":"https:\/\/www.colours.cz\/en\/#website","url":"https:\/\/www.colours.cz\/en\/","name":"Colours of Ostrava","description":"","potentialAction":[{"@type":"SearchAction","target":{"@type":"EntryPoint","urlTemplate":"https:\/\/www.colours.cz\/en\/?s={search_term_string}"},"query-input":{"@type":"PropertyValueSpecification","valueRequired":true,"valueName":"search_term_string"}}],"inLanguage":"en-US"}]}},"program-params-interpret-block-order":"0","program-params-thumbnail-mobile-id":"","program-params-sign-language-available":"","program-params-timeline-description":"","program-tickets-not-included":"0","program-events-items-ids":[{"program-event-items-date-start":"19.07.2025 17:45","program-event-items-date-end":"19.07.2025 18:45","program-event-items-date-length":"60","program-event-items-place":"6492"}],"program-spotify-iframe":"","program-spotify-position":"center","program-socials-facebook":"https:\/\/www.facebook.com\/idatheyoung\/","program-socials-youtube":"https:\/\/www.youtube.com\/@IdaTheYoung","program-socials-spotify":"https:\/\/open.spotify.com\/artist\/4Qtkq5ZHClj6KzqHTguf44?si=P0RLqJCTQ4iTPJ1KFyLOXA","program-socials-instagram":"https:\/\/www.instagram.com\/idatheyoung\/","program-socials-threads":"","program-socials-tiktok":"","program-socials-linkedin":"","program-gallery-items-ids":[{"program-items-url":"","program-items-title":"","program-items-description":"","program-items-duration":"","program-items-image-id":""}],"program-discover-title":"","program-discover-show-in-modal":"","program-discover-items-ids":"","_links":{"self":[{"href":"https:\/\/www.colours.cz\/en\/wp-json\/wp\/v2\/program\/2763","targetHints":{"allow":["GET"]}}],"collection":[{"href":"https:\/\/www.colours.cz\/en\/wp-json\/wp\/v2\/program"}],"about":[{"href":"https:\/\/www.colours.cz\/en\/wp-json\/wp\/v2\/types\/program"}],"wp:featuredmedia":[{"embeddable":true,"href":"https:\/\/www.colours.cz\/en\/wp-json\/wp\/v2\/media\/1300"}],"wp:attachment":[{"href":"https:\/\/www.colours.cz\/en\/wp-json\/wp\/v2\/media?parent=2763"}],"wp:term":[{"taxonomy":"program-year","embeddable":true,"href":"https:\/\/www.colours.cz\/en\/wp-json\/wp\/v2\/program-year?post=2763"},{"taxonomy":"program-category","embeddable":true,"href":"https:\/\/www.colours.cz\/en\/wp-json\/wp\/v2\/program-category?post=2763"},{"taxonomy":"program-genre","embeddable":true,"href":"https:\/\/www.colours.cz\/en\/wp-json\/wp\/v2\/program-genre?post=2763"},{"taxonomy":"program-country","embeddable":true,"href":"https:\/\/www.colours.cz\/en\/wp-json\/wp\/v2\/program-country?post=2763"}],"curies":[{"name":"wp","href":"https:\/\/api.w.org\/{rel}","templated":true}]}}

<figure class="wp-block-embed is-type-video is-provider-youtube wp-block-embed-youtube wp-embed-aspect-4-3 wp-has-aspect-ratio"><div class="wp-block-embed__wrapper">
<iframe loading="lazy" title="Ida The Young - Silver Thing (Full EP)" width="500" height="375" src="https://www.youtube.com/embed/2G2sqVHukek?feature=oembed" frameborder="0" allow="accelerometer; autoplay; clipboard-write; encrypted-media; gyroscope; picture-in-picture; web-share" referrerpolicy="strict-origin-when-cross-origin" allowfullscreen></iframe>
</div></figure>



<p>At other times, the key to their sound is the subtly layered vocals of Czech-British singer Iris Hobson-Mazur or the perfect synergy of the band members &#8211; guitarist Marek Kolíha, percussionist Filip Simon, keyboardist Jakub Richtárech, and guitarist/bassist Pavel Kleiberger. Ida The Young is preparing the first full-length album for the fall, featuring a mix of older tracks and previously unreleased material.</p>



<figure class="wp-block-embed is-type-rich is-provider-spotify wp-block-embed-spotify wp-embed-aspect-21-9 wp-has-aspect-ratio"><div class="wp-block-embed__wrapper">
<iframe title="Spotify Embed: Ida The Young" style="border-radius: 12px" width="100%" height="352" frameborder="0" allowfullscreen allow="autoplay; clipboard-write; encrypted-media; fullscreen; picture-in-picture" loading="lazy" src="https://open.spotify.com/embed/artist/4Qtkq5ZHClj6KzqHTguf44?si=P0RLqJCTQ4iTPJ1KFyLOXA&#038;utm_source=oembed"></iframe>
</div></figure>



<p><strong>The band first gained public attention in 2021 with tracks like He Left at Dawn and Long Jesse. </strong>Their EP Strange Shaped Flowers (2023) was followed by the release of Silver Thing, which was supported by the Czech label Korobushka. On this release, Ida The Young cautiously ventured into electronic sounds. <strong>However, the familiar acoustic instruments and captivating, story-driven lyrics still take center stage</strong>, with the lyrics unfolding like a kaleidoscope of animated characters moving to the rhythm of the music.</p>

<p>The secret behind the success of the Plzeň-based indie-folk band Ida The Young, who have gained significant attention in the last two years following a packed European tour, lies in their darkly humorous and morbid lyrics.</p>

<!-- This site is optimized with the Yoast SEO plugin v25.3.1 - https://yoast.com/wordpress/plugins/seo/ -->
<title>Ida The Young - Colours of Ostrava</title>
<meta name="description" content="Česká kapela Ida The Young přiveze na Colours of Ostrava 2025 akustické nástroje a podmanivé texty. Zahrají na Full Moon stage!" />
<meta name="robots" content="index, follow, max-snippet:-1, max-image-preview:large, max-video-preview:-1" />
<link rel="canonical" href="https://www.colours.cz/en/ucinkujici/ida-the-young/" />
<meta property="og:locale" content="en_US" />
<meta property="og:type" content="article" />
<meta property="og:title" content="Ida The Young - Colours of Ostrava" />
<meta property="og:description" content="Česká kapela Ida The Young přiveze na Colours of Ostrava 2025 akustické nástroje a podmanivé texty. Zahrají na Full Moon stage!" />
<meta property="og:url" content="https://www.colours.cz/en/ucinkujici/ida-the-young/" />
<meta property="og:site_name" content="Colours of Ostrava" />
<meta property="article:modified_time" content="2025-06-23T19:02:20+00:00" />
<meta property="og:image" content="https://www.colours.cz/wp-content/uploads/2025/03/Photo1-by-Matej-Hnizdil.jpg" />
	<meta property="og:image:width" content="2048" />
	<meta property="og:image:height" content="2028" />
	<meta property="og:image:type" content="image/jpeg" />
<meta name="twitter:card" content="summary_large_image" />
<meta name="twitter:label1" content="Est. reading time" />
	<meta name="twitter:data1" content="1 minute" />
<!-- / Yoast SEO plugin. -->

Česká kapela Ida The Young přiveze na Colours of Ostrava 2025 akustické nástroje a podmanivé texty. Zahrají na Full Moon stage!

Domů
