{"id":2760,"date":"2025-03-17T11:00:07","date_gmt":"2025-03-17T10:00:07","guid":{"rendered":"https:\/\/www.colours.cz\/interpret\/viktor-ori\/"},"modified":"2025-04-22T10:59:18","modified_gmt":"2025-04-22T08:59:18","slug":"viktor-ori","status":"publish","type":"program","link":"https:\/\/www.colours.cz\/en\/ucinkujici\/viktor-ori\/","title":{"rendered":"Viktor Ori"},"content":{"rendered":"\n<figure class=\"wp-block-embed is-type-video is-provider-youtube wp-block-embed-youtube wp-embed-aspect-4-3 wp-has-aspect-ratio\"><div class=\"wp-block-embed__wrapper\">\n<iframe loading=\"lazy\" title=\"Svet \u017ealuje\" width=\"500\" height=\"375\" src=\"https:\/\/www.youtube.com\/embed\/vRdWjrvMN2g?feature=oembed\" frameborder=\"0\" allow=\"accelerometer; autoplay; clipboard-write; encrypted-media; gyroscope; picture-in-picture; web-share\" referrerpolicy=\"strict-origin-when-cross-origin\" allowfullscreen><\/iframe>\n<\/div><\/figure>\n\n\n\n<p>\u201cI realized that waiting for everything to come together with the band was unrealistic &#8211; it might never happen, or it could take forever. So, I set a clear goal: the album would be finished within a year, and even before the songs were done, I booked the studio,\u201d Ori explains.<\/p>\n\n\n\n<figure class=\"wp-block-embed is-type-rich is-provider-spotify wp-block-embed-spotify wp-embed-aspect-21-9 wp-has-aspect-ratio\"><div class=\"wp-block-embed__wrapper\">\n<iframe title=\"Spotify Embed: Viktor Ori\" style=\"border-radius: 12px\" width=\"100%\" height=\"352\" frameborder=\"0\" allowfullscreen allow=\"autoplay; clipboard-write; encrypted-media; fullscreen; picture-in-picture\" loading=\"lazy\" src=\"https:\/\/open.spotify.com\/embed\/artist\/0nHNsM2jicE1J2T1p01xO0?si=Hh7RDOQiSgq43_2G-rVaQw&#038;utm_source=oembed\"><\/iframe>\n<\/div><\/figure>\n\n\n\n<p>The album Lepsie nebolo nikdy dobre nebude was released in December, and despite its late release, it managed to break into many Czech and Slovak charts. As its title suggests, the album isn\u2019t exactly cheerful. <strong>Ori openly admits that the main inspiration came from Postalgia (2019) by Katar\u00edna M\u00e1likov\u00e1.<\/strong> Viktor Ori naturally integrated into the circles around Kvlt crew and Berlin Manson, though his &#8220;solo&#8221; project and debut album have a slightly different feel &#8211; formally, not in terms of content.<\/p>\n\n\n\n<p>\u201cOri fully understands that each of us is part of a puzzle, and if you don\u2019t know your \u2018shape,\u2019 social criticism can easily slip into a complete misunderstanding of it. <strong>As an artist, Ori deconstructs the world very well, largely because he started by analyzing himself<\/strong>,\u201d wrote the music site <a href=\"https:\/\/hudba.zoznam.sk\/\">Hudba.sk<\/a> about the album.<\/p>\n","protected":false},"excerpt":{"rendered":"<p>This isn\u2019t your typical story. At the start of 2023, after a decade on the scene, the Bratislava-based post-hardcore band Shallov reached the end of their journey. However, rather than disbanding, they underwent a remarkable transformation. They changed their concept, genre, and creative process, choosing to make a fresh start. With singer and guitarist Viktor Ori becoming the main creative force, the band rebranded under his name.<\/p>\n","protected":false},"featured_media":1301,"menu_order":0,"template":"","meta":[],"program-year":[119],"program-category":[120],"program-genre":[329,262],"program-country":[245],"class_list":["post-2760","program","type-program","status-publish","has-post-thumbnail","hentry","program-category-music-programme","program-genre-alternative-en","program-genre-rap-en","program-country-slovensko-en"],"yoast_head":"<!-- This site is optimized with the Yoast SEO plugin v25.3.1 - https:\/\/yoast.com\/wordpress\/plugins\/seo\/ -->\n<title>Viktor Ori - Colours of Ostrava<\/title>\n<meta name=\"description\" content=\"Slovensk\u00fd um\u011blec Viktor Ori vystoup\u00ed na Full Moon stage na festivalu Colours of Ostrava 2025. M\u00e1me se na co t\u011b\u0161it!\" \/>\n<meta name=\"robots\" content=\"index, follow, max-snippet:-1, max-image-preview:large, max-video-preview:-1\" \/>\n<link rel=\"canonical\" href=\"https:\/\/www.colours.cz\/en\/ucinkujici\/viktor-ori\/\" \/>\n<meta property=\"og:locale\" content=\"en_US\" \/>\n<meta property=\"og:type\" content=\"article\" \/>\n<meta property=\"og:title\" content=\"Viktor Ori - Colours of Ostrava\" \/>\n<meta property=\"og:description\" content=\"Slovensk\u00fd um\u011blec Viktor Ori vystoup\u00ed na Full Moon stage na festivalu Colours of Ostrava 2025. M\u00e1me se na co t\u011b\u0161it!\" \/>\n<meta property=\"og:url\" content=\"https:\/\/www.colours.cz\/en\/ucinkujici\/viktor-ori\/\" \/>\n<meta property=\"og:site_name\" content=\"Colours of Ostrava\" \/>\n<meta property=\"article:modified_time\" content=\"2025-04-22T08:59:18+00:00\" \/>\n<meta property=\"og:image\" content=\"https:\/\/www.colours.cz\/wp-content\/uploads\/2025\/03\/credit_-Damian-Hlavacka-1024x768.png\" \/>\n\t<meta property=\"og:image:width\" content=\"1024\" \/>\n\t<meta property=\"og:image:height\" content=\"768\" \/>\n\t<meta property=\"og:image:type\" content=\"image\/png\" \/>\n<meta name=\"twitter:card\" content=\"summary_large_image\" \/>\n<meta name=\"twitter:label1\" content=\"Est. reading time\" \/>\n\t<meta name=\"twitter:data1\" content=\"2 minutes\" \/>\n<!-- \/ Yoast SEO plugin. -->","yoast_head_json":{"title":"Viktor Ori - Colours of Ostrava","description":"Slovensk\u00fd um\u011blec Viktor Ori vystoup\u00ed na Full Moon stage na festivalu Colours of Ostrava 2025. M\u00e1me se na co t\u011b\u0161it!","robots":{"index":"index","follow":"follow","max-snippet":"max-snippet:-1","max-image-preview":"max-image-preview:large","max-video-preview":"max-video-preview:-1"},"canonical":"https:\/\/www.colours.cz\/en\/ucinkujici\/viktor-ori\/","og_locale":"en_US","og_type":"article","og_title":"Viktor Ori - Colours of Ostrava","og_description":"Slovensk\u00fd um\u011blec Viktor Ori vystoup\u00ed na Full Moon stage na festivalu Colours of Ostrava 2025. M\u00e1me se na co t\u011b\u0161it!","og_url":"https:\/\/www.colours.cz\/en\/ucinkujici\/viktor-ori\/","og_site_name":"Colours of Ostrava","article_modified_time":"2025-04-22T08:59:18+00:00","og_image":[{"width":1024,"height":768,"url":"https:\/\/www.colours.cz\/wp-content\/uploads\/2025\/03\/credit_-Damian-Hlavacka-1024x768.png","type":"image\/png"}],"twitter_card":"summary_large_image","twitter_misc":{"Est. reading time":"2 minutes"},"schema":{"@context":"https:\/\/schema.org","@graph":[{"@type":"WebPage","@id":"https:\/\/www.colours.cz\/en\/ucinkujici\/viktor-ori\/","url":"https:\/\/www.colours.cz\/en\/ucinkujici\/viktor-ori\/","name":"Viktor Ori - Colours of Ostrava","isPartOf":{"@id":"https:\/\/www.colours.cz\/en\/#website"},"primaryImageOfPage":{"@id":"https:\/\/www.colours.cz\/en\/ucinkujici\/viktor-ori\/#primaryimage"},"image":{"@id":"https:\/\/www.colours.cz\/en\/ucinkujici\/viktor-ori\/#primaryimage"},"thumbnailUrl":"https:\/\/www.colours.cz\/wp-content\/uploads\/2025\/03\/credit_-Damian-Hlavacka.png","datePublished":"2025-03-17T10:00:07+00:00","dateModified":"2025-04-22T08:59:18+00:00","description":"Slovensk\u00fd um\u011blec Viktor Ori vystoup\u00ed na Full Moon stage na festivalu Colours of Ostrava 2025. M\u00e1me se na co t\u011b\u0161it!","breadcrumb":{"@id":"https:\/\/www.colours.cz\/en\/ucinkujici\/viktor-ori\/#breadcrumb"},"inLanguage":"en-US","potentialAction":[{"@type":"ReadAction","target":["https:\/\/www.colours.cz\/en\/ucinkujici\/viktor-ori\/"]}]},{"@type":"ImageObject","inLanguage":"en-US","@id":"https:\/\/www.colours.cz\/en\/ucinkujici\/viktor-ori\/#primaryimage","url":"https:\/\/www.colours.cz\/wp-content\/uploads\/2025\/03\/credit_-Damian-Hlavacka.png","contentUrl":"https:\/\/www.colours.cz\/wp-content\/uploads\/2025\/03\/credit_-Damian-Hlavacka.png","width":2546,"height":1910},{"@type":"BreadcrumbList","@id":"https:\/\/www.colours.cz\/en\/ucinkujici\/viktor-ori\/#breadcrumb","itemListElement":[{"@type":"ListItem","position":1,"name":"Dom\u016f","item":"https:\/\/www.colours.cz\/en\/"},{"@type":"ListItem","position":2,"name":"Viktor Ori"}]},{"@type":"WebSite","@id":"https:\/\/www.colours.cz\/en\/#website","url":"https:\/\/www.colours.cz\/en\/","name":"Colours of Ostrava","description":"","potentialAction":[{"@type":"SearchAction","target":{"@type":"EntryPoint","urlTemplate":"https:\/\/www.colours.cz\/en\/?s={search_term_string}"},"query-input":{"@type":"PropertyValueSpecification","valueRequired":true,"valueName":"search_term_string"}}],"inLanguage":"en-US"}]}},"program-params-interpret-block-order":"","program-params-thumbnail-mobile-id":"","program-params-sign-language-available":"","program-params-timeline-description":"","program-tickets-not-included":"","program-events-items-ids":"","program-spotify-iframe":"","program-spotify-position":"center","program-socials-facebook":"https:\/\/www.facebook.com\/shallov","program-socials-youtube":"https:\/\/www.youtube.com\/@viktorishallov","program-socials-spotify":"https:\/\/open.spotify.com\/artist\/0nHNsM2jicE1J2T1p01xO0?si=RDcaEToBRs216aBgYEDF5w","program-socials-instagram":"https:\/\/www.instagram.com\/viktor_ori\/?hl=cs","program-socials-threads":"","program-socials-tiktok":"","program-socials-linkedin":"","program-gallery-items-ids":[{"program-items-url":"","program-items-title":"","program-items-description":"","program-items-duration":"","program-items-image-id":""}],"program-discover-title":"","program-discover-show-in-modal":"","program-discover-items-ids":"","_links":{"self":[{"href":"https:\/\/www.colours.cz\/en\/wp-json\/wp\/v2\/program\/2760","targetHints":{"allow":["GET"]}}],"collection":[{"href":"https:\/\/www.colours.cz\/en\/wp-json\/wp\/v2\/program"}],"about":[{"href":"https:\/\/www.colours.cz\/en\/wp-json\/wp\/v2\/types\/program"}],"wp:featuredmedia":[{"embeddable":true,"href":"https:\/\/www.colours.cz\/en\/wp-json\/wp\/v2\/media\/1301"}],"wp:attachment":[{"href":"https:\/\/www.colours.cz\/en\/wp-json\/wp\/v2\/media?parent=2760"}],"wp:term":[{"taxonomy":"program-year","embeddable":true,"href":"https:\/\/www.colours.cz\/en\/wp-json\/wp\/v2\/program-year?post=2760"},{"taxonomy":"program-category","embeddable":true,"href":"https:\/\/www.colours.cz\/en\/wp-json\/wp\/v2\/program-category?post=2760"},{"taxonomy":"program-genre","embeddable":true,"href":"https:\/\/www.colours.cz\/en\/wp-json\/wp\/v2\/program-genre?post=2760"},{"taxonomy":"program-country","embeddable":true,"href":"https:\/\/www.colours.cz\/en\/wp-json\/wp\/v2\/program-country?post=2760"}],"curies":[{"name":"wp","href":"https:\/\/api.w.org\/{rel}","templated":true}]}}

<figure class="wp-block-embed is-type-video is-provider-youtube wp-block-embed-youtube wp-embed-aspect-4-3 wp-has-aspect-ratio"><div class="wp-block-embed__wrapper">
<iframe loading="lazy" title="Svet žaluje" width="500" height="375" src="https://www.youtube.com/embed/vRdWjrvMN2g?feature=oembed" frameborder="0" allow="accelerometer; autoplay; clipboard-write; encrypted-media; gyroscope; picture-in-picture; web-share" referrerpolicy="strict-origin-when-cross-origin" allowfullscreen></iframe>
</div></figure>



<p>“I realized that waiting for everything to come together with the band was unrealistic &#8211; it might never happen, or it could take forever. So, I set a clear goal: the album would be finished within a year, and even before the songs were done, I booked the studio,” Ori explains.</p>



<figure class="wp-block-embed is-type-rich is-provider-spotify wp-block-embed-spotify wp-embed-aspect-21-9 wp-has-aspect-ratio"><div class="wp-block-embed__wrapper">
<iframe title="Spotify Embed: Viktor Ori" style="border-radius: 12px" width="100%" height="352" frameborder="0" allowfullscreen allow="autoplay; clipboard-write; encrypted-media; fullscreen; picture-in-picture" loading="lazy" src="https://open.spotify.com/embed/artist/0nHNsM2jicE1J2T1p01xO0?si=Hh7RDOQiSgq43_2G-rVaQw&#038;utm_source=oembed"></iframe>
</div></figure>



<p>The album Lepsie nebolo nikdy dobre nebude was released in December, and despite its late release, it managed to break into many Czech and Slovak charts. As its title suggests, the album isn’t exactly cheerful. <strong>Ori openly admits that the main inspiration came from Postalgia (2019) by Katarína Máliková.</strong> Viktor Ori naturally integrated into the circles around Kvlt crew and Berlin Manson, though his &#8220;solo&#8221; project and debut album have a slightly different feel &#8211; formally, not in terms of content.</p>



<p>“Ori fully understands that each of us is part of a puzzle, and if you don’t know your ‘shape,’ social criticism can easily slip into a complete misunderstanding of it. <strong>As an artist, Ori deconstructs the world very well, largely because he started by analyzing himself</strong>,” wrote the music site <a href="https://hudba.zoznam.sk/">Hudba.sk</a> about the album.</p>

<!-- This site is optimized with the Yoast SEO plugin v25.3.1 - https://yoast.com/wordpress/plugins/seo/ -->
<title>Viktor Ori - Colours of Ostrava</title>
<meta name="description" content="Slovenský umělec Viktor Ori vystoupí na Full Moon stage na festivalu Colours of Ostrava 2025. Máme se na co těšit!" />
<meta name="robots" content="index, follow, max-snippet:-1, max-image-preview:large, max-video-preview:-1" />
<link rel="canonical" href="https://www.colours.cz/en/ucinkujici/viktor-ori/" />
<meta property="og:locale" content="en_US" />
<meta property="og:type" content="article" />
<meta property="og:title" content="Viktor Ori - Colours of Ostrava" />
<meta property="og:description" content="Slovenský umělec Viktor Ori vystoupí na Full Moon stage na festivalu Colours of Ostrava 2025. Máme se na co těšit!" />
<meta property="og:url" content="https://www.colours.cz/en/ucinkujici/viktor-ori/" />
<meta property="og:site_name" content="Colours of Ostrava" />
<meta property="article:modified_time" content="2025-04-22T08:59:18+00:00" />
<meta property="og:image" content="https://www.colours.cz/wp-content/uploads/2025/03/credit_-Damian-Hlavacka-1024x768.png" />
	<meta property="og:image:width" content="1024" />
	<meta property="og:image:height" content="768" />
	<meta property="og:image:type" content="image/png" />
<meta name="twitter:card" content="summary_large_image" />
<meta name="twitter:label1" content="Est. reading time" />
	<meta name="twitter:data1" content="2 minutes" />
<!-- / Yoast SEO plugin. -->

Slovenský umělec Viktor Ori vystoupí na Full Moon stage na festivalu Colours of Ostrava 2025. Máme se na co těšit!

Domů
