{"id":2757,"date":"2025-03-17T11:09:11","date_gmt":"2025-03-17T10:09:11","guid":{"rendered":"https:\/\/www.colours.cz\/interpret\/kvietah\/"},"modified":"2025-06-23T21:01:03","modified_gmt":"2025-06-23T19:01:03","slug":"kvietah","status":"publish","type":"program","link":"https:\/\/www.colours.cz\/en\/ucinkujici\/kvietah\/","title":{"rendered":"Kvietah"},"content":{"rendered":"\n<figure class=\"wp-block-image size-large\"><img loading=\"lazy\" decoding=\"async\" width=\"1024\" height=\"683\" src=\"https:\/\/www.colours.cz\/wp-content\/uploads\/2025\/03\/KvietahFoto2ByKristynaCerna-1024x683.jpg\" alt=\"Kvietah - Colours of Ostrava\" class=\"wp-image-1000\" srcset=\"https:\/\/www.colours.cz\/wp-content\/uploads\/2025\/03\/KvietahFoto2ByKristynaCerna-1024x683.jpg 1024w, https:\/\/www.colours.cz\/wp-content\/uploads\/2025\/03\/KvietahFoto2ByKristynaCerna-300x200.jpg 300w, https:\/\/www.colours.cz\/wp-content\/uploads\/2025\/03\/KvietahFoto2ByKristynaCerna-768x512.jpg 768w, https:\/\/www.colours.cz\/wp-content\/uploads\/2025\/03\/KvietahFoto2ByKristynaCerna-1536x1024.jpg 1536w, https:\/\/www.colours.cz\/wp-content\/uploads\/2025\/03\/KvietahFoto2ByKristynaCerna-2048x1365.jpg 2048w\" sizes=\"auto, (max-width: 1024px) 100vw, 1024px\" \/><\/figure>\n\n\n\n<p>She\u2019s unafraid to use original, yet grounded metaphors that showcase her unique empathy. \u201cThe Turkish moon shines on wet bread \/ in the warehouse of food that will spoil tomorrow \/ hungry people look like wolves,\u201d she sings in the title track of her debut album Hejno \u010dernejch ko\u010dek, released three years ago on the Divnosti label.<\/p>\n\n\n\n<figure class=\"wp-block-embed is-type-video is-provider-youtube wp-block-embed-youtube wp-embed-aspect-16-9 wp-has-aspect-ratio\"><div class=\"wp-block-embed__wrapper\">\n<iframe loading=\"lazy\" title=\"Kvietah - Lucie\" width=\"500\" height=\"281\" src=\"https:\/\/www.youtube.com\/embed\/y6fnljk5lnw?feature=oembed\" frameborder=\"0\" allow=\"accelerometer; autoplay; clipboard-write; encrypted-media; gyroscope; picture-in-picture; web-share\" referrerpolicy=\"strict-origin-when-cross-origin\" allowfullscreen><\/iframe>\n<\/div><\/figure>\n\n\n\n<p>After years of performing solo with just her guitar and piano, Kvietah surrounded herself with a band. Last year, with the release of her second album, D\u00edky, v\u010dely (Indies Scope), she reformed the band and named it The Kvietas, transforming her <a href=\"https:\/\/open.spotify.com\/artist\/1ck5wRc7dpyzawbajvXlKt?si=nDEwNCnzS4ihX5gDU97feg\">intimate songs<\/a> into an energetic live show. <strong>What remains are existential laments, reflections on the present, and unconventional poetry that captures the mystery of everyday life.<\/strong> \u201cDeath walks across the floor with dirty feet,\u201d Kvietah sings, her fears echoing a generational message, one that was shaped with the help of producer Nikola \u0160olaja. <strong>Her indie-pop songs, both subtle and expansive, draw from the best of folk while also demanding big stages and mainstream attention.<\/strong><\/p>\n\n\n\n<figure class=\"wp-block-embed is-type-rich is-provider-spotify wp-block-embed-spotify wp-embed-aspect-21-9 wp-has-aspect-ratio\"><div class=\"wp-block-embed__wrapper\">\n<iframe title=\"Spotify Embed: Kvietah\" style=\"border-radius: 12px\" width=\"100%\" height=\"352\" frameborder=\"0\" allowfullscreen allow=\"autoplay; clipboard-write; encrypted-media; fullscreen; picture-in-picture\" loading=\"lazy\" src=\"https:\/\/open.spotify.com\/embed\/artist\/1ck5wRc7dpyzawbajvXlKt?si=GeFq-NbySCiy3JZ9bJIdoQ&#038;utm_source=oembed\"><\/iframe>\n<\/div><\/figure>\n","protected":false},"excerpt":{"rendered":"<p>Magdalena Fendrychov\u00e1, known by her stage name Kvietah, wrote her first album at the age of ten, just for the enjoyment of her family, and by twelve, she was already performing publicly. Raised on the sounds of Patti Smith, Neil Young, Kurt Cobain, as well as songwriters like Karel Kryl and Zuzana Navarov\u00e1, her lyrics reflect both societal pains and personal struggles.<\/p>\n","protected":false},"featured_media":1279,"menu_order":0,"template":"","meta":[],"program-year":[119],"program-category":[120],"program-genre":[329,335,71,180],"program-country":[256],"class_list":["post-2757","program","type-program","status-publish","has-post-thumbnail","hentry","program-category-music-programme","program-genre-alternative-en","program-genre-folk-en","program-genre-indie","program-genre-pop-en","program-country-cesko-en"],"yoast_head":"<!-- This site is optimized with the Yoast SEO plugin v25.3.1 - https:\/\/yoast.com\/wordpress\/plugins\/seo\/ -->\n<title>Kvietah - Colours of Ostrava<\/title>\n<meta name=\"description\" content=\"\u010cesk\u00e1 KVIETAH vystoup\u00ed na Full Moon stage na festivalu Colours of Ostrava 2025 a p\u0159iveze dokonal\u00fd mix indie a folku.\" \/>\n<meta name=\"robots\" content=\"index, follow, max-snippet:-1, max-image-preview:large, max-video-preview:-1\" \/>\n<link rel=\"canonical\" href=\"https:\/\/www.colours.cz\/en\/ucinkujici\/kvietah\/\" \/>\n<meta property=\"og:locale\" content=\"en_US\" \/>\n<meta property=\"og:type\" content=\"article\" \/>\n<meta property=\"og:title\" content=\"Kvietah - Colours of Ostrava\" \/>\n<meta property=\"og:description\" content=\"\u010cesk\u00e1 KVIETAH vystoup\u00ed na Full Moon stage na festivalu Colours of Ostrava 2025 a p\u0159iveze dokonal\u00fd mix indie a folku.\" \/>\n<meta property=\"og:url\" content=\"https:\/\/www.colours.cz\/en\/ucinkujici\/kvietah\/\" \/>\n<meta property=\"og:site_name\" content=\"Colours of Ostrava\" \/>\n<meta property=\"article:modified_time\" content=\"2025-06-23T19:01:03+00:00\" \/>\n<meta property=\"og:image\" content=\"https:\/\/www.colours.cz\/wp-content\/uploads\/2025\/03\/KvietahFoto1ByKristynaCerna-scaled.jpg\" \/>\n\t<meta property=\"og:image:width\" content=\"2560\" \/>\n\t<meta property=\"og:image:height\" content=\"1707\" \/>\n\t<meta property=\"og:image:type\" content=\"image\/jpeg\" \/>\n<meta name=\"twitter:card\" content=\"summary_large_image\" \/>\n<meta name=\"twitter:label1\" content=\"Est. reading time\" \/>\n\t<meta name=\"twitter:data1\" content=\"2 minutes\" \/>\n<!-- \/ Yoast SEO plugin. -->","yoast_head_json":{"title":"Kvietah - Colours of Ostrava","description":"\u010cesk\u00e1 KVIETAH vystoup\u00ed na Full Moon stage na festivalu Colours of Ostrava 2025 a p\u0159iveze dokonal\u00fd mix indie a folku.","robots":{"index":"index","follow":"follow","max-snippet":"max-snippet:-1","max-image-preview":"max-image-preview:large","max-video-preview":"max-video-preview:-1"},"canonical":"https:\/\/www.colours.cz\/en\/ucinkujici\/kvietah\/","og_locale":"en_US","og_type":"article","og_title":"Kvietah - Colours of Ostrava","og_description":"\u010cesk\u00e1 KVIETAH vystoup\u00ed na Full Moon stage na festivalu Colours of Ostrava 2025 a p\u0159iveze dokonal\u00fd mix indie a folku.","og_url":"https:\/\/www.colours.cz\/en\/ucinkujici\/kvietah\/","og_site_name":"Colours of Ostrava","article_modified_time":"2025-06-23T19:01:03+00:00","og_image":[{"width":2560,"height":1707,"url":"https:\/\/www.colours.cz\/wp-content\/uploads\/2025\/03\/KvietahFoto1ByKristynaCerna-scaled.jpg","type":"image\/jpeg"}],"twitter_card":"summary_large_image","twitter_misc":{"Est. reading time":"2 minutes"},"schema":{"@context":"https:\/\/schema.org","@graph":[{"@type":"WebPage","@id":"https:\/\/www.colours.cz\/en\/ucinkujici\/kvietah\/","url":"https:\/\/www.colours.cz\/en\/ucinkujici\/kvietah\/","name":"Kvietah - Colours of Ostrava","isPartOf":{"@id":"https:\/\/www.colours.cz\/en\/#website"},"primaryImageOfPage":{"@id":"https:\/\/www.colours.cz\/en\/ucinkujici\/kvietah\/#primaryimage"},"image":{"@id":"https:\/\/www.colours.cz\/en\/ucinkujici\/kvietah\/#primaryimage"},"thumbnailUrl":"https:\/\/www.colours.cz\/wp-content\/uploads\/2025\/03\/KvietahFoto1ByKristynaCerna-scaled.jpg","datePublished":"2025-03-17T10:09:11+00:00","dateModified":"2025-06-23T19:01:03+00:00","description":"\u010cesk\u00e1 KVIETAH vystoup\u00ed na Full Moon stage na festivalu Colours of Ostrava 2025 a p\u0159iveze dokonal\u00fd mix indie a folku.","breadcrumb":{"@id":"https:\/\/www.colours.cz\/en\/ucinkujici\/kvietah\/#breadcrumb"},"inLanguage":"en-US","potentialAction":[{"@type":"ReadAction","target":["https:\/\/www.colours.cz\/en\/ucinkujici\/kvietah\/"]}]},{"@type":"ImageObject","inLanguage":"en-US","@id":"https:\/\/www.colours.cz\/en\/ucinkujici\/kvietah\/#primaryimage","url":"https:\/\/www.colours.cz\/wp-content\/uploads\/2025\/03\/KvietahFoto1ByKristynaCerna-scaled.jpg","contentUrl":"https:\/\/www.colours.cz\/wp-content\/uploads\/2025\/03\/KvietahFoto1ByKristynaCerna-scaled.jpg","width":2560,"height":1707},{"@type":"BreadcrumbList","@id":"https:\/\/www.colours.cz\/en\/ucinkujici\/kvietah\/#breadcrumb","itemListElement":[{"@type":"ListItem","position":1,"name":"Dom\u016f","item":"https:\/\/www.colours.cz\/en\/"},{"@type":"ListItem","position":2,"name":"Kvietah"}]},{"@type":"WebSite","@id":"https:\/\/www.colours.cz\/en\/#website","url":"https:\/\/www.colours.cz\/en\/","name":"Colours of Ostrava","description":"","potentialAction":[{"@type":"SearchAction","target":{"@type":"EntryPoint","urlTemplate":"https:\/\/www.colours.cz\/en\/?s={search_term_string}"},"query-input":{"@type":"PropertyValueSpecification","valueRequired":true,"valueName":"search_term_string"}}],"inLanguage":"en-US"}]}},"program-params-interpret-block-order":"0","program-params-thumbnail-mobile-id":"","program-params-sign-language-available":"","program-params-timeline-description":"","program-tickets-not-included":"0","program-events-items-ids":[{"program-event-items-date-start":"19.07.2025 15:45","program-event-items-date-end":"19.07.2025 16:45","program-event-items-date-length":"60","program-event-items-place":"6492"}],"program-spotify-iframe":"","program-spotify-position":"center","program-socials-facebook":"https:\/\/www.facebook.com\/kvietah\/","program-socials-youtube":"","program-socials-spotify":"https:\/\/open.spotify.com\/artist\/1ck5wRc7dpyzawbajvXlKt?si=GeFq-NbySCiy3JZ9bJIdoQ","program-socials-instagram":"https:\/\/www.instagram.com\/kvietah\/?hl=cs","program-socials-threads":"","program-socials-tiktok":"","program-socials-linkedin":"","program-gallery-items-ids":[{"program-items-url":"","program-items-title":"","program-items-description":"","program-items-duration":"","program-items-image-id":""}],"program-discover-title":"","program-discover-show-in-modal":"","program-discover-items-ids":"","_links":{"self":[{"href":"https:\/\/www.colours.cz\/en\/wp-json\/wp\/v2\/program\/2757","targetHints":{"allow":["GET"]}}],"collection":[{"href":"https:\/\/www.colours.cz\/en\/wp-json\/wp\/v2\/program"}],"about":[{"href":"https:\/\/www.colours.cz\/en\/wp-json\/wp\/v2\/types\/program"}],"wp:featuredmedia":[{"embeddable":true,"href":"https:\/\/www.colours.cz\/en\/wp-json\/wp\/v2\/media\/1279"}],"wp:attachment":[{"href":"https:\/\/www.colours.cz\/en\/wp-json\/wp\/v2\/media?parent=2757"}],"wp:term":[{"taxonomy":"program-year","embeddable":true,"href":"https:\/\/www.colours.cz\/en\/wp-json\/wp\/v2\/program-year?post=2757"},{"taxonomy":"program-category","embeddable":true,"href":"https:\/\/www.colours.cz\/en\/wp-json\/wp\/v2\/program-category?post=2757"},{"taxonomy":"program-genre","embeddable":true,"href":"https:\/\/www.colours.cz\/en\/wp-json\/wp\/v2\/program-genre?post=2757"},{"taxonomy":"program-country","embeddable":true,"href":"https:\/\/www.colours.cz\/en\/wp-json\/wp\/v2\/program-country?post=2757"}],"curies":[{"name":"wp","href":"https:\/\/api.w.org\/{rel}","templated":true}]}}

<figure class="wp-block-image size-large"><img loading="lazy" decoding="async" width="1024" height="683" src="https://www.colours.cz/wp-content/uploads/2025/03/KvietahFoto2ByKristynaCerna-1024x683.jpg" alt="Kvietah - Colours of Ostrava" class="wp-image-1000" srcset="https://www.colours.cz/wp-content/uploads/2025/03/KvietahFoto2ByKristynaCerna-1024x683.jpg 1024w, https://www.colours.cz/wp-content/uploads/2025/03/KvietahFoto2ByKristynaCerna-300x200.jpg 300w, https://www.colours.cz/wp-content/uploads/2025/03/KvietahFoto2ByKristynaCerna-768x512.jpg 768w, https://www.colours.cz/wp-content/uploads/2025/03/KvietahFoto2ByKristynaCerna-1536x1024.jpg 1536w, https://www.colours.cz/wp-content/uploads/2025/03/KvietahFoto2ByKristynaCerna-2048x1365.jpg 2048w" sizes="auto, (max-width: 1024px) 100vw, 1024px" /></figure>



<p>She’s unafraid to use original, yet grounded metaphors that showcase her unique empathy. “The Turkish moon shines on wet bread / in the warehouse of food that will spoil tomorrow / hungry people look like wolves,” she sings in the title track of her debut album Hejno černejch koček, released three years ago on the Divnosti label.</p>



<figure class="wp-block-embed is-type-video is-provider-youtube wp-block-embed-youtube wp-embed-aspect-16-9 wp-has-aspect-ratio"><div class="wp-block-embed__wrapper">
<iframe loading="lazy" title="Kvietah - Lucie" width="500" height="281" src="https://www.youtube.com/embed/y6fnljk5lnw?feature=oembed" frameborder="0" allow="accelerometer; autoplay; clipboard-write; encrypted-media; gyroscope; picture-in-picture; web-share" referrerpolicy="strict-origin-when-cross-origin" allowfullscreen></iframe>
</div></figure>



<p>After years of performing solo with just her guitar and piano, Kvietah surrounded herself with a band. Last year, with the release of her second album, Díky, včely (Indies Scope), she reformed the band and named it The Kvietas, transforming her <a href="https://open.spotify.com/artist/1ck5wRc7dpyzawbajvXlKt?si=nDEwNCnzS4ihX5gDU97feg">intimate songs</a> into an energetic live show. <strong>What remains are existential laments, reflections on the present, and unconventional poetry that captures the mystery of everyday life.</strong> “Death walks across the floor with dirty feet,” Kvietah sings, her fears echoing a generational message, one that was shaped with the help of producer Nikola Šolaja. <strong>Her indie-pop songs, both subtle and expansive, draw from the best of folk while also demanding big stages and mainstream attention.</strong></p>



<figure class="wp-block-embed is-type-rich is-provider-spotify wp-block-embed-spotify wp-embed-aspect-21-9 wp-has-aspect-ratio"><div class="wp-block-embed__wrapper">
<iframe title="Spotify Embed: Kvietah" style="border-radius: 12px" width="100%" height="352" frameborder="0" allowfullscreen allow="autoplay; clipboard-write; encrypted-media; fullscreen; picture-in-picture" loading="lazy" src="https://open.spotify.com/embed/artist/1ck5wRc7dpyzawbajvXlKt?si=GeFq-NbySCiy3JZ9bJIdoQ&#038;utm_source=oembed"></iframe>
</div></figure>

<p>Magdalena Fendrychová, known by her stage name Kvietah, wrote her first album at the age of ten, just for the enjoyment of her family, and by twelve, she was already performing publicly. Raised on the sounds of Patti Smith, Neil Young, Kurt Cobain, as well as songwriters like Karel Kryl and Zuzana Navarová, her lyrics reflect both societal pains and personal struggles.</p>

<!-- This site is optimized with the Yoast SEO plugin v25.3.1 - https://yoast.com/wordpress/plugins/seo/ -->
<title>Kvietah - Colours of Ostrava</title>
<meta name="description" content="Česká KVIETAH vystoupí na Full Moon stage na festivalu Colours of Ostrava 2025 a přiveze dokonalý mix indie a folku." />
<meta name="robots" content="index, follow, max-snippet:-1, max-image-preview:large, max-video-preview:-1" />
<link rel="canonical" href="https://www.colours.cz/en/ucinkujici/kvietah/" />
<meta property="og:locale" content="en_US" />
<meta property="og:type" content="article" />
<meta property="og:title" content="Kvietah - Colours of Ostrava" />
<meta property="og:description" content="Česká KVIETAH vystoupí na Full Moon stage na festivalu Colours of Ostrava 2025 a přiveze dokonalý mix indie a folku." />
<meta property="og:url" content="https://www.colours.cz/en/ucinkujici/kvietah/" />
<meta property="og:site_name" content="Colours of Ostrava" />
<meta property="article:modified_time" content="2025-06-23T19:01:03+00:00" />
<meta property="og:image" content="https://www.colours.cz/wp-content/uploads/2025/03/KvietahFoto1ByKristynaCerna-scaled.jpg" />
	<meta property="og:image:width" content="2560" />
	<meta property="og:image:height" content="1707" />
	<meta property="og:image:type" content="image/jpeg" />
<meta name="twitter:card" content="summary_large_image" />
<meta name="twitter:label1" content="Est. reading time" />
	<meta name="twitter:data1" content="2 minutes" />
<!-- / Yoast SEO plugin. -->

Česká KVIETAH vystoupí na Full Moon stage na festivalu Colours of Ostrava 2025 a přiveze dokonalý mix indie a folku.

Domů
