{"id":2733,"date":"2025-03-20T21:31:55","date_gmt":"2025-03-20T20:31:55","guid":{"rendered":"https:\/\/www.colours.cz\/interpret\/mabe-fratti\/"},"modified":"2025-06-23T11:42:21","modified_gmt":"2025-06-23T09:42:21","slug":"mabe-fratti","status":"publish","type":"program","link":"https:\/\/www.colours.cz\/en\/ucinkujici\/mabe-fratti\/","title":{"rendered":"Mabe Fratti"},"content":{"rendered":"\n<figure class=\"wp-block-embed is-type-video is-provider-youtube wp-block-embed-youtube wp-embed-aspect-16-9 wp-has-aspect-ratio\"><div class=\"wp-block-embed__wrapper\">\n<iframe loading=\"lazy\" title=\"Mabe Fratti  - cosa rara (en la playa) (By Lucrecia Dalt) [Official Visualizer]\" width=\"500\" height=\"281\" src=\"https:\/\/www.youtube.com\/embed\/HkxfNDQbL3I?feature=oembed\" frameborder=\"0\" allow=\"accelerometer; autoplay; clipboard-write; encrypted-media; gyroscope; picture-in-picture; web-share\" referrerpolicy=\"strict-origin-when-cross-origin\" allowfullscreen><\/iframe>\n<\/div><\/figure>\n\n\n\n<p><strong>\u00a0<\/strong>For Fratti, the essence of music lies in searching for what she calls duende &#8211; a state of authentic, uncontrollable emotion. &#8220;Leave your troubles behind \/ Leave them in your liver \/ There is no lesson other than to understand \/ That everything will fall apart,&#8221; Fratti sings in the track Pantalla azul, which recalls the retro guitars of Danish composer ML Buch and American multi-instrumentalist Mk.gee.<\/p>\n\n\n\n<figure class=\"wp-block-embed is-type-rich is-provider-spotify wp-block-embed-spotify wp-embed-aspect-21-9 wp-has-aspect-ratio\"><div class=\"wp-block-embed__wrapper\">\n<iframe title=\"Spotify Embed: Mabe Fratti\" style=\"border-radius: 12px\" width=\"100%\" height=\"352\" frameborder=\"0\" allowfullscreen allow=\"autoplay; clipboard-write; encrypted-media; fullscreen; picture-in-picture\" loading=\"lazy\" src=\"https:\/\/open.spotify.com\/embed\/artist\/7yHfb2D8qIBgrzclpSsTeo?si=vV-zw15uQuyltvLB0MbsxA&#038;utm_source=oembed\"><\/iframe>\n<\/div><\/figure>\n\n\n\n<p>Mabe Fratti has previously performed in the Czech Republic at two intimate concerts, but her performance at Colours of Ostrava will mark her festival debut. Currently, she is accompanied by Venezuelan producer and partner H\u00e9ctor Tosta, also known as I. La Cat\u00f3lica, who contributes to some of the instrumental arrangements, as well as Mexican drummer Gibr\u00e1n Andrade. In addition to her solo work, <strong>Fratti is involved in the projects Titanic and Amor Muere<\/strong> and has collaborated with German experimentalist Gudrun Gut. This year, she also surprised listeners with a single alongside Lucrecia Dalt. <strong>With such a strong reputation, Fratti even curated part of the program at the prestigious Le Guess Who? festival last year.<\/strong><\/p>\n\n\n\n<p><\/p>\n","protected":false},"excerpt":{"rendered":"<p>Guatemalan experimental musician, singer, and cellist Mabe Fratti explores the concept of creating music free from planning and preconceptions on her ninth album Sentir Que No Sabes (2024). Pop melodies and post-rock elements intertwine with sonic detours that disrupt expectations, allowing space for discovery through spontaneity and improvisation.<\/p>\n","protected":false},"featured_media":1427,"menu_order":0,"template":"","meta":[],"program-year":[119],"program-category":[120],"program-genre":[329,335],"program-country":[252],"class_list":["post-2733","program","type-program","status-publish","has-post-thumbnail","hentry","program-category-music-programme","program-genre-alternative-en","program-genre-folk-en","program-country-guatemala-en"],"yoast_head":"<!-- This site is optimized with the Yoast SEO plugin v25.3.1 - https:\/\/yoast.com\/wordpress\/plugins\/seo\/ -->\n<title>Mabe Fratti - Colours of Ostrava<\/title>\n<meta name=\"robots\" content=\"index, follow, max-snippet:-1, max-image-preview:large, max-video-preview:-1\" \/>\n<link rel=\"canonical\" href=\"https:\/\/www.colours.cz\/en\/ucinkujici\/mabe-fratti\/\" \/>\n<meta property=\"og:locale\" content=\"en_US\" \/>\n<meta property=\"og:type\" content=\"article\" \/>\n<meta property=\"og:title\" content=\"Mabe Fratti - Colours of Ostrava\" \/>\n<meta property=\"og:description\" content=\"Guatemalan experimental musician, singer, and cellist Mabe Fratti explores the concept of creating music free from planning and preconceptions on her ninth album Sentir Que No Sabes (2024). Pop melodies and post-rock elements intertwine with sonic detours that disrupt expectations, allowing space for discovery through spontaneity and improvisation.\" \/>\n<meta property=\"og:url\" content=\"https:\/\/www.colours.cz\/en\/ucinkujici\/mabe-fratti\/\" \/>\n<meta property=\"og:site_name\" content=\"Colours of Ostrava\" \/>\n<meta property=\"article:modified_time\" content=\"2025-06-23T09:42:21+00:00\" \/>\n<meta property=\"og:image\" content=\"https:\/\/www.colours.cz\/wp-content\/uploads\/2025\/03\/Mabe-Fratti.jpg\" \/>\n\t<meta property=\"og:image:width\" content=\"2000\" \/>\n\t<meta property=\"og:image:height\" content=\"1333\" \/>\n\t<meta property=\"og:image:type\" content=\"image\/jpeg\" \/>\n<meta name=\"twitter:card\" content=\"summary_large_image\" \/>\n<meta name=\"twitter:label1\" content=\"Est. reading time\" \/>\n\t<meta name=\"twitter:data1\" content=\"2 minutes\" \/>\n<!-- \/ Yoast SEO plugin. -->","yoast_head_json":{"title":"Mabe Fratti - Colours of Ostrava","robots":{"index":"index","follow":"follow","max-snippet":"max-snippet:-1","max-image-preview":"max-image-preview:large","max-video-preview":"max-video-preview:-1"},"canonical":"https:\/\/www.colours.cz\/en\/ucinkujici\/mabe-fratti\/","og_locale":"en_US","og_type":"article","og_title":"Mabe Fratti - Colours of Ostrava","og_description":"Guatemalan experimental musician, singer, and cellist Mabe Fratti explores the concept of creating music free from planning and preconceptions on her ninth album Sentir Que No Sabes (2024). Pop melodies and post-rock elements intertwine with sonic detours that disrupt expectations, allowing space for discovery through spontaneity and improvisation.","og_url":"https:\/\/www.colours.cz\/en\/ucinkujici\/mabe-fratti\/","og_site_name":"Colours of Ostrava","article_modified_time":"2025-06-23T09:42:21+00:00","og_image":[{"width":2000,"height":1333,"url":"https:\/\/www.colours.cz\/wp-content\/uploads\/2025\/03\/Mabe-Fratti.jpg","type":"image\/jpeg"}],"twitter_card":"summary_large_image","twitter_misc":{"Est. reading time":"2 minutes"},"schema":{"@context":"https:\/\/schema.org","@graph":[{"@type":"WebPage","@id":"https:\/\/www.colours.cz\/en\/ucinkujici\/mabe-fratti\/","url":"https:\/\/www.colours.cz\/en\/ucinkujici\/mabe-fratti\/","name":"Mabe Fratti - Colours of Ostrava","isPartOf":{"@id":"https:\/\/www.colours.cz\/en\/#website"},"primaryImageOfPage":{"@id":"https:\/\/www.colours.cz\/en\/ucinkujici\/mabe-fratti\/#primaryimage"},"image":{"@id":"https:\/\/www.colours.cz\/en\/ucinkujici\/mabe-fratti\/#primaryimage"},"thumbnailUrl":"https:\/\/www.colours.cz\/wp-content\/uploads\/2025\/03\/Mabe-Fratti.jpg","datePublished":"2025-03-20T20:31:55+00:00","dateModified":"2025-06-23T09:42:21+00:00","breadcrumb":{"@id":"https:\/\/www.colours.cz\/en\/ucinkujici\/mabe-fratti\/#breadcrumb"},"inLanguage":"en-US","potentialAction":[{"@type":"ReadAction","target":["https:\/\/www.colours.cz\/en\/ucinkujici\/mabe-fratti\/"]}]},{"@type":"ImageObject","inLanguage":"en-US","@id":"https:\/\/www.colours.cz\/en\/ucinkujici\/mabe-fratti\/#primaryimage","url":"https:\/\/www.colours.cz\/wp-content\/uploads\/2025\/03\/Mabe-Fratti.jpg","contentUrl":"https:\/\/www.colours.cz\/wp-content\/uploads\/2025\/03\/Mabe-Fratti.jpg","width":2000,"height":1333},{"@type":"BreadcrumbList","@id":"https:\/\/www.colours.cz\/en\/ucinkujici\/mabe-fratti\/#breadcrumb","itemListElement":[{"@type":"ListItem","position":1,"name":"Dom\u016f","item":"https:\/\/www.colours.cz\/en\/"},{"@type":"ListItem","position":2,"name":"Mabe Fratti"}]},{"@type":"WebSite","@id":"https:\/\/www.colours.cz\/en\/#website","url":"https:\/\/www.colours.cz\/en\/","name":"Colours of Ostrava","description":"","potentialAction":[{"@type":"SearchAction","target":{"@type":"EntryPoint","urlTemplate":"https:\/\/www.colours.cz\/en\/?s={search_term_string}"},"query-input":{"@type":"PropertyValueSpecification","valueRequired":true,"valueName":"search_term_string"}}],"inLanguage":"en-US"}]}},"program-params-interpret-block-order":"0","program-params-thumbnail-mobile-id":"","program-params-sign-language-available":"","program-params-timeline-description":"","program-tickets-not-included":"0","program-events-items-ids":[{"program-event-items-date-start":"17.07.2025 18:15","program-event-items-date-end":"17.07.2025 19:15","program-event-items-date-length":"60","program-event-items-place":"6492"}],"program-spotify-iframe":"","program-spotify-position":"center","program-socials-facebook":"https:\/\/www.facebook.com\/listenmabefratti?locale=cs_CZ","program-socials-youtube":"https:\/\/www.youtube.com\/channel\/UCRcdbcalpbwYJ0MWTNnMvaQ","program-socials-spotify":"https:\/\/open.spotify.com\/artist\/7yHfb2D8qIBgrzclpSsTeo?si=vV-zw15uQuyltvLB0MbsxA","program-socials-instagram":"https:\/\/www.instagram.com\/mabefs\/?hl=cs","program-socials-threads":"","program-socials-tiktok":"","program-socials-linkedin":"","program-gallery-items-ids":[{"program-items-url":"","program-items-title":"","program-items-description":"","program-items-duration":"","program-items-image-id":""}],"program-discover-title":"","program-discover-show-in-modal":"","program-discover-items-ids":"","_links":{"self":[{"href":"https:\/\/www.colours.cz\/en\/wp-json\/wp\/v2\/program\/2733","targetHints":{"allow":["GET"]}}],"collection":[{"href":"https:\/\/www.colours.cz\/en\/wp-json\/wp\/v2\/program"}],"about":[{"href":"https:\/\/www.colours.cz\/en\/wp-json\/wp\/v2\/types\/program"}],"wp:featuredmedia":[{"embeddable":true,"href":"https:\/\/www.colours.cz\/en\/wp-json\/wp\/v2\/media\/1427"}],"wp:attachment":[{"href":"https:\/\/www.colours.cz\/en\/wp-json\/wp\/v2\/media?parent=2733"}],"wp:term":[{"taxonomy":"program-year","embeddable":true,"href":"https:\/\/www.colours.cz\/en\/wp-json\/wp\/v2\/program-year?post=2733"},{"taxonomy":"program-category","embeddable":true,"href":"https:\/\/www.colours.cz\/en\/wp-json\/wp\/v2\/program-category?post=2733"},{"taxonomy":"program-genre","embeddable":true,"href":"https:\/\/www.colours.cz\/en\/wp-json\/wp\/v2\/program-genre?post=2733"},{"taxonomy":"program-country","embeddable":true,"href":"https:\/\/www.colours.cz\/en\/wp-json\/wp\/v2\/program-country?post=2733"}],"curies":[{"name":"wp","href":"https:\/\/api.w.org\/{rel}","templated":true}]}}

<figure class="wp-block-embed is-type-video is-provider-youtube wp-block-embed-youtube wp-embed-aspect-16-9 wp-has-aspect-ratio"><div class="wp-block-embed__wrapper">
<iframe loading="lazy" title="Mabe Fratti  - cosa rara (en la playa) (By Lucrecia Dalt) [Official Visualizer]" width="500" height="281" src="https://www.youtube.com/embed/HkxfNDQbL3I?feature=oembed" frameborder="0" allow="accelerometer; autoplay; clipboard-write; encrypted-media; gyroscope; picture-in-picture; web-share" referrerpolicy="strict-origin-when-cross-origin" allowfullscreen></iframe>
</div></figure>



<p><strong> </strong>For Fratti, the essence of music lies in searching for what she calls duende &#8211; a state of authentic, uncontrollable emotion. &#8220;Leave your troubles behind / Leave them in your liver / There is no lesson other than to understand / That everything will fall apart,&#8221; Fratti sings in the track Pantalla azul, which recalls the retro guitars of Danish composer ML Buch and American multi-instrumentalist Mk.gee.</p>



<figure class="wp-block-embed is-type-rich is-provider-spotify wp-block-embed-spotify wp-embed-aspect-21-9 wp-has-aspect-ratio"><div class="wp-block-embed__wrapper">
<iframe title="Spotify Embed: Mabe Fratti" style="border-radius: 12px" width="100%" height="352" frameborder="0" allowfullscreen allow="autoplay; clipboard-write; encrypted-media; fullscreen; picture-in-picture" loading="lazy" src="https://open.spotify.com/embed/artist/7yHfb2D8qIBgrzclpSsTeo?si=vV-zw15uQuyltvLB0MbsxA&#038;utm_source=oembed"></iframe>
</div></figure>



<p>Mabe Fratti has previously performed in the Czech Republic at two intimate concerts, but her performance at Colours of Ostrava will mark her festival debut. Currently, she is accompanied by Venezuelan producer and partner Héctor Tosta, also known as I. La Católica, who contributes to some of the instrumental arrangements, as well as Mexican drummer Gibrán Andrade. In addition to her solo work, <strong>Fratti is involved in the projects Titanic and Amor Muere</strong> and has collaborated with German experimentalist Gudrun Gut. This year, she also surprised listeners with a single alongside Lucrecia Dalt. <strong>With such a strong reputation, Fratti even curated part of the program at the prestigious Le Guess Who? festival last year.</strong></p>



<p></p>

Domů
