{"id":13697,"date":"2026-04-29T14:24:55","date_gmt":"2026-04-29T12:24:55","guid":{"rendered":"https:\/\/www.colours.cz\/?post_type=program&#038;p=13697"},"modified":"2026-04-29T14:24:55","modified_gmt":"2026-04-29T12:24:55","slug":"marie-bastlova","status":"publish","type":"program","link":"https:\/\/www.colours.cz\/en\/ucinkujici\/marie-bastlova\/","title":{"rendered":"\u00a0Marie Bastlov\u00e1"},"content":{"rendered":"\n<p>She has been conducting interviews since 2017, first as the host of\u00a0Dvacet minut Radio\u017eurn\u00e1lu\u00a0and later briefly hosting\u00a0K v\u011bci\u00a0on CNN Prima News. She previously worked at\u00a0Hospod\u00e1\u0159sk\u00e9 noviny\u00a0as a political reporter, covering political campaign financing, the assets of politicians, and the behind-the-scenes of politics.<\/p>\n\n\n\n<p>In 2012, she received the Novin\u00e1\u0159sk\u00e9 k\u0159epelky award for young journalists and later won the 2019 Journalism Award in the category of Best Audiovisual Interview. In 2024, she was awarded the prestigious Ferdinand Peroutka Prize. <\/p>\n\n\n\n<p>She holds degrees in law, journalism, and media studies from Charles University<\/p>\n","protected":false},"excerpt":{"rendered":"<p>At Seznam Zpr\u00e1vy, she hosts the interview podcast Pt\u00e1m se j\u00e1, focusing on current affairs with an emphasis on politics. <\/p>\n","protected":false},"featured_media":13695,"menu_order":0,"template":"","meta":[],"program-year":[456],"program-category":[372],"program-genre":[],"program-country":[256],"class_list":["post-13697","program","type-program","status-publish","has-post-thumbnail","hentry","program-category-meltingpot-cz-en","program-country-cesko-en"],"yoast_head":"<!-- This site is optimized with the Yoast SEO plugin v25.3.1 - https:\/\/yoast.com\/wordpress\/plugins\/seo\/ -->\n<title>\u00a0Marie Bastlov\u00e1 - Colours of Ostrava<\/title>\n<meta name=\"robots\" content=\"index, follow, max-snippet:-1, max-image-preview:large, max-video-preview:-1\" \/>\n<link rel=\"canonical\" href=\"https:\/\/www.colours.cz\/en\/ucinkujici\/marie-bastlova\/\" \/>\n<meta property=\"og:locale\" content=\"en_US\" \/>\n<meta property=\"og:type\" content=\"article\" \/>\n<meta property=\"og:title\" content=\"\u00a0Marie Bastlov\u00e1 - Colours of Ostrava\" \/>\n<meta property=\"og:description\" content=\"At Seznam Zpr\u00e1vy, she hosts the interview podcast Pt\u00e1m se j\u00e1, focusing on current affairs with an emphasis on politics.\" \/>\n<meta property=\"og:url\" content=\"https:\/\/www.colours.cz\/en\/ucinkujici\/marie-bastlova\/\" \/>\n<meta property=\"og:site_name\" content=\"Colours of Ostrava\" \/>\n<meta property=\"og:image\" content=\"https:\/\/www.colours.cz\/wp-content\/uploads\/2026\/04\/Marie-Bastlova_foto-scaled-e1777465081835.jpeg\" \/>\n\t<meta property=\"og:image:width\" content=\"2560\" \/>\n\t<meta property=\"og:image:height\" content=\"1708\" \/>\n\t<meta property=\"og:image:type\" content=\"image\/jpeg\" \/>\n<meta name=\"twitter:card\" content=\"summary_large_image\" \/>\n<meta name=\"twitter:label1\" content=\"Est. reading time\" \/>\n\t<meta name=\"twitter:data1\" content=\"1 minute\" \/>\n<!-- \/ Yoast SEO plugin. -->","yoast_head_json":{"title":"\u00a0Marie Bastlov\u00e1 - Colours of Ostrava","robots":{"index":"index","follow":"follow","max-snippet":"max-snippet:-1","max-image-preview":"max-image-preview:large","max-video-preview":"max-video-preview:-1"},"canonical":"https:\/\/www.colours.cz\/en\/ucinkujici\/marie-bastlova\/","og_locale":"en_US","og_type":"article","og_title":"\u00a0Marie Bastlov\u00e1 - Colours of Ostrava","og_description":"At Seznam Zpr\u00e1vy, she hosts the interview podcast Pt\u00e1m se j\u00e1, focusing on current affairs with an emphasis on politics.","og_url":"https:\/\/www.colours.cz\/en\/ucinkujici\/marie-bastlova\/","og_site_name":"Colours of Ostrava","og_image":[{"width":2560,"height":1708,"url":"https:\/\/www.colours.cz\/wp-content\/uploads\/2026\/04\/Marie-Bastlova_foto-scaled-e1777465081835.jpeg","type":"image\/jpeg"}],"twitter_card":"summary_large_image","twitter_misc":{"Est. reading time":"1 minute"},"schema":{"@context":"https:\/\/schema.org","@graph":[{"@type":"WebPage","@id":"https:\/\/www.colours.cz\/en\/ucinkujici\/marie-bastlova\/","url":"https:\/\/www.colours.cz\/en\/ucinkujici\/marie-bastlova\/","name":"\u00a0Marie Bastlov\u00e1 - Colours of Ostrava","isPartOf":{"@id":"https:\/\/www.colours.cz\/en\/#website"},"primaryImageOfPage":{"@id":"https:\/\/www.colours.cz\/en\/ucinkujici\/marie-bastlova\/#primaryimage"},"image":{"@id":"https:\/\/www.colours.cz\/en\/ucinkujici\/marie-bastlova\/#primaryimage"},"thumbnailUrl":"https:\/\/www.colours.cz\/wp-content\/uploads\/2026\/04\/Marie-Bastlova_foto-scaled-e1777465081835.jpeg","datePublished":"2026-04-29T12:24:55+00:00","breadcrumb":{"@id":"https:\/\/www.colours.cz\/en\/ucinkujici\/marie-bastlova\/#breadcrumb"},"inLanguage":"en-US","potentialAction":[{"@type":"ReadAction","target":["https:\/\/www.colours.cz\/en\/ucinkujici\/marie-bastlova\/"]}]},{"@type":"ImageObject","inLanguage":"en-US","@id":"https:\/\/www.colours.cz\/en\/ucinkujici\/marie-bastlova\/#primaryimage","url":"https:\/\/www.colours.cz\/wp-content\/uploads\/2026\/04\/Marie-Bastlova_foto-scaled-e1777465081835.jpeg","contentUrl":"https:\/\/www.colours.cz\/wp-content\/uploads\/2026\/04\/Marie-Bastlova_foto-scaled-e1777465081835.jpeg","width":2560,"height":1708},{"@type":"BreadcrumbList","@id":"https:\/\/www.colours.cz\/en\/ucinkujici\/marie-bastlova\/#breadcrumb","itemListElement":[{"@type":"ListItem","position":1,"name":"Dom\u016f","item":"https:\/\/www.colours.cz\/en\/"},{"@type":"ListItem","position":2,"name":"\u00a0Marie Bastlov\u00e1"}]},{"@type":"WebSite","@id":"https:\/\/www.colours.cz\/en\/#website","url":"https:\/\/www.colours.cz\/en\/","name":"Colours of Ostrava","description":"","potentialAction":[{"@type":"SearchAction","target":{"@type":"EntryPoint","urlTemplate":"https:\/\/www.colours.cz\/en\/?s={search_term_string}"},"query-input":{"@type":"PropertyValueSpecification","valueRequired":true,"valueName":"search_term_string"}}],"inLanguage":"en-US"}]}},"program-params-interpret-block-order":"0","program-params-thumbnail-mobile-id":"","program-params-sign-language-available":"0","program-params-timeline-description":"","program-tickets-not-included":"0","program-events-items-ids":[{"program-event-items-date-start":"","program-event-items-date-end":"","program-event-items-date-length":"0","program-event-items-place":""}],"program-spotify-iframe":"","program-spotify-position":"center","program-socials-facebook":"","program-socials-youtube":"","program-socials-spotify":"","program-socials-instagram":"","program-socials-threads":"","program-socials-tiktok":"","program-socials-linkedin":"","program-gallery-items-ids":[{"program-items-url":"","program-items-title":"","program-items-description":"","program-items-duration":"","program-items-image-id":""}],"program-discover-title":"","program-discover-show-in-modal":"0","program-discover-items-ids":"","_links":{"self":[{"href":"https:\/\/www.colours.cz\/en\/wp-json\/wp\/v2\/program\/13697","targetHints":{"allow":["GET"]}}],"collection":[{"href":"https:\/\/www.colours.cz\/en\/wp-json\/wp\/v2\/program"}],"about":[{"href":"https:\/\/www.colours.cz\/en\/wp-json\/wp\/v2\/types\/program"}],"wp:featuredmedia":[{"embeddable":true,"href":"https:\/\/www.colours.cz\/en\/wp-json\/wp\/v2\/media\/13695"}],"wp:attachment":[{"href":"https:\/\/www.colours.cz\/en\/wp-json\/wp\/v2\/media?parent=13697"}],"wp:term":[{"taxonomy":"program-year","embeddable":true,"href":"https:\/\/www.colours.cz\/en\/wp-json\/wp\/v2\/program-year?post=13697"},{"taxonomy":"program-category","embeddable":true,"href":"https:\/\/www.colours.cz\/en\/wp-json\/wp\/v2\/program-category?post=13697"},{"taxonomy":"program-genre","embeddable":true,"href":"https:\/\/www.colours.cz\/en\/wp-json\/wp\/v2\/program-genre?post=13697"},{"taxonomy":"program-country","embeddable":true,"href":"https:\/\/www.colours.cz\/en\/wp-json\/wp\/v2\/program-country?post=13697"}],"curies":[{"name":"wp","href":"https:\/\/api.w.org\/{rel}","templated":true}]}}

Marie Bastlová

<p>She has been conducting interviews since 2017, first as the host of Dvacet minut Radiožurnálu and later briefly hosting K věci on CNN Prima News. She previously worked at Hospodářské noviny as a political reporter, covering political campaign financing, the assets of politicians, and the behind-the-scenes of politics.</p>



<p>In 2012, she received the Novinářské křepelky award for young journalists and later won the 2019 Journalism Award in the category of Best Audiovisual Interview. In 2024, she was awarded the prestigious Ferdinand Peroutka Prize. </p>



<p>She holds degrees in law, journalism, and media studies from Charles University</p>

<p>At Seznam Zprávy, she hosts the interview podcast Ptám se já, focusing on current affairs with an emphasis on politics. </p>

<!-- This site is optimized with the Yoast SEO plugin v25.3.1 - https://yoast.com/wordpress/plugins/seo/ -->
<title> Marie Bastlová - Colours of Ostrava</title>
<meta name="robots" content="index, follow, max-snippet:-1, max-image-preview:large, max-video-preview:-1" />
<link rel="canonical" href="https://www.colours.cz/en/ucinkujici/marie-bastlova/" />
<meta property="og:locale" content="en_US" />
<meta property="og:type" content="article" />
<meta property="og:title" content=" Marie Bastlová - Colours of Ostrava" />
<meta property="og:description" content="At Seznam Zprávy, she hosts the interview podcast Ptám se já, focusing on current affairs with an emphasis on politics." />
<meta property="og:url" content="https://www.colours.cz/en/ucinkujici/marie-bastlova/" />
<meta property="og:site_name" content="Colours of Ostrava" />
<meta property="og:image" content="https://www.colours.cz/wp-content/uploads/2026/04/Marie-Bastlova_foto-scaled-e1777465081835.jpeg" />
	<meta property="og:image:width" content="2560" />
	<meta property="og:image:height" content="1708" />
	<meta property="og:image:type" content="image/jpeg" />
<meta name="twitter:card" content="summary_large_image" />
<meta name="twitter:label1" content="Est. reading time" />
	<meta name="twitter:data1" content="1 minute" />
<!-- / Yoast SEO plugin. -->

Marie Bastlová - Colours of Ostrava

At Seznam Zprávy, she hosts the interview podcast Ptám se já, focusing on current affairs with an emphasis on politics.

Domů
