{"id":13538,"date":"2026-04-27T14:55:56","date_gmt":"2026-04-27T12:55:56","guid":{"rendered":"https:\/\/www.colours.cz\/ucinkujici\/michael-rozsypal-2\/"},"modified":"2026-04-27T15:00:31","modified_gmt":"2026-04-27T13:00:31","slug":"michael-rozsypal-2","status":"publish","type":"program","link":"https:\/\/www.colours.cz\/en\/ucinkujici\/michael-rozsypal-2\/","title":{"rendered":"Michael Rozsypal"},"content":{"rendered":"\n<p>Journalist, moderator, and author of the show Michael\u016fv Mashup. He hosted interviews on DVTV for two years, before that spending eight years at Czech Radio. One guest once walked out of a live broadcast, another glued himself to the table during an interview.<\/p>\n\n\n\n<p>Michael works as a freelance journalist and moderator. He hosts political interviews and video formats on Novinky.cz, moderates interviews on Czech Radio Plus, and collaborates with the V\u00e1clav Havel Library. He also moderates and produces conferences, panel discussions, and public debates across the Czech Republic. He is the author of a book-length interview with Jind\u0159ich \u0160\u00eddlo\u00a0J\u00e1 si to v\u0161echno pamatuju.<\/p>\n\n\n\n<p>He studied Political Science at the Faculty of Social Sciences at Charles University and spent one semester at Universit\u00e9 Libre de Bruxelles. He also worked at the Association for International Affairs<\/p>\n","protected":false},"excerpt":{"rendered":"<p>JOURNALIST AND MODERATOR<\/p>\n","protected":false},"featured_media":13536,"menu_order":0,"template":"","meta":[],"program-year":[456],"program-category":[372],"program-genre":[],"program-country":[256],"class_list":["post-13538","program","type-program","status-publish","has-post-thumbnail","hentry","program-category-meltingpot-cz-en","program-country-cesko-en"],"yoast_head":"<!-- This site is optimized with the Yoast SEO plugin v25.3.1 - https:\/\/yoast.com\/wordpress\/plugins\/seo\/ -->\n<title>Michael Rozsypal - Colours of Ostrava<\/title>\n<meta name=\"robots\" content=\"index, follow, max-snippet:-1, max-image-preview:large, max-video-preview:-1\" \/>\n<link rel=\"canonical\" href=\"https:\/\/www.colours.cz\/en\/ucinkujici\/michael-rozsypal-2\/\" \/>\n<meta property=\"og:locale\" content=\"en_US\" \/>\n<meta property=\"og:type\" content=\"article\" \/>\n<meta property=\"og:title\" content=\"Michael Rozsypal - Colours of Ostrava\" \/>\n<meta property=\"og:description\" content=\"JOURNALIST AND MODERATOR\" \/>\n<meta property=\"og:url\" content=\"https:\/\/www.colours.cz\/en\/ucinkujici\/michael-rozsypal-2\/\" \/>\n<meta property=\"og:site_name\" content=\"Colours of Ostrava\" \/>\n<meta property=\"article:modified_time\" content=\"2026-04-27T13:00:31+00:00\" \/>\n<meta property=\"og:image\" content=\"https:\/\/www.colours.cz\/wp-content\/uploads\/2026\/04\/Michal-Rozsypal_ctverec-scaled-e1777294532704.jpg\" \/>\n\t<meta property=\"og:image:width\" content=\"2560\" \/>\n\t<meta property=\"og:image:height\" content=\"2560\" \/>\n\t<meta property=\"og:image:type\" content=\"image\/jpeg\" \/>\n<meta name=\"twitter:card\" content=\"summary_large_image\" \/>\n<meta name=\"twitter:label1\" content=\"Est. reading time\" \/>\n\t<meta name=\"twitter:data1\" content=\"1 minute\" \/>\n<!-- \/ Yoast SEO plugin. -->","yoast_head_json":{"title":"Michael Rozsypal - Colours of Ostrava","robots":{"index":"index","follow":"follow","max-snippet":"max-snippet:-1","max-image-preview":"max-image-preview:large","max-video-preview":"max-video-preview:-1"},"canonical":"https:\/\/www.colours.cz\/en\/ucinkujici\/michael-rozsypal-2\/","og_locale":"en_US","og_type":"article","og_title":"Michael Rozsypal - Colours of Ostrava","og_description":"JOURNALIST AND MODERATOR","og_url":"https:\/\/www.colours.cz\/en\/ucinkujici\/michael-rozsypal-2\/","og_site_name":"Colours of Ostrava","article_modified_time":"2026-04-27T13:00:31+00:00","og_image":[{"width":2560,"height":2560,"url":"https:\/\/www.colours.cz\/wp-content\/uploads\/2026\/04\/Michal-Rozsypal_ctverec-scaled-e1777294532704.jpg","type":"image\/jpeg"}],"twitter_card":"summary_large_image","twitter_misc":{"Est. reading time":"1 minute"},"schema":{"@context":"https:\/\/schema.org","@graph":[{"@type":"WebPage","@id":"https:\/\/www.colours.cz\/en\/ucinkujici\/michael-rozsypal-2\/","url":"https:\/\/www.colours.cz\/en\/ucinkujici\/michael-rozsypal-2\/","name":"Michael Rozsypal - Colours of Ostrava","isPartOf":{"@id":"https:\/\/www.colours.cz\/en\/#website"},"primaryImageOfPage":{"@id":"https:\/\/www.colours.cz\/en\/ucinkujici\/michael-rozsypal-2\/#primaryimage"},"image":{"@id":"https:\/\/www.colours.cz\/en\/ucinkujici\/michael-rozsypal-2\/#primaryimage"},"thumbnailUrl":"https:\/\/www.colours.cz\/wp-content\/uploads\/2026\/04\/Michal-Rozsypal_ctverec-scaled-e1777294532704.jpg","datePublished":"2026-04-27T12:55:56+00:00","dateModified":"2026-04-27T13:00:31+00:00","breadcrumb":{"@id":"https:\/\/www.colours.cz\/en\/ucinkujici\/michael-rozsypal-2\/#breadcrumb"},"inLanguage":"en-US","potentialAction":[{"@type":"ReadAction","target":["https:\/\/www.colours.cz\/en\/ucinkujici\/michael-rozsypal-2\/"]}]},{"@type":"ImageObject","inLanguage":"en-US","@id":"https:\/\/www.colours.cz\/en\/ucinkujici\/michael-rozsypal-2\/#primaryimage","url":"https:\/\/www.colours.cz\/wp-content\/uploads\/2026\/04\/Michal-Rozsypal_ctverec-scaled-e1777294532704.jpg","contentUrl":"https:\/\/www.colours.cz\/wp-content\/uploads\/2026\/04\/Michal-Rozsypal_ctverec-scaled-e1777294532704.jpg","width":2560,"height":2560},{"@type":"BreadcrumbList","@id":"https:\/\/www.colours.cz\/en\/ucinkujici\/michael-rozsypal-2\/#breadcrumb","itemListElement":[{"@type":"ListItem","position":1,"name":"Dom\u016f","item":"https:\/\/www.colours.cz\/en\/"},{"@type":"ListItem","position":2,"name":"Michael Rozsypal"}]},{"@type":"WebSite","@id":"https:\/\/www.colours.cz\/en\/#website","url":"https:\/\/www.colours.cz\/en\/","name":"Colours of Ostrava","description":"","potentialAction":[{"@type":"SearchAction","target":{"@type":"EntryPoint","urlTemplate":"https:\/\/www.colours.cz\/en\/?s={search_term_string}"},"query-input":{"@type":"PropertyValueSpecification","valueRequired":true,"valueName":"search_term_string"}}],"inLanguage":"en-US"}]}},"program-params-interpret-block-order":"0","program-params-thumbnail-mobile-id":"","program-params-sign-language-available":"0","program-params-timeline-description":"","program-tickets-not-included":"0","program-events-items-ids":[{"program-event-items-date-start":"","program-event-items-date-end":"","program-event-items-date-length":"0","program-event-items-place":""}],"program-spotify-iframe":"","program-spotify-position":"center","program-socials-facebook":"","program-socials-youtube":"","program-socials-spotify":"","program-socials-instagram":"","program-socials-threads":"","program-socials-tiktok":"","program-socials-linkedin":"","program-gallery-items-ids":[{"program-items-url":"","program-items-title":"","program-items-description":"","program-items-duration":"","program-items-image-id":""}],"program-discover-title":"","program-discover-show-in-modal":"0","program-discover-items-ids":"","_links":{"self":[{"href":"https:\/\/www.colours.cz\/en\/wp-json\/wp\/v2\/program\/13538","targetHints":{"allow":["GET"]}}],"collection":[{"href":"https:\/\/www.colours.cz\/en\/wp-json\/wp\/v2\/program"}],"about":[{"href":"https:\/\/www.colours.cz\/en\/wp-json\/wp\/v2\/types\/program"}],"wp:featuredmedia":[{"embeddable":true,"href":"https:\/\/www.colours.cz\/en\/wp-json\/wp\/v2\/media\/13536"}],"wp:attachment":[{"href":"https:\/\/www.colours.cz\/en\/wp-json\/wp\/v2\/media?parent=13538"}],"wp:term":[{"taxonomy":"program-year","embeddable":true,"href":"https:\/\/www.colours.cz\/en\/wp-json\/wp\/v2\/program-year?post=13538"},{"taxonomy":"program-category","embeddable":true,"href":"https:\/\/www.colours.cz\/en\/wp-json\/wp\/v2\/program-category?post=13538"},{"taxonomy":"program-genre","embeddable":true,"href":"https:\/\/www.colours.cz\/en\/wp-json\/wp\/v2\/program-genre?post=13538"},{"taxonomy":"program-country","embeddable":true,"href":"https:\/\/www.colours.cz\/en\/wp-json\/wp\/v2\/program-country?post=13538"}],"curies":[{"name":"wp","href":"https:\/\/api.w.org\/{rel}","templated":true}]}}

<p>Journalist, moderator, and author of the show Michaelův Mashup. He hosted interviews on DVTV for two years, before that spending eight years at Czech Radio. One guest once walked out of a live broadcast, another glued himself to the table during an interview.</p>



<p>Michael works as a freelance journalist and moderator. He hosts political interviews and video formats on Novinky.cz, moderates interviews on Czech Radio Plus, and collaborates with the Václav Havel Library. He also moderates and produces conferences, panel discussions, and public debates across the Czech Republic. He is the author of a book-length interview with Jindřich Šídlo Já si to všechno pamatuju.</p>



<p>He studied Political Science at the Faculty of Social Sciences at Charles University and spent one semester at Université Libre de Bruxelles. He also worked at the Association for International Affairs</p>

Domů
