{"id":13526,"date":"2026-04-27T14:06:29","date_gmt":"2026-04-27T12:06:29","guid":{"rendered":"https:\/\/www.colours.cz\/ucinkujici\/martin-vohanka\/"},"modified":"2026-04-27T14:07:06","modified_gmt":"2026-04-27T12:07:06","slug":"martin-vohanka","status":"publish","type":"program","link":"https:\/\/www.colours.cz\/en\/ucinkujici\/martin-vohanka\/","title":{"rendered":"Martin Voh\u00e1nka"},"content":{"rendered":"\n<p>He started his entrepreneurial journey while still studying and in 1995 founded W.A.G., now known as Eurowag. From an initial payment solution, he built a technology platform that now operates across Europe and is transforming the way commercial road transport works.<\/p>\n\n\n\n<p>Today, Eurowag is active in more than 28 countries and ranks among the key players in the industry. The company employs thousands of people and is one of the few Czech firms listed on the London Stock Exchange, confirming its international significance.<\/p>\n\n\n\n<p>Beyond business, he focuses on topics that go further than company growth. He founded the Bl\u00ed\u017eksob\u011b foundation and, as Chairman of the Board of the Second Economic Transformation initiative, contributes to the debate on where the Czech economy should be heading next.<\/p>\n","protected":false},"excerpt":{"rendered":"<p>CEO AND FOUNDER OF EUROWAG<\/p>\n","protected":false},"featured_media":13524,"menu_order":0,"template":"","meta":[],"program-year":[456],"program-category":[372],"program-genre":[],"program-country":[256],"class_list":["post-13526","program","type-program","status-publish","has-post-thumbnail","hentry","program-category-meltingpot-cz-en","program-country-cesko-en"],"yoast_head":"<!-- This site is optimized with the Yoast SEO plugin v25.3.1 - https:\/\/yoast.com\/wordpress\/plugins\/seo\/ -->\n<title>Martin Voh\u00e1nka - Colours of Ostrava<\/title>\n<meta name=\"robots\" content=\"index, follow, max-snippet:-1, max-image-preview:large, max-video-preview:-1\" \/>\n<link rel=\"canonical\" href=\"https:\/\/www.colours.cz\/en\/ucinkujici\/martin-vohanka\/\" \/>\n<meta property=\"og:locale\" content=\"en_US\" \/>\n<meta property=\"og:type\" content=\"article\" \/>\n<meta property=\"og:title\" content=\"Martin Voh\u00e1nka - Colours of Ostrava\" \/>\n<meta property=\"og:description\" content=\"CEO AND FOUNDER OF EUROWAG\" \/>\n<meta property=\"og:url\" content=\"https:\/\/www.colours.cz\/en\/ucinkujici\/martin-vohanka\/\" \/>\n<meta property=\"og:site_name\" content=\"Colours of Ostrava\" \/>\n<meta property=\"article:modified_time\" content=\"2026-04-27T12:07:06+00:00\" \/>\n<meta property=\"og:image\" content=\"https:\/\/www.colours.cz\/wp-content\/uploads\/2026\/04\/Martin-Vohanka-2-scaled-e1777291559839.jpg\" \/>\n\t<meta property=\"og:image:width\" content=\"1706\" \/>\n\t<meta property=\"og:image:height\" content=\"2560\" \/>\n\t<meta property=\"og:image:type\" content=\"image\/jpeg\" \/>\n<meta name=\"twitter:card\" content=\"summary_large_image\" \/>\n<meta name=\"twitter:label1\" content=\"Est. reading time\" \/>\n\t<meta name=\"twitter:data1\" content=\"1 minute\" \/>\n<!-- \/ Yoast SEO plugin. -->","yoast_head_json":{"title":"Martin Voh\u00e1nka - Colours of Ostrava","robots":{"index":"index","follow":"follow","max-snippet":"max-snippet:-1","max-image-preview":"max-image-preview:large","max-video-preview":"max-video-preview:-1"},"canonical":"https:\/\/www.colours.cz\/en\/ucinkujici\/martin-vohanka\/","og_locale":"en_US","og_type":"article","og_title":"Martin Voh\u00e1nka - Colours of Ostrava","og_description":"CEO AND FOUNDER OF EUROWAG","og_url":"https:\/\/www.colours.cz\/en\/ucinkujici\/martin-vohanka\/","og_site_name":"Colours of Ostrava","article_modified_time":"2026-04-27T12:07:06+00:00","og_image":[{"width":1706,"height":2560,"url":"https:\/\/www.colours.cz\/wp-content\/uploads\/2026\/04\/Martin-Vohanka-2-scaled-e1777291559839.jpg","type":"image\/jpeg"}],"twitter_card":"summary_large_image","twitter_misc":{"Est. reading time":"1 minute"},"schema":{"@context":"https:\/\/schema.org","@graph":[{"@type":"WebPage","@id":"https:\/\/www.colours.cz\/en\/ucinkujici\/martin-vohanka\/","url":"https:\/\/www.colours.cz\/en\/ucinkujici\/martin-vohanka\/","name":"Martin Voh\u00e1nka - Colours of Ostrava","isPartOf":{"@id":"https:\/\/www.colours.cz\/en\/#website"},"primaryImageOfPage":{"@id":"https:\/\/www.colours.cz\/en\/ucinkujici\/martin-vohanka\/#primaryimage"},"image":{"@id":"https:\/\/www.colours.cz\/en\/ucinkujici\/martin-vohanka\/#primaryimage"},"thumbnailUrl":"https:\/\/www.colours.cz\/wp-content\/uploads\/2026\/04\/Martin-Vohanka-2-scaled-e1777291559839.jpg","datePublished":"2026-04-27T12:06:29+00:00","dateModified":"2026-04-27T12:07:06+00:00","breadcrumb":{"@id":"https:\/\/www.colours.cz\/en\/ucinkujici\/martin-vohanka\/#breadcrumb"},"inLanguage":"en-US","potentialAction":[{"@type":"ReadAction","target":["https:\/\/www.colours.cz\/en\/ucinkujici\/martin-vohanka\/"]}]},{"@type":"ImageObject","inLanguage":"en-US","@id":"https:\/\/www.colours.cz\/en\/ucinkujici\/martin-vohanka\/#primaryimage","url":"https:\/\/www.colours.cz\/wp-content\/uploads\/2026\/04\/Martin-Vohanka-2-scaled-e1777291559839.jpg","contentUrl":"https:\/\/www.colours.cz\/wp-content\/uploads\/2026\/04\/Martin-Vohanka-2-scaled-e1777291559839.jpg","width":1706,"height":2560},{"@type":"BreadcrumbList","@id":"https:\/\/www.colours.cz\/en\/ucinkujici\/martin-vohanka\/#breadcrumb","itemListElement":[{"@type":"ListItem","position":1,"name":"Dom\u016f","item":"https:\/\/www.colours.cz\/en\/"},{"@type":"ListItem","position":2,"name":"Martin Voh\u00e1nka"}]},{"@type":"WebSite","@id":"https:\/\/www.colours.cz\/en\/#website","url":"https:\/\/www.colours.cz\/en\/","name":"Colours of Ostrava","description":"","potentialAction":[{"@type":"SearchAction","target":{"@type":"EntryPoint","urlTemplate":"https:\/\/www.colours.cz\/en\/?s={search_term_string}"},"query-input":{"@type":"PropertyValueSpecification","valueRequired":true,"valueName":"search_term_string"}}],"inLanguage":"en-US"}]}},"program-params-interpret-block-order":"0","program-params-thumbnail-mobile-id":"","program-params-sign-language-available":"0","program-params-timeline-description":"","program-tickets-not-included":"0","program-events-items-ids":[{"program-event-items-date-start":"","program-event-items-date-end":"","program-event-items-date-length":"0","program-event-items-place":""}],"program-spotify-iframe":"","program-spotify-position":"center","program-socials-facebook":"","program-socials-youtube":"","program-socials-spotify":"","program-socials-instagram":"","program-socials-threads":"","program-socials-tiktok":"","program-socials-linkedin":"","program-gallery-items-ids":[{"program-items-url":"","program-items-title":"","program-items-description":"","program-items-duration":"","program-items-image-id":""}],"program-discover-title":"","program-discover-show-in-modal":"0","program-discover-items-ids":"","_links":{"self":[{"href":"https:\/\/www.colours.cz\/en\/wp-json\/wp\/v2\/program\/13526","targetHints":{"allow":["GET"]}}],"collection":[{"href":"https:\/\/www.colours.cz\/en\/wp-json\/wp\/v2\/program"}],"about":[{"href":"https:\/\/www.colours.cz\/en\/wp-json\/wp\/v2\/types\/program"}],"wp:featuredmedia":[{"embeddable":true,"href":"https:\/\/www.colours.cz\/en\/wp-json\/wp\/v2\/media\/13524"}],"wp:attachment":[{"href":"https:\/\/www.colours.cz\/en\/wp-json\/wp\/v2\/media?parent=13526"}],"wp:term":[{"taxonomy":"program-year","embeddable":true,"href":"https:\/\/www.colours.cz\/en\/wp-json\/wp\/v2\/program-year?post=13526"},{"taxonomy":"program-category","embeddable":true,"href":"https:\/\/www.colours.cz\/en\/wp-json\/wp\/v2\/program-category?post=13526"},{"taxonomy":"program-genre","embeddable":true,"href":"https:\/\/www.colours.cz\/en\/wp-json\/wp\/v2\/program-genre?post=13526"},{"taxonomy":"program-country","embeddable":true,"href":"https:\/\/www.colours.cz\/en\/wp-json\/wp\/v2\/program-country?post=13526"}],"curies":[{"name":"wp","href":"https:\/\/api.w.org\/{rel}","templated":true}]}}

Martin Vohánka

<p>He started his entrepreneurial journey while still studying and in 1995 founded W.A.G., now known as Eurowag. From an initial payment solution, he built a technology platform that now operates across Europe and is transforming the way commercial road transport works.</p>



<p>Today, Eurowag is active in more than 28 countries and ranks among the key players in the industry. The company employs thousands of people and is one of the few Czech firms listed on the London Stock Exchange, confirming its international significance.</p>



<p>Beyond business, he focuses on topics that go further than company growth. He founded the Blížksobě foundation and, as Chairman of the Board of the Second Economic Transformation initiative, contributes to the debate on where the Czech economy should be heading next.</p>

<!-- This site is optimized with the Yoast SEO plugin v25.3.1 - https://yoast.com/wordpress/plugins/seo/ -->
<title>Martin Vohánka - Colours of Ostrava</title>
<meta name="robots" content="index, follow, max-snippet:-1, max-image-preview:large, max-video-preview:-1" />
<link rel="canonical" href="https://www.colours.cz/en/ucinkujici/martin-vohanka/" />
<meta property="og:locale" content="en_US" />
<meta property="og:type" content="article" />
<meta property="og:title" content="Martin Vohánka - Colours of Ostrava" />
<meta property="og:description" content="CEO AND FOUNDER OF EUROWAG" />
<meta property="og:url" content="https://www.colours.cz/en/ucinkujici/martin-vohanka/" />
<meta property="og:site_name" content="Colours of Ostrava" />
<meta property="article:modified_time" content="2026-04-27T12:07:06+00:00" />
<meta property="og:image" content="https://www.colours.cz/wp-content/uploads/2026/04/Martin-Vohanka-2-scaled-e1777291559839.jpg" />
	<meta property="og:image:width" content="1706" />
	<meta property="og:image:height" content="2560" />
	<meta property="og:image:type" content="image/jpeg" />
<meta name="twitter:card" content="summary_large_image" />
<meta name="twitter:label1" content="Est. reading time" />
	<meta name="twitter:data1" content="1 minute" />
<!-- / Yoast SEO plugin. -->

Martin Vohánka - Colours of Ostrava

Domů
