{"id":13521,"date":"2026-04-27T13:58:19","date_gmt":"2026-04-27T11:58:19","guid":{"rendered":"https:\/\/www.colours.cz\/ucinkujici\/tomas-salomon\/"},"modified":"2026-04-27T13:59:00","modified_gmt":"2026-04-27T11:59:00","slug":"tomas-salomon","status":"publish","type":"program","link":"https:\/\/www.colours.cz\/en\/ucinkujici\/tomas-salomon\/","title":{"rendered":"Tom\u00e1\u0161 Salomon"},"content":{"rendered":"\n<p>Since 2016, he has been leading \u010cesk\u00e1 spo\u0159itelna, one of the largest banks in the country. He brings extensive experience from the financial sector in both the Czech Republic and abroad, including managing large institutions in a rapidly changing environment.<\/p>\n\n\n\n<p>He is a co-founder of the Second Economic Transformation initiative, which opens up the debate on where the Czech economy should be heading. He also brings experience from his role in the National Economic Council of the Government (NERV) and from leading the Czech Banking Association.<\/p>\n\n\n\n<p>In his approach, he emphasizes that the role of business goes beyond its own performance. It also lies in contributing to people\u2019s financial health and to the overall functioning of society.<\/p>\n","protected":false},"excerpt":{"rendered":"<p>CEO OF \u010cESK\u00c1 SPO\u0158ITELNA<\/p>\n","protected":false},"featured_media":13519,"menu_order":0,"template":"","meta":[],"program-year":[456],"program-category":[372],"program-genre":[],"program-country":[256],"class_list":["post-13521","program","type-program","status-publish","has-post-thumbnail","hentry","program-category-meltingpot-cz-en","program-country-cesko-en"],"yoast_head":"<!-- This site is optimized with the Yoast SEO plugin v25.3.1 - https:\/\/yoast.com\/wordpress\/plugins\/seo\/ -->\n<title>Tom\u00e1\u0161 Salomon - Colours of Ostrava<\/title>\n<meta name=\"robots\" content=\"index, follow, max-snippet:-1, max-image-preview:large, max-video-preview:-1\" \/>\n<link rel=\"canonical\" href=\"https:\/\/www.colours.cz\/en\/ucinkujici\/tomas-salomon\/\" \/>\n<meta property=\"og:locale\" content=\"en_US\" \/>\n<meta property=\"og:type\" content=\"article\" \/>\n<meta property=\"og:title\" content=\"Tom\u00e1\u0161 Salomon - Colours of Ostrava\" \/>\n<meta property=\"og:description\" content=\"CEO OF \u010cESK\u00c1 SPO\u0158ITELNA\" \/>\n<meta property=\"og:url\" content=\"https:\/\/www.colours.cz\/en\/ucinkujici\/tomas-salomon\/\" \/>\n<meta property=\"og:site_name\" content=\"Colours of Ostrava\" \/>\n<meta property=\"article:modified_time\" content=\"2026-04-27T11:59:00+00:00\" \/>\n<meta property=\"og:image\" content=\"https:\/\/www.colours.cz\/wp-content\/uploads\/2026\/04\/Tomas-Salomon-scaled-e1777291042952.jpg\" \/>\n\t<meta property=\"og:image:width\" content=\"1707\" \/>\n\t<meta property=\"og:image:height\" content=\"2560\" \/>\n\t<meta property=\"og:image:type\" content=\"image\/jpeg\" \/>\n<meta name=\"twitter:card\" content=\"summary_large_image\" \/>\n<meta name=\"twitter:label1\" content=\"Est. reading time\" \/>\n\t<meta name=\"twitter:data1\" content=\"1 minute\" \/>\n<!-- \/ Yoast SEO plugin. -->","yoast_head_json":{"title":"Tom\u00e1\u0161 Salomon - Colours of Ostrava","robots":{"index":"index","follow":"follow","max-snippet":"max-snippet:-1","max-image-preview":"max-image-preview:large","max-video-preview":"max-video-preview:-1"},"canonical":"https:\/\/www.colours.cz\/en\/ucinkujici\/tomas-salomon\/","og_locale":"en_US","og_type":"article","og_title":"Tom\u00e1\u0161 Salomon - Colours of Ostrava","og_description":"CEO OF \u010cESK\u00c1 SPO\u0158ITELNA","og_url":"https:\/\/www.colours.cz\/en\/ucinkujici\/tomas-salomon\/","og_site_name":"Colours of Ostrava","article_modified_time":"2026-04-27T11:59:00+00:00","og_image":[{"width":1707,"height":2560,"url":"https:\/\/www.colours.cz\/wp-content\/uploads\/2026\/04\/Tomas-Salomon-scaled-e1777291042952.jpg","type":"image\/jpeg"}],"twitter_card":"summary_large_image","twitter_misc":{"Est. reading time":"1 minute"},"schema":{"@context":"https:\/\/schema.org","@graph":[{"@type":"WebPage","@id":"https:\/\/www.colours.cz\/en\/ucinkujici\/tomas-salomon\/","url":"https:\/\/www.colours.cz\/en\/ucinkujici\/tomas-salomon\/","name":"Tom\u00e1\u0161 Salomon - Colours of Ostrava","isPartOf":{"@id":"https:\/\/www.colours.cz\/en\/#website"},"primaryImageOfPage":{"@id":"https:\/\/www.colours.cz\/en\/ucinkujici\/tomas-salomon\/#primaryimage"},"image":{"@id":"https:\/\/www.colours.cz\/en\/ucinkujici\/tomas-salomon\/#primaryimage"},"thumbnailUrl":"https:\/\/www.colours.cz\/wp-content\/uploads\/2026\/04\/Tomas-Salomon-scaled-e1777291042952.jpg","datePublished":"2026-04-27T11:58:19+00:00","dateModified":"2026-04-27T11:59:00+00:00","breadcrumb":{"@id":"https:\/\/www.colours.cz\/en\/ucinkujici\/tomas-salomon\/#breadcrumb"},"inLanguage":"en-US","potentialAction":[{"@type":"ReadAction","target":["https:\/\/www.colours.cz\/en\/ucinkujici\/tomas-salomon\/"]}]},{"@type":"ImageObject","inLanguage":"en-US","@id":"https:\/\/www.colours.cz\/en\/ucinkujici\/tomas-salomon\/#primaryimage","url":"https:\/\/www.colours.cz\/wp-content\/uploads\/2026\/04\/Tomas-Salomon-scaled-e1777291042952.jpg","contentUrl":"https:\/\/www.colours.cz\/wp-content\/uploads\/2026\/04\/Tomas-Salomon-scaled-e1777291042952.jpg","width":1707,"height":2560},{"@type":"BreadcrumbList","@id":"https:\/\/www.colours.cz\/en\/ucinkujici\/tomas-salomon\/#breadcrumb","itemListElement":[{"@type":"ListItem","position":1,"name":"Dom\u016f","item":"https:\/\/www.colours.cz\/en\/"},{"@type":"ListItem","position":2,"name":"Tom\u00e1\u0161 Salomon"}]},{"@type":"WebSite","@id":"https:\/\/www.colours.cz\/en\/#website","url":"https:\/\/www.colours.cz\/en\/","name":"Colours of Ostrava","description":"","potentialAction":[{"@type":"SearchAction","target":{"@type":"EntryPoint","urlTemplate":"https:\/\/www.colours.cz\/en\/?s={search_term_string}"},"query-input":{"@type":"PropertyValueSpecification","valueRequired":true,"valueName":"search_term_string"}}],"inLanguage":"en-US"}]}},"program-params-interpret-block-order":"0","program-params-thumbnail-mobile-id":"","program-params-sign-language-available":"0","program-params-timeline-description":"","program-tickets-not-included":"0","program-events-items-ids":[{"program-event-items-date-start":"","program-event-items-date-end":"","program-event-items-date-length":"0","program-event-items-place":""}],"program-spotify-iframe":"","program-spotify-position":"center","program-socials-facebook":"","program-socials-youtube":"","program-socials-spotify":"","program-socials-instagram":"","program-socials-threads":"","program-socials-tiktok":"","program-socials-linkedin":"","program-gallery-items-ids":[{"program-items-url":"","program-items-title":"","program-items-description":"","program-items-duration":"","program-items-image-id":""}],"program-discover-title":"","program-discover-show-in-modal":"0","program-discover-items-ids":"","_links":{"self":[{"href":"https:\/\/www.colours.cz\/en\/wp-json\/wp\/v2\/program\/13521","targetHints":{"allow":["GET"]}}],"collection":[{"href":"https:\/\/www.colours.cz\/en\/wp-json\/wp\/v2\/program"}],"about":[{"href":"https:\/\/www.colours.cz\/en\/wp-json\/wp\/v2\/types\/program"}],"wp:featuredmedia":[{"embeddable":true,"href":"https:\/\/www.colours.cz\/en\/wp-json\/wp\/v2\/media\/13519"}],"wp:attachment":[{"href":"https:\/\/www.colours.cz\/en\/wp-json\/wp\/v2\/media?parent=13521"}],"wp:term":[{"taxonomy":"program-year","embeddable":true,"href":"https:\/\/www.colours.cz\/en\/wp-json\/wp\/v2\/program-year?post=13521"},{"taxonomy":"program-category","embeddable":true,"href":"https:\/\/www.colours.cz\/en\/wp-json\/wp\/v2\/program-category?post=13521"},{"taxonomy":"program-genre","embeddable":true,"href":"https:\/\/www.colours.cz\/en\/wp-json\/wp\/v2\/program-genre?post=13521"},{"taxonomy":"program-country","embeddable":true,"href":"https:\/\/www.colours.cz\/en\/wp-json\/wp\/v2\/program-country?post=13521"}],"curies":[{"name":"wp","href":"https:\/\/api.w.org\/{rel}","templated":true}]}}

Tomáš Salomon

<p>Since 2016, he has been leading Česká spořitelna, one of the largest banks in the country. He brings extensive experience from the financial sector in both the Czech Republic and abroad, including managing large institutions in a rapidly changing environment.</p>



<p>He is a co-founder of the Second Economic Transformation initiative, which opens up the debate on where the Czech economy should be heading. He also brings experience from his role in the National Economic Council of the Government (NERV) and from leading the Czech Banking Association.</p>



<p>In his approach, he emphasizes that the role of business goes beyond its own performance. It also lies in contributing to people’s financial health and to the overall functioning of society.</p>

<p>CEO OF ČESKÁ SPOŘITELNA</p>

<!-- This site is optimized with the Yoast SEO plugin v25.3.1 - https://yoast.com/wordpress/plugins/seo/ -->
<title>Tomáš Salomon - Colours of Ostrava</title>
<meta name="robots" content="index, follow, max-snippet:-1, max-image-preview:large, max-video-preview:-1" />
<link rel="canonical" href="https://www.colours.cz/en/ucinkujici/tomas-salomon/" />
<meta property="og:locale" content="en_US" />
<meta property="og:type" content="article" />
<meta property="og:title" content="Tomáš Salomon - Colours of Ostrava" />
<meta property="og:description" content="CEO OF ČESKÁ SPOŘITELNA" />
<meta property="og:url" content="https://www.colours.cz/en/ucinkujici/tomas-salomon/" />
<meta property="og:site_name" content="Colours of Ostrava" />
<meta property="article:modified_time" content="2026-04-27T11:59:00+00:00" />
<meta property="og:image" content="https://www.colours.cz/wp-content/uploads/2026/04/Tomas-Salomon-scaled-e1777291042952.jpg" />
	<meta property="og:image:width" content="1707" />
	<meta property="og:image:height" content="2560" />
	<meta property="og:image:type" content="image/jpeg" />
<meta name="twitter:card" content="summary_large_image" />
<meta name="twitter:label1" content="Est. reading time" />
	<meta name="twitter:data1" content="1 minute" />
<!-- / Yoast SEO plugin. -->

Tomáš Salomon - Colours of Ostrava

CEO OF ČESKÁ SPOŘITELNA

Domů
