{"id":12815,"date":"2026-03-26T17:10:00","date_gmt":"2026-03-26T16:10:00","guid":{"rendered":"https:\/\/www.colours.cz\/?post_type=program&#038;p=12815"},"modified":"2026-04-29T16:13:27","modified_gmt":"2026-04-29T14:13:27","slug":"jiri-horacek","status":"publish","type":"program","link":"https:\/\/www.colours.cz\/en\/ucinkujici\/jiri-horacek\/","title":{"rendered":"JI\u0158\u00cd HOR\u00c1\u010cEK"},"content":{"rendered":"\n<p>Pat\u0159\u00ed k t\u011bm, kte\u0159\u00ed se neboj\u00ed pt\u00e1t na to nejz\u00e1kladn\u011bj\u0161\u00ed: co je v\u011bdom\u00ed a jak funguje lidsk\u00e1 mysl. Profesor Hor\u00e1\u010dek stoj\u00ed v \u010dele N\u00e1rodn\u00edho \u00fastavu du\u0161evn\u00edho zdrav\u00ed a z\u00e1rove\u0148 vede Kliniku psychiatrie a l\u00e9ka\u0159sk\u00e9 psychologie 3. l\u00e9ka\u0159sk\u00e9 fakulty Univerzity Karlovy. Pohybuje se na hran\u011b mezi v\u011bdou a klinickou prax\u00ed \u2013 jako v\u00fdzkumn\u00edk, psychiatr i psychoterapeut.<\/p>\n\n<p>Ve sv\u00e9m v\u00fdzkumu se zam\u011b\u0159uje na to, jak v mozku p\u016fsob\u00ed psychedelick\u00e9 l\u00e1tky i l\u00e9ky pou\u017e\u00edvan\u00e9 v psychiatrii. Vyu\u017e\u00edv\u00e1 zobrazov\u00e1n\u00ed mozku a dal\u0161\u00ed modern\u00ed metody, aby l\u00e9pe porozum\u011bl poruch\u00e1m, jako je schizofrenie nebo t\u011b\u017ek\u00e1 deprese. Zkoum\u00e1, jak se m\u011bn\u00ed v\u011bdom\u00ed a jak lze nov\u00e9 poznatky vyu\u017e\u00edt p\u0159i l\u00e9\u010db\u011b deprese nebo existenci\u00e1ln\u00ed t\u00edsn\u011b, nap\u0159\u00edklad u onkologick\u00fdch pacient\u016f v paliativn\u00ed p\u00e9\u010di.\u00a0<\/p>\n\n<p>Je autorem v\u00edce ne\u017e dvou set v\u011bdeck\u00fdch publikac\u00ed a editorem odborn\u00fdch knih. V roce 2022 p\u016fsobil jako koordin\u00e1tor pro oblast du\u0161evn\u00edho zdrav\u00ed b\u011bhem \u010desk\u00e9ho p\u0159edsednictv\u00ed v Rad\u011b Evropsk\u00e9 unie a z\u00edskal \u0159adu mezin\u00e1rodn\u00edch ocen\u011bn\u00ed. Respekt si ale buduje p\u0159edev\u0161\u00edm t\u00edm, \u017ee propojuje \u0161pi\u010dkov\u00fd v\u00fdzkum s re\u00e1lnou pomoc\u00ed lidem.<\/p>\n\n<p><\/p>\n","protected":false},"excerpt":{"rendered":"<p>psychiatrist<\/p>\n","protected":false},"featured_media":13745,"menu_order":0,"template":"","meta":[],"program-year":[456],"program-category":[372],"program-genre":[],"program-country":[256],"class_list":["post-12815","program","type-program","status-publish","has-post-thumbnail","hentry","program-category-meltingpot-cz-en","program-country-cesko-en"],"yoast_head":"<!-- This site is optimized with the Yoast SEO plugin v25.3.1 - https:\/\/yoast.com\/wordpress\/plugins\/seo\/ -->\n<title>JI\u0158\u00cd HOR\u00c1\u010cEK - Colours of Ostrava<\/title>\n<meta name=\"robots\" content=\"index, follow, max-snippet:-1, max-image-preview:large, max-video-preview:-1\" \/>\n<link rel=\"canonical\" href=\"https:\/\/www.colours.cz\/en\/ucinkujici\/jiri-horacek\/\" \/>\n<meta property=\"og:locale\" content=\"en_US\" \/>\n<meta property=\"og:type\" content=\"article\" \/>\n<meta property=\"og:title\" content=\"JI\u0158\u00cd HOR\u00c1\u010cEK - Colours of Ostrava\" \/>\n<meta property=\"og:description\" content=\"psychiatrist\" \/>\n<meta property=\"og:url\" content=\"https:\/\/www.colours.cz\/en\/ucinkujici\/jiri-horacek\/\" \/>\n<meta property=\"og:site_name\" content=\"Colours of Ostrava\" \/>\n<meta property=\"article:modified_time\" content=\"2026-04-29T14:13:27+00:00\" \/>\n<meta property=\"og:image\" content=\"https:\/\/www.colours.cz\/wp-content\/uploads\/2026\/03\/M1N3310-2-scaled-e1777472003800.jpg\" \/>\n\t<meta property=\"og:image:width\" content=\"1707\" \/>\n\t<meta property=\"og:image:height\" content=\"2560\" \/>\n\t<meta property=\"og:image:type\" content=\"image\/jpeg\" \/>\n<meta name=\"twitter:card\" content=\"summary_large_image\" \/>\n<meta name=\"twitter:label1\" content=\"Est. reading time\" \/>\n\t<meta name=\"twitter:data1\" content=\"2 minutes\" \/>\n<!-- \/ Yoast SEO plugin. -->","yoast_head_json":{"title":"JI\u0158\u00cd HOR\u00c1\u010cEK - Colours of Ostrava","robots":{"index":"index","follow":"follow","max-snippet":"max-snippet:-1","max-image-preview":"max-image-preview:large","max-video-preview":"max-video-preview:-1"},"canonical":"https:\/\/www.colours.cz\/en\/ucinkujici\/jiri-horacek\/","og_locale":"en_US","og_type":"article","og_title":"JI\u0158\u00cd HOR\u00c1\u010cEK - Colours of Ostrava","og_description":"psychiatrist","og_url":"https:\/\/www.colours.cz\/en\/ucinkujici\/jiri-horacek\/","og_site_name":"Colours of Ostrava","article_modified_time":"2026-04-29T14:13:27+00:00","og_image":[{"width":1707,"height":2560,"url":"https:\/\/www.colours.cz\/wp-content\/uploads\/2026\/03\/M1N3310-2-scaled-e1777472003800.jpg","type":"image\/jpeg"}],"twitter_card":"summary_large_image","twitter_misc":{"Est. reading time":"2 minutes"},"schema":{"@context":"https:\/\/schema.org","@graph":[{"@type":"WebPage","@id":"https:\/\/www.colours.cz\/en\/ucinkujici\/jiri-horacek\/","url":"https:\/\/www.colours.cz\/en\/ucinkujici\/jiri-horacek\/","name":"JI\u0158\u00cd HOR\u00c1\u010cEK - Colours of Ostrava","isPartOf":{"@id":"https:\/\/www.colours.cz\/en\/#website"},"primaryImageOfPage":{"@id":"https:\/\/www.colours.cz\/en\/ucinkujici\/jiri-horacek\/#primaryimage"},"image":{"@id":"https:\/\/www.colours.cz\/en\/ucinkujici\/jiri-horacek\/#primaryimage"},"thumbnailUrl":"https:\/\/www.colours.cz\/wp-content\/uploads\/2026\/03\/M1N3310-2-scaled-e1777472003800.jpg","datePublished":"2026-03-26T16:10:00+00:00","dateModified":"2026-04-29T14:13:27+00:00","breadcrumb":{"@id":"https:\/\/www.colours.cz\/en\/ucinkujici\/jiri-horacek\/#breadcrumb"},"inLanguage":"en-US","potentialAction":[{"@type":"ReadAction","target":["https:\/\/www.colours.cz\/en\/ucinkujici\/jiri-horacek\/"]}]},{"@type":"ImageObject","inLanguage":"en-US","@id":"https:\/\/www.colours.cz\/en\/ucinkujici\/jiri-horacek\/#primaryimage","url":"https:\/\/www.colours.cz\/wp-content\/uploads\/2026\/03\/M1N3310-2-scaled-e1777472003800.jpg","contentUrl":"https:\/\/www.colours.cz\/wp-content\/uploads\/2026\/03\/M1N3310-2-scaled-e1777472003800.jpg","width":1707,"height":2560},{"@type":"BreadcrumbList","@id":"https:\/\/www.colours.cz\/en\/ucinkujici\/jiri-horacek\/#breadcrumb","itemListElement":[{"@type":"ListItem","position":1,"name":"Dom\u016f","item":"https:\/\/www.colours.cz\/en\/"},{"@type":"ListItem","position":2,"name":"JI\u0158\u00cd HOR\u00c1\u010cEK"}]},{"@type":"WebSite","@id":"https:\/\/www.colours.cz\/en\/#website","url":"https:\/\/www.colours.cz\/en\/","name":"Colours of Ostrava","description":"","potentialAction":[{"@type":"SearchAction","target":{"@type":"EntryPoint","urlTemplate":"https:\/\/www.colours.cz\/en\/?s={search_term_string}"},"query-input":{"@type":"PropertyValueSpecification","valueRequired":true,"valueName":"search_term_string"}}],"inLanguage":"en-US"}]}},"program-params-interpret-block-order":"0","program-params-thumbnail-mobile-id":"","program-params-sign-language-available":"0","program-params-timeline-description":"","program-tickets-not-included":"0","program-events-items-ids":[{"program-event-items-date-start":"","program-event-items-date-end":"","program-event-items-date-length":"0","program-event-items-place":""}],"program-spotify-iframe":"","program-spotify-position":"center","program-socials-facebook":"","program-socials-youtube":"","program-socials-spotify":"","program-socials-instagram":"","program-socials-threads":"","program-socials-tiktok":"","program-socials-linkedin":"","program-gallery-items-ids":[{"program-items-url":"","program-items-title":"","program-items-description":"","program-items-duration":"","program-items-image-id":""}],"program-discover-title":"","program-discover-show-in-modal":"0","program-discover-items-ids":"","_links":{"self":[{"href":"https:\/\/www.colours.cz\/en\/wp-json\/wp\/v2\/program\/12815","targetHints":{"allow":["GET"]}}],"collection":[{"href":"https:\/\/www.colours.cz\/en\/wp-json\/wp\/v2\/program"}],"about":[{"href":"https:\/\/www.colours.cz\/en\/wp-json\/wp\/v2\/types\/program"}],"wp:featuredmedia":[{"embeddable":true,"href":"https:\/\/www.colours.cz\/en\/wp-json\/wp\/v2\/media\/13745"}],"wp:attachment":[{"href":"https:\/\/www.colours.cz\/en\/wp-json\/wp\/v2\/media?parent=12815"}],"wp:term":[{"taxonomy":"program-year","embeddable":true,"href":"https:\/\/www.colours.cz\/en\/wp-json\/wp\/v2\/program-year?post=12815"},{"taxonomy":"program-category","embeddable":true,"href":"https:\/\/www.colours.cz\/en\/wp-json\/wp\/v2\/program-category?post=12815"},{"taxonomy":"program-genre","embeddable":true,"href":"https:\/\/www.colours.cz\/en\/wp-json\/wp\/v2\/program-genre?post=12815"},{"taxonomy":"program-country","embeddable":true,"href":"https:\/\/www.colours.cz\/en\/wp-json\/wp\/v2\/program-country?post=12815"}],"curies":[{"name":"wp","href":"https:\/\/api.w.org\/{rel}","templated":true}]}}

JIŘÍ HORÁČEK

<p>Patří k těm, kteří se nebojí ptát na to nejzákladnější: co je vědomí a jak funguje lidská mysl. Profesor Horáček stojí v čele Národního ústavu duševního zdraví a zároveň vede Kliniku psychiatrie a lékařské psychologie 3. lékařské fakulty Univerzity Karlovy. Pohybuje se na hraně mezi vědou a klinickou praxí – jako výzkumník, psychiatr i psychoterapeut.</p>

<p>Ve svém výzkumu se zaměřuje na to, jak v mozku působí psychedelické látky i léky používané v psychiatrii. Využívá zobrazování mozku a další moderní metody, aby lépe porozuměl poruchám, jako je schizofrenie nebo těžká deprese. Zkoumá, jak se mění vědomí a jak lze nové poznatky využít při léčbě deprese nebo existenciální tísně, například u onkologických pacientů v paliativní péči. </p>

<p>Je autorem více než dvou set vědeckých publikací a editorem odborných knih. V roce 2022 působil jako koordinátor pro oblast duševního zdraví během českého předsednictví v Radě Evropské unie a získal řadu mezinárodních ocenění. Respekt si ale buduje především tím, že propojuje špičkový výzkum s reálnou pomocí lidem.</p>

<p></p>

<!-- This site is optimized with the Yoast SEO plugin v25.3.1 - https://yoast.com/wordpress/plugins/seo/ -->
<title>JIŘÍ HORÁČEK - Colours of Ostrava</title>
<meta name="robots" content="index, follow, max-snippet:-1, max-image-preview:large, max-video-preview:-1" />
<link rel="canonical" href="https://www.colours.cz/en/ucinkujici/jiri-horacek/" />
<meta property="og:locale" content="en_US" />
<meta property="og:type" content="article" />
<meta property="og:title" content="JIŘÍ HORÁČEK - Colours of Ostrava" />
<meta property="og:description" content="psychiatrist" />
<meta property="og:url" content="https://www.colours.cz/en/ucinkujici/jiri-horacek/" />
<meta property="og:site_name" content="Colours of Ostrava" />
<meta property="article:modified_time" content="2026-04-29T14:13:27+00:00" />
<meta property="og:image" content="https://www.colours.cz/wp-content/uploads/2026/03/M1N3310-2-scaled-e1777472003800.jpg" />
	<meta property="og:image:width" content="1707" />
	<meta property="og:image:height" content="2560" />
	<meta property="og:image:type" content="image/jpeg" />
<meta name="twitter:card" content="summary_large_image" />
<meta name="twitter:label1" content="Est. reading time" />
	<meta name="twitter:data1" content="2 minutes" />
<!-- / Yoast SEO plugin. -->

JIŘÍ HORÁČEK - Colours of Ostrava

Domů
