{"id":12177,"date":"2026-03-11T14:00:00","date_gmt":"2026-03-11T13:00:00","guid":{"rendered":"https:\/\/www.colours.cz\/?post_type=program&#038;p=12177"},"modified":"2026-03-06T11:39:02","modified_gmt":"2026-03-06T10:39:02","slug":"naceva","status":"publish","type":"program","link":"https:\/\/www.colours.cz\/en\/ucinkujici\/naceva\/","title":{"rendered":"NA\u010cEVA"},"content":{"rendered":"\n<figure class=\"wp-block-embed is-type-rich is-provider-spotify wp-block-embed-spotify wp-embed-aspect-21-9 wp-has-aspect-ratio\"><div class=\"wp-block-embed__wrapper\">\n<iframe title=\"Spotify Embed: Na\u010deva\" style=\"border-radius: 12px\" width=\"100%\" height=\"352\" frameborder=\"0\" allowfullscreen allow=\"autoplay; clipboard-write; encrypted-media; fullscreen; picture-in-picture\" loading=\"lazy\" src=\"https:\/\/open.spotify.com\/embed\/artist\/2ncV3EYZbRpCY8nDpmAb38?si=ZcL4xxcjSC-_d81-anSPqg&amp;utm_source=oembed\"><\/iframe>\n<\/div><\/figure>\n\n\n\n<p>Thirty years ago, under the production of Jan P. Muchow and in collaboration with writer J\u00e1chym Topol, the album\u00a0<em>Nebe je rud\u00fd<\/em>\u00a0was born. This year, it is being released on vinyl for the first time, accompanied by a special tour. As a distinctive vocalist, Monika Na\u010deva had already defined her voice on her debut\u00a0<em>Mo\u017enosti tu sou<\/em>\u00a0(1994). Since then, she has released a series of albums that her listeners consider essential, formative and timeless. The list of collaborators she has worked with over three decades is equally remarkable: alongside the aforementioned names and the indispensable Michal Pavl\u00ed\u010dek, it includes DJ Five, British experimental composer Tim Wright, singer-songwriter Justin Lavash, the Pavel Bo\u0159kovec Quartet, visual artist Josef Bolf, and powerful vocal collaborations with Iva Bittov\u00e1 and Lenka Dusilov\u00e1.<\/p>\n\n\n\n<figure class=\"wp-block-embed is-type-video is-provider-youtube wp-block-embed-youtube wp-embed-aspect-16-9 wp-has-aspect-ratio\"><div class=\"wp-block-embed__wrapper\">\n<iframe loading=\"lazy\" title=\"DO ZTRACENA - Na\u010deva a Zdivo\u010del\u00ed kon\u011b na b\u00e1se\u0148 Vladim\u00edry \u010cerepkov\u00e9\" width=\"500\" height=\"281\" src=\"https:\/\/www.youtube.com\/embed\/8xvXS5MuJO8?feature=oembed\" frameborder=\"0\" allow=\"accelerometer; autoplay; clipboard-write; encrypted-media; gyroscope; picture-in-picture; web-share\" referrerpolicy=\"strict-origin-when-cross-origin\" allowfullscreen><\/iframe>\n<\/div><\/figure>\n\n\n\n<p>At Colours of Ostrava, she will present her current program, created with a band she describes in her own words: \u201cAfter thirty years, I\u2019ve once again found musicians with whom I could build a strong group.\u201d Vojt\u011bch Proch\u00e1zka (keys, guitars), Michal Jarmil Koval (bass) and Zden\u011bk \u201cRegal\u201d Jur\u010d\u00edk (drums) collaborated with her on the latest album\u00a0<em>Jdem temn\u00fdm dnem<\/em>\u00a0(2024), which ranked highly in year-end critics\u2019 lists across multiple media outlets.<\/p>\n","protected":false},"excerpt":{"rendered":"<p>Through a dark day \u2014 with a singular companion. A singular woman.<\/p>\n","protected":false},"featured_media":12181,"menu_order":0,"template":"","meta":[],"program-year":[456],"program-category":[120],"program-genre":[329,510,181],"program-country":[256],"class_list":["post-12177","program","type-program","status-publish","has-post-thumbnail","hentry","program-category-music-programme","program-genre-alternative-en","program-genre-experimental-en","program-genre-rock-en","program-country-cesko-en"],"yoast_head":"<!-- This site is optimized with the Yoast SEO plugin v25.3.1 - https:\/\/yoast.com\/wordpress\/plugins\/seo\/ -->\n<title>NA\u010cEVA - Colours of Ostrava<\/title>\n<meta name=\"robots\" content=\"index, follow, max-snippet:-1, max-image-preview:large, max-video-preview:-1\" \/>\n<link rel=\"canonical\" href=\"https:\/\/www.colours.cz\/en\/ucinkujici\/naceva\/\" \/>\n<meta property=\"og:locale\" content=\"en_US\" \/>\n<meta property=\"og:type\" content=\"article\" \/>\n<meta property=\"og:title\" content=\"NA\u010cEVA - Colours of Ostrava\" \/>\n<meta property=\"og:description\" content=\"Through a dark day \u2014 with a singular companion. A singular woman.\" \/>\n<meta property=\"og:url\" content=\"https:\/\/www.colours.cz\/en\/ucinkujici\/naceva\/\" \/>\n<meta property=\"og:site_name\" content=\"Colours of Ostrava\" \/>\n<meta property=\"og:image\" content=\"https:\/\/www.colours.cz\/wp-content\/uploads\/2026\/03\/kapela-1-tisk-scaled-e1772552126914.jpg\" \/>\n\t<meta property=\"og:image:width\" content=\"2560\" \/>\n\t<meta property=\"og:image:height\" content=\"2560\" \/>\n\t<meta property=\"og:image:type\" content=\"image\/jpeg\" \/>\n<meta name=\"twitter:card\" content=\"summary_large_image\" \/>\n<meta name=\"twitter:label1\" content=\"Est. reading time\" \/>\n\t<meta name=\"twitter:data1\" content=\"2 minutes\" \/>\n<!-- \/ Yoast SEO plugin. -->","yoast_head_json":{"title":"NA\u010cEVA - Colours of Ostrava","robots":{"index":"index","follow":"follow","max-snippet":"max-snippet:-1","max-image-preview":"max-image-preview:large","max-video-preview":"max-video-preview:-1"},"canonical":"https:\/\/www.colours.cz\/en\/ucinkujici\/naceva\/","og_locale":"en_US","og_type":"article","og_title":"NA\u010cEVA - Colours of Ostrava","og_description":"Through a dark day \u2014 with a singular companion. A singular woman.","og_url":"https:\/\/www.colours.cz\/en\/ucinkujici\/naceva\/","og_site_name":"Colours of Ostrava","og_image":[{"width":2560,"height":2560,"url":"https:\/\/www.colours.cz\/wp-content\/uploads\/2026\/03\/kapela-1-tisk-scaled-e1772552126914.jpg","type":"image\/jpeg"}],"twitter_card":"summary_large_image","twitter_misc":{"Est. reading time":"2 minutes"},"schema":{"@context":"https:\/\/schema.org","@graph":[{"@type":"WebPage","@id":"https:\/\/www.colours.cz\/en\/ucinkujici\/naceva\/","url":"https:\/\/www.colours.cz\/en\/ucinkujici\/naceva\/","name":"NA\u010cEVA - Colours of Ostrava","isPartOf":{"@id":"https:\/\/www.colours.cz\/en\/#website"},"primaryImageOfPage":{"@id":"https:\/\/www.colours.cz\/en\/ucinkujici\/naceva\/#primaryimage"},"image":{"@id":"https:\/\/www.colours.cz\/en\/ucinkujici\/naceva\/#primaryimage"},"thumbnailUrl":"https:\/\/www.colours.cz\/wp-content\/uploads\/2026\/03\/kapela-1-tisk-scaled-e1772552126914.jpg","datePublished":"2026-03-11T13:00:00+00:00","breadcrumb":{"@id":"https:\/\/www.colours.cz\/en\/ucinkujici\/naceva\/#breadcrumb"},"inLanguage":"en-US","potentialAction":[{"@type":"ReadAction","target":["https:\/\/www.colours.cz\/en\/ucinkujici\/naceva\/"]}]},{"@type":"ImageObject","inLanguage":"en-US","@id":"https:\/\/www.colours.cz\/en\/ucinkujici\/naceva\/#primaryimage","url":"https:\/\/www.colours.cz\/wp-content\/uploads\/2026\/03\/kapela-1-tisk-scaled-e1772552126914.jpg","contentUrl":"https:\/\/www.colours.cz\/wp-content\/uploads\/2026\/03\/kapela-1-tisk-scaled-e1772552126914.jpg","width":2560,"height":2560},{"@type":"BreadcrumbList","@id":"https:\/\/www.colours.cz\/en\/ucinkujici\/naceva\/#breadcrumb","itemListElement":[{"@type":"ListItem","position":1,"name":"Dom\u016f","item":"https:\/\/www.colours.cz\/en\/"},{"@type":"ListItem","position":2,"name":"NA\u010cEVA"}]},{"@type":"WebSite","@id":"https:\/\/www.colours.cz\/en\/#website","url":"https:\/\/www.colours.cz\/en\/","name":"Colours of Ostrava","description":"","potentialAction":[{"@type":"SearchAction","target":{"@type":"EntryPoint","urlTemplate":"https:\/\/www.colours.cz\/en\/?s={search_term_string}"},"query-input":{"@type":"PropertyValueSpecification","valueRequired":true,"valueName":"search_term_string"}}],"inLanguage":"en-US"}]}},"program-params-interpret-block-order":"0","program-params-thumbnail-mobile-id":"","program-params-sign-language-available":"0","program-params-timeline-description":"","program-tickets-not-included":"0","program-events-items-ids":[{"program-event-items-date-start":"16.07.2026 22:00","program-event-items-date-end":"","program-event-items-date-length":"0","program-event-items-place":"6492"}],"program-spotify-iframe":"","program-spotify-position":"center","program-socials-facebook":"","program-socials-youtube":"","program-socials-spotify":"","program-socials-instagram":"","program-socials-threads":"","program-socials-tiktok":"","program-socials-linkedin":"","program-gallery-items-ids":[{"program-items-url":"","program-items-title":"","program-items-description":"","program-items-duration":"","program-items-image-id":""}],"program-discover-title":"","program-discover-show-in-modal":"0","program-discover-items-ids":"","_links":{"self":[{"href":"https:\/\/www.colours.cz\/en\/wp-json\/wp\/v2\/program\/12177","targetHints":{"allow":["GET"]}}],"collection":[{"href":"https:\/\/www.colours.cz\/en\/wp-json\/wp\/v2\/program"}],"about":[{"href":"https:\/\/www.colours.cz\/en\/wp-json\/wp\/v2\/types\/program"}],"wp:featuredmedia":[{"embeddable":true,"href":"https:\/\/www.colours.cz\/en\/wp-json\/wp\/v2\/media\/12181"}],"wp:attachment":[{"href":"https:\/\/www.colours.cz\/en\/wp-json\/wp\/v2\/media?parent=12177"}],"wp:term":[{"taxonomy":"program-year","embeddable":true,"href":"https:\/\/www.colours.cz\/en\/wp-json\/wp\/v2\/program-year?post=12177"},{"taxonomy":"program-category","embeddable":true,"href":"https:\/\/www.colours.cz\/en\/wp-json\/wp\/v2\/program-category?post=12177"},{"taxonomy":"program-genre","embeddable":true,"href":"https:\/\/www.colours.cz\/en\/wp-json\/wp\/v2\/program-genre?post=12177"},{"taxonomy":"program-country","embeddable":true,"href":"https:\/\/www.colours.cz\/en\/wp-json\/wp\/v2\/program-country?post=12177"}],"curies":[{"name":"wp","href":"https:\/\/api.w.org\/{rel}","templated":true}]}}

NAČEVA

<figure class="wp-block-embed is-type-rich is-provider-spotify wp-block-embed-spotify wp-embed-aspect-21-9 wp-has-aspect-ratio"><div class="wp-block-embed__wrapper">
<iframe title="Spotify Embed: Načeva" style="border-radius: 12px" width="100%" height="352" frameborder="0" allowfullscreen allow="autoplay; clipboard-write; encrypted-media; fullscreen; picture-in-picture" loading="lazy" src="https://open.spotify.com/embed/artist/2ncV3EYZbRpCY8nDpmAb38?si=ZcL4xxcjSC-_d81-anSPqg&amp;utm_source=oembed"></iframe>
</div></figure>



<p>Thirty years ago, under the production of Jan P. Muchow and in collaboration with writer Jáchym Topol, the album <em>Nebe je rudý</em> was born. This year, it is being released on vinyl for the first time, accompanied by a special tour. As a distinctive vocalist, Monika Načeva had already defined her voice on her debut <em>Možnosti tu sou</em> (1994). Since then, she has released a series of albums that her listeners consider essential, formative and timeless. The list of collaborators she has worked with over three decades is equally remarkable: alongside the aforementioned names and the indispensable Michal Pavlíček, it includes DJ Five, British experimental composer Tim Wright, singer-songwriter Justin Lavash, the Pavel Bořkovec Quartet, visual artist Josef Bolf, and powerful vocal collaborations with Iva Bittová and Lenka Dusilová.</p>



<figure class="wp-block-embed is-type-video is-provider-youtube wp-block-embed-youtube wp-embed-aspect-16-9 wp-has-aspect-ratio"><div class="wp-block-embed__wrapper">
<iframe loading="lazy" title="DO ZTRACENA - Načeva a Zdivočelí koně na báseň Vladimíry Čerepkové" width="500" height="281" src="https://www.youtube.com/embed/8xvXS5MuJO8?feature=oembed" frameborder="0" allow="accelerometer; autoplay; clipboard-write; encrypted-media; gyroscope; picture-in-picture; web-share" referrerpolicy="strict-origin-when-cross-origin" allowfullscreen></iframe>
</div></figure>



<p>At Colours of Ostrava, she will present her current program, created with a band she describes in her own words: “After thirty years, I’ve once again found musicians with whom I could build a strong group.” Vojtěch Procházka (keys, guitars), Michal Jarmil Koval (bass) and Zdeněk “Regal” Jurčík (drums) collaborated with her on the latest album <em>Jdem temným dnem</em> (2024), which ranked highly in year-end critics’ lists across multiple media outlets.</p>

<!-- This site is optimized with the Yoast SEO plugin v25.3.1 - https://yoast.com/wordpress/plugins/seo/ -->
<title>NAČEVA - Colours of Ostrava</title>
<meta name="robots" content="index, follow, max-snippet:-1, max-image-preview:large, max-video-preview:-1" />
<link rel="canonical" href="https://www.colours.cz/en/ucinkujici/naceva/" />
<meta property="og:locale" content="en_US" />
<meta property="og:type" content="article" />
<meta property="og:title" content="NAČEVA - Colours of Ostrava" />
<meta property="og:description" content="Through a dark day — with a singular companion. A singular woman." />
<meta property="og:url" content="https://www.colours.cz/en/ucinkujici/naceva/" />
<meta property="og:site_name" content="Colours of Ostrava" />
<meta property="og:image" content="https://www.colours.cz/wp-content/uploads/2026/03/kapela-1-tisk-scaled-e1772552126914.jpg" />
	<meta property="og:image:width" content="2560" />
	<meta property="og:image:height" content="2560" />
	<meta property="og:image:type" content="image/jpeg" />
<meta name="twitter:card" content="summary_large_image" />
<meta name="twitter:label1" content="Est. reading time" />
	<meta name="twitter:data1" content="2 minutes" />
<!-- / Yoast SEO plugin. -->

NAČEVA - Colours of Ostrava

Domů
