{"id":11230,"date":"2025-12-09T12:37:28","date_gmt":"2025-12-09T11:37:28","guid":{"rendered":"https:\/\/www.colours.cz\/ucinkujici\/gufrau\/"},"modified":"2026-03-18T13:39:17","modified_gmt":"2026-03-18T12:39:17","slug":"gufrau","status":"publish","type":"program","link":"https:\/\/www.colours.cz\/en\/ucinkujici\/gufrau\/","title":{"rendered":"GUFRAU"},"content":{"rendered":"\n<figure class=\"wp-block-embed is-type-rich is-provider-spotify wp-block-embed-spotify wp-embed-aspect-21-9 wp-has-aspect-ratio\"><div class=\"wp-block-embed__wrapper\">\n<iframe title=\"Spotify Embed: GUFRAU\" style=\"border-radius: 12px\" width=\"100%\" height=\"352\" frameborder=\"0\" allowfullscreen allow=\"autoplay; clipboard-write; encrypted-media; fullscreen; picture-in-picture\" loading=\"lazy\" src=\"https:\/\/open.spotify.com\/embed\/artist\/0WpBMqO4ai8W3rh3ffW14Q?si=rfOfQ3m4RJOgqkgapYYURw&amp;utm_source=oembed\"><\/iframe>\n<\/div><\/figure>\n\n\n\n<p>It took just one track for the Gufrau project to turn into a sensation on the Czech club scene. The core of the group consists of rappers H4GO and Moneyossel together with producer Kubmat. In their music, they blend rap with electronic elements \u2013 sometimes more abrasive and challenging, sometimes driven by a melodic line. Central to their work are lyrics reflecting the experiences and perspectives of today\u2019s young generation, whether dealing with everyday situations, leisure activities, or relationships.<\/p>\n\n\n\n<figure class=\"wp-block-embed is-type-video is-provider-youtube wp-block-embed-youtube wp-embed-aspect-16-9 wp-has-aspect-ratio\"><div class=\"wp-block-embed__wrapper\">\n<iframe loading=\"lazy\" title=\"GUFRAU, Victor Kal., Rohony - NAV\u017dDYCKY BL\u00c1ZEN (Official Lyrics Visual)\" width=\"500\" height=\"281\" src=\"https:\/\/www.youtube.com\/embed\/KHdxAAxA0oE?feature=oembed\" frameborder=\"0\" allow=\"accelerometer; autoplay; clipboard-write; encrypted-media; gyroscope; picture-in-picture; web-share\" referrerpolicy=\"strict-origin-when-cross-origin\" allowfullscreen><\/iframe>\n<\/div><\/figure>\n\n\n\n<p>Based in Prague 7, Gufrau reach listeners across the entire country. Their debut album\u00a0<em>Vltavsk\u00e1 filharmonie<\/em>\u00a0from 2022 brought the single\u00a0<em>Gufrau party<\/em>, while the follow-up\u00a0<em>Hole\u0161ovice<\/em>\u00a0introduced a shift in sound. Their real breakthrough, however, came in 2025. First, they released a joint EP with Mat213, followed by the single\u00a0<em>NOBOYFRIENDZONE<\/em>featuring Lajfr. The true boom arrived with the track\u00a0<em>NAV\u017dDYCKY BL\u00c1ZEN<\/em>. Anyone who doesn\u2019t want to miss one of the parties at the 23rd edition should definitely mark Gufrau in the programme.<\/p>\n","protected":false},"excerpt":{"rendered":"<p>The voice of Gen Z moves from packed clubs to the open festival stage<\/p>\n","protected":false},"featured_media":10439,"menu_order":0,"template":"","meta":[],"program-year":[456],"program-category":[120],"program-genre":[345,262],"program-country":[256],"class_list":["post-11230","program","type-program","status-publish","has-post-thumbnail","hentry","program-category-music-programme","program-genre-hip-hop-en","program-genre-rap-en","program-country-cesko-en"],"yoast_head":"<!-- This site is optimized with the Yoast SEO plugin v25.3.1 - https:\/\/yoast.com\/wordpress\/plugins\/seo\/ -->\n<title>GUFRAU - Colours of Ostrava<\/title>\n<meta name=\"description\" content=\"Hlas Gen Z m\u00ed\u0159\u00ed ze zapln\u011bn\u00fdch klub\u016f na otev\u0159enou festivalovou sc\u00e9nu! Za\u017eijte Gufrau na Colours of Ostrava 2026.\" \/>\n<meta name=\"robots\" content=\"index, follow, max-snippet:-1, max-image-preview:large, max-video-preview:-1\" \/>\n<link rel=\"canonical\" href=\"https:\/\/www.colours.cz\/en\/ucinkujici\/gufrau\/\" \/>\n<meta property=\"og:locale\" content=\"en_US\" \/>\n<meta property=\"og:type\" content=\"article\" \/>\n<meta property=\"og:title\" content=\"GUFRAU - Colours of Ostrava\" \/>\n<meta property=\"og:description\" content=\"Hlas Gen Z m\u00ed\u0159\u00ed ze zapln\u011bn\u00fdch klub\u016f na otev\u0159enou festivalovou sc\u00e9nu! Za\u017eijte Gufrau na Colours of Ostrava 2026.\" \/>\n<meta property=\"og:url\" content=\"https:\/\/www.colours.cz\/en\/ucinkujici\/gufrau\/\" \/>\n<meta property=\"og:site_name\" content=\"Colours of Ostrava\" \/>\n<meta property=\"article:modified_time\" content=\"2026-03-18T12:39:17+00:00\" \/>\n<meta property=\"og:image\" content=\"https:\/\/www.colours.cz\/wp-content\/uploads\/2025\/11\/GUFRAU_x_FRESHLABELS_x_KOMONO_by_Kuba_Zeman-25-scaled.jpg\" \/>\n\t<meta property=\"og:image:width\" content=\"2560\" \/>\n\t<meta property=\"og:image:height\" content=\"1708\" \/>\n\t<meta property=\"og:image:type\" content=\"image\/jpeg\" \/>\n<meta name=\"twitter:card\" content=\"summary_large_image\" \/>\n<meta name=\"twitter:label1\" content=\"Est. reading time\" \/>\n\t<meta name=\"twitter:data1\" content=\"2 minutes\" \/>\n<!-- \/ Yoast SEO plugin. -->","yoast_head_json":{"title":"GUFRAU - Colours of Ostrava","description":"Hlas Gen Z m\u00ed\u0159\u00ed ze zapln\u011bn\u00fdch klub\u016f na otev\u0159enou festivalovou sc\u00e9nu! Za\u017eijte Gufrau na Colours of Ostrava 2026.","robots":{"index":"index","follow":"follow","max-snippet":"max-snippet:-1","max-image-preview":"max-image-preview:large","max-video-preview":"max-video-preview:-1"},"canonical":"https:\/\/www.colours.cz\/en\/ucinkujici\/gufrau\/","og_locale":"en_US","og_type":"article","og_title":"GUFRAU - Colours of Ostrava","og_description":"Hlas Gen Z m\u00ed\u0159\u00ed ze zapln\u011bn\u00fdch klub\u016f na otev\u0159enou festivalovou sc\u00e9nu! Za\u017eijte Gufrau na Colours of Ostrava 2026.","og_url":"https:\/\/www.colours.cz\/en\/ucinkujici\/gufrau\/","og_site_name":"Colours of Ostrava","article_modified_time":"2026-03-18T12:39:17+00:00","og_image":[{"width":2560,"height":1708,"url":"https:\/\/www.colours.cz\/wp-content\/uploads\/2025\/11\/GUFRAU_x_FRESHLABELS_x_KOMONO_by_Kuba_Zeman-25-scaled.jpg","type":"image\/jpeg"}],"twitter_card":"summary_large_image","twitter_misc":{"Est. reading time":"2 minutes"},"schema":{"@context":"https:\/\/schema.org","@graph":[{"@type":"WebPage","@id":"https:\/\/www.colours.cz\/en\/ucinkujici\/gufrau\/","url":"https:\/\/www.colours.cz\/en\/ucinkujici\/gufrau\/","name":"GUFRAU - Colours of Ostrava","isPartOf":{"@id":"https:\/\/www.colours.cz\/en\/#website"},"primaryImageOfPage":{"@id":"https:\/\/www.colours.cz\/en\/ucinkujici\/gufrau\/#primaryimage"},"image":{"@id":"https:\/\/www.colours.cz\/en\/ucinkujici\/gufrau\/#primaryimage"},"thumbnailUrl":"https:\/\/www.colours.cz\/wp-content\/uploads\/2025\/11\/GUFRAU_x_FRESHLABELS_x_KOMONO_by_Kuba_Zeman-25-scaled.jpg","datePublished":"2025-12-09T11:37:28+00:00","dateModified":"2026-03-18T12:39:17+00:00","description":"Hlas Gen Z m\u00ed\u0159\u00ed ze zapln\u011bn\u00fdch klub\u016f na otev\u0159enou festivalovou sc\u00e9nu! Za\u017eijte Gufrau na Colours of Ostrava 2026.","breadcrumb":{"@id":"https:\/\/www.colours.cz\/en\/ucinkujici\/gufrau\/#breadcrumb"},"inLanguage":"en-US","potentialAction":[{"@type":"ReadAction","target":["https:\/\/www.colours.cz\/en\/ucinkujici\/gufrau\/"]}]},{"@type":"ImageObject","inLanguage":"en-US","@id":"https:\/\/www.colours.cz\/en\/ucinkujici\/gufrau\/#primaryimage","url":"https:\/\/www.colours.cz\/wp-content\/uploads\/2025\/11\/GUFRAU_x_FRESHLABELS_x_KOMONO_by_Kuba_Zeman-25-scaled.jpg","contentUrl":"https:\/\/www.colours.cz\/wp-content\/uploads\/2025\/11\/GUFRAU_x_FRESHLABELS_x_KOMONO_by_Kuba_Zeman-25-scaled.jpg","width":2560,"height":1708},{"@type":"BreadcrumbList","@id":"https:\/\/www.colours.cz\/en\/ucinkujici\/gufrau\/#breadcrumb","itemListElement":[{"@type":"ListItem","position":1,"name":"Dom\u016f","item":"https:\/\/www.colours.cz\/en\/"},{"@type":"ListItem","position":2,"name":"GUFRAU"}]},{"@type":"WebSite","@id":"https:\/\/www.colours.cz\/en\/#website","url":"https:\/\/www.colours.cz\/en\/","name":"Colours of Ostrava","description":"","potentialAction":[{"@type":"SearchAction","target":{"@type":"EntryPoint","urlTemplate":"https:\/\/www.colours.cz\/en\/?s={search_term_string}"},"query-input":{"@type":"PropertyValueSpecification","valueRequired":true,"valueName":"search_term_string"}}],"inLanguage":"en-US"}]}},"program-params-interpret-block-order":"0","program-params-thumbnail-mobile-id":"","program-params-sign-language-available":"0","program-params-timeline-description":"","program-tickets-not-included":"0","program-events-items-ids":[{"program-event-items-date-start":"18.07.2026 18:00","program-event-items-date-end":"","program-event-items-date-length":"0","program-event-items-place":"6480"}],"program-spotify-iframe":"","program-spotify-position":"center","program-socials-facebook":"","program-socials-youtube":"https:\/\/www.youtube.com\/@GUFRAU\/videos","program-socials-spotify":"https:\/\/open.spotify.com\/artist\/0WpBMqO4ai8W3rh3ffW14Q?si=rbWrJYBRTg-k8frRdzqdbw ","program-socials-instagram":"https:\/\/www.instagram.com\/gufrau_official\/","program-socials-threads":"","program-socials-tiktok":"https:\/\/www.tiktok.com\/@gufrau_official?_r=1&#38;_t=ZN-924okQTKDpO","program-socials-linkedin":"","program-gallery-items-ids":[{"program-items-url":"","program-items-title":"","program-items-description":"","program-items-duration":"","program-items-image-id":""}],"program-discover-title":"","program-discover-show-in-modal":"0","program-discover-items-ids":"","_links":{"self":[{"href":"https:\/\/www.colours.cz\/en\/wp-json\/wp\/v2\/program\/11230","targetHints":{"allow":["GET"]}}],"collection":[{"href":"https:\/\/www.colours.cz\/en\/wp-json\/wp\/v2\/program"}],"about":[{"href":"https:\/\/www.colours.cz\/en\/wp-json\/wp\/v2\/types\/program"}],"wp:featuredmedia":[{"embeddable":true,"href":"https:\/\/www.colours.cz\/en\/wp-json\/wp\/v2\/media\/10439"}],"wp:attachment":[{"href":"https:\/\/www.colours.cz\/en\/wp-json\/wp\/v2\/media?parent=11230"}],"wp:term":[{"taxonomy":"program-year","embeddable":true,"href":"https:\/\/www.colours.cz\/en\/wp-json\/wp\/v2\/program-year?post=11230"},{"taxonomy":"program-category","embeddable":true,"href":"https:\/\/www.colours.cz\/en\/wp-json\/wp\/v2\/program-category?post=11230"},{"taxonomy":"program-genre","embeddable":true,"href":"https:\/\/www.colours.cz\/en\/wp-json\/wp\/v2\/program-genre?post=11230"},{"taxonomy":"program-country","embeddable":true,"href":"https:\/\/www.colours.cz\/en\/wp-json\/wp\/v2\/program-country?post=11230"}],"curies":[{"name":"wp","href":"https:\/\/api.w.org\/{rel}","templated":true}]}}

<figure class="wp-block-embed is-type-rich is-provider-spotify wp-block-embed-spotify wp-embed-aspect-21-9 wp-has-aspect-ratio"><div class="wp-block-embed__wrapper">
<iframe title="Spotify Embed: GUFRAU" style="border-radius: 12px" width="100%" height="352" frameborder="0" allowfullscreen allow="autoplay; clipboard-write; encrypted-media; fullscreen; picture-in-picture" loading="lazy" src="https://open.spotify.com/embed/artist/0WpBMqO4ai8W3rh3ffW14Q?si=rfOfQ3m4RJOgqkgapYYURw&amp;utm_source=oembed"></iframe>
</div></figure>



<p>It took just one track for the Gufrau project to turn into a sensation on the Czech club scene. The core of the group consists of rappers H4GO and Moneyossel together with producer Kubmat. In their music, they blend rap with electronic elements – sometimes more abrasive and challenging, sometimes driven by a melodic line. Central to their work are lyrics reflecting the experiences and perspectives of today’s young generation, whether dealing with everyday situations, leisure activities, or relationships.</p>



<figure class="wp-block-embed is-type-video is-provider-youtube wp-block-embed-youtube wp-embed-aspect-16-9 wp-has-aspect-ratio"><div class="wp-block-embed__wrapper">
<iframe loading="lazy" title="GUFRAU, Victor Kal., Rohony - NAVŽDYCKY BLÁZEN (Official Lyrics Visual)" width="500" height="281" src="https://www.youtube.com/embed/KHdxAAxA0oE?feature=oembed" frameborder="0" allow="accelerometer; autoplay; clipboard-write; encrypted-media; gyroscope; picture-in-picture; web-share" referrerpolicy="strict-origin-when-cross-origin" allowfullscreen></iframe>
</div></figure>



<p>Based in Prague 7, Gufrau reach listeners across the entire country. Their debut album <em>Vltavská filharmonie</em> from 2022 brought the single <em>Gufrau party</em>, while the follow-up <em>Holešovice</em> introduced a shift in sound. Their real breakthrough, however, came in 2025. First, they released a joint EP with Mat213, followed by the single <em>NOBOYFRIENDZONE</em>featuring Lajfr. The true boom arrived with the track <em>NAVŽDYCKY BLÁZEN</em>. Anyone who doesn’t want to miss one of the parties at the 23rd edition should definitely mark Gufrau in the programme.</p>

<!-- This site is optimized with the Yoast SEO plugin v25.3.1 - https://yoast.com/wordpress/plugins/seo/ -->
<title>GUFRAU - Colours of Ostrava</title>
<meta name="description" content="Hlas Gen Z míří ze zaplněných klubů na otevřenou festivalovou scénu! Zažijte Gufrau na Colours of Ostrava 2026." />
<meta name="robots" content="index, follow, max-snippet:-1, max-image-preview:large, max-video-preview:-1" />
<link rel="canonical" href="https://www.colours.cz/en/ucinkujici/gufrau/" />
<meta property="og:locale" content="en_US" />
<meta property="og:type" content="article" />
<meta property="og:title" content="GUFRAU - Colours of Ostrava" />
<meta property="og:description" content="Hlas Gen Z míří ze zaplněných klubů na otevřenou festivalovou scénu! Zažijte Gufrau na Colours of Ostrava 2026." />
<meta property="og:url" content="https://www.colours.cz/en/ucinkujici/gufrau/" />
<meta property="og:site_name" content="Colours of Ostrava" />
<meta property="article:modified_time" content="2026-03-18T12:39:17+00:00" />
<meta property="og:image" content="https://www.colours.cz/wp-content/uploads/2025/11/GUFRAU_x_FRESHLABELS_x_KOMONO_by_Kuba_Zeman-25-scaled.jpg" />
	<meta property="og:image:width" content="2560" />
	<meta property="og:image:height" content="1708" />
	<meta property="og:image:type" content="image/jpeg" />
<meta name="twitter:card" content="summary_large_image" />
<meta name="twitter:label1" content="Est. reading time" />
	<meta name="twitter:data1" content="2 minutes" />
<!-- / Yoast SEO plugin. -->

Hlas Gen Z míří ze zaplněných klubů na otevřenou festivalovou scénu! Zažijte Gufrau na Colours of Ostrava 2026.

Domů
