{"id":10702,"date":"2025-11-06T09:15:58","date_gmt":"2025-11-06T08:15:58","guid":{"rendered":"https:\/\/www.colours.cz\/ucinkujici\/bert-and-friends\/"},"modified":"2026-03-16T14:03:40","modified_gmt":"2026-03-16T13:03:40","slug":"bert-and-friends","status":"publish","type":"program","link":"https:\/\/www.colours.cz\/en\/ucinkujici\/bert-and-friends\/","title":{"rendered":"BERT &amp; FRIENDS"},"content":{"rendered":"\n<figure class=\"wp-block-embed is-type-rich is-provider-spotify wp-block-embed-spotify wp-embed-aspect-21-9 wp-has-aspect-ratio\"><div class=\"wp-block-embed__wrapper\">\n<iframe title=\"Spotify Embed: Bert and Friends\" style=\"border-radius: 12px\" width=\"100%\" height=\"352\" frameborder=\"0\" allowfullscreen allow=\"autoplay; clipboard-write; encrypted-media; fullscreen; picture-in-picture\" loading=\"lazy\" src=\"https:\/\/open.spotify.com\/embed\/artist\/2rRAGDauJ2h0aDYLbBitkB?si=n3_5KkQzQ-6VnrMvSAdklg&amp;utm_source=oembed\"><\/iframe>\n<\/div><\/figure>\n\n\n\n<p>One of the most singular phenomena of the Czech music scene is bringing \u010cesk\u00e9 mo\u0159e to Ostrava. The band led by charismatic frontman Albert Romanutti creates a world where echoes of the past blend with visions of the future. Living dreams collide with electronics, melancholy with playfulness, and pop music drifts off into other dimensions. They first appeared at Colours of Ostrava back in 2019, when only a handful of singles were out. The EP\u00a0<em>Supr<\/em>\u00a0followed later that autumn, a live album\u00a0<em>2050<\/em>\u00a0arrived in 2021, and the band finally unveiled its debut album in 2024.<\/p>\n\n\n\n<figure class=\"wp-block-embed is-type-video is-provider-youtube wp-block-embed-youtube wp-embed-aspect-16-9 wp-has-aspect-ratio\"><div class=\"wp-block-embed__wrapper\">\n<iframe loading=\"lazy\" title=\"Bert &amp; Friends ~ Plody Mo\u0159\u00ed (Official video)\" width=\"500\" height=\"281\" src=\"https:\/\/www.youtube.com\/embed\/tLN3cZbFBxg?feature=oembed\" frameborder=\"0\" allow=\"accelerometer; autoplay; clipboard-write; encrypted-media; gyroscope; picture-in-picture; web-share\" referrerpolicy=\"strict-origin-when-cross-origin\" allowfullscreen><\/iframe>\n<\/div><\/figure>\n\n\n\n<p>Bert &amp; Friends are now preparing a big show for the 23rd edition of Colours, drawing on their acclaimed performances at the Rudolfinum and Forum Karl\u00edn, as well as concerts in Tokyo, Seoul, and closer to home in D\u011b\u010d\u00edn and Fr\u00fddek-M\u00edstek. With songs like\u00a0<em>Haluzinace<\/em>,\u00a0<em>Plody mo\u0159\u00ed<\/em>\u00a0and\u00a0<em>Lambal\u00e1da<\/em>, Bert &amp; Friends have won fans across generations. This summer, they will also bring to Ostrava the still-fresh sound of\u00a0<em>\u010cesk\u00e9 mo\u0159e<\/em>.<\/p>\n","protected":false},"excerpt":{"rendered":"<p>A surreal pop sea full of colour and imagination<\/p>\n","protected":false},"featured_media":10018,"menu_order":0,"template":"","meta":[],"program-year":[456],"program-category":[120],"program-genre":[329,180],"program-country":[256],"class_list":["post-10702","program","type-program","status-publish","has-post-thumbnail","hentry","program-category-music-programme","program-genre-alternative-en","program-genre-pop-en","program-country-cesko-en"],"yoast_head":"<!-- This site is optimized with the Yoast SEO plugin v25.3.1 - https:\/\/yoast.com\/wordpress\/plugins\/seo\/ -->\n<title>BERT &amp; FRIENDS - Colours of Ostrava<\/title>\n<meta name=\"description\" content=\"Surrealistick\u00e9 popov\u00e9 mo\u0159e pln\u00e9 barev a fantazie na Colours of Ostrava 2026.\" \/>\n<meta name=\"robots\" content=\"index, follow, max-snippet:-1, max-image-preview:large, max-video-preview:-1\" \/>\n<link rel=\"canonical\" href=\"https:\/\/www.colours.cz\/en\/ucinkujici\/bert-and-friends\/\" \/>\n<meta property=\"og:locale\" content=\"en_US\" \/>\n<meta property=\"og:type\" content=\"article\" \/>\n<meta property=\"og:title\" content=\"BERT &amp; FRIENDS - Colours of Ostrava\" \/>\n<meta property=\"og:description\" content=\"Surrealistick\u00e9 popov\u00e9 mo\u0159e pln\u00e9 barev a fantazie na Colours of Ostrava 2026.\" \/>\n<meta property=\"og:url\" content=\"https:\/\/www.colours.cz\/en\/ucinkujici\/bert-and-friends\/\" \/>\n<meta property=\"og:site_name\" content=\"Colours of Ostrava\" \/>\n<meta property=\"article:modified_time\" content=\"2026-03-16T13:03:40+00:00\" \/>\n<meta property=\"og:image\" content=\"https:\/\/www.colours.cz\/wp-content\/uploads\/2025\/11\/01_Bert_and_Friends_Foto_by_Sima_Mullerova-scaled.jpg\" \/>\n\t<meta property=\"og:image:width\" content=\"2560\" \/>\n\t<meta property=\"og:image:height\" content=\"2115\" \/>\n\t<meta property=\"og:image:type\" content=\"image\/jpeg\" \/>\n<meta name=\"twitter:card\" content=\"summary_large_image\" \/>\n<meta name=\"twitter:label1\" content=\"Est. reading time\" \/>\n\t<meta name=\"twitter:data1\" content=\"2 minutes\" \/>\n<!-- \/ Yoast SEO plugin. -->","yoast_head_json":{"title":"BERT &amp; FRIENDS - Colours of Ostrava","description":"Surrealistick\u00e9 popov\u00e9 mo\u0159e pln\u00e9 barev a fantazie na Colours of Ostrava 2026.","robots":{"index":"index","follow":"follow","max-snippet":"max-snippet:-1","max-image-preview":"max-image-preview:large","max-video-preview":"max-video-preview:-1"},"canonical":"https:\/\/www.colours.cz\/en\/ucinkujici\/bert-and-friends\/","og_locale":"en_US","og_type":"article","og_title":"BERT &amp; FRIENDS - Colours of Ostrava","og_description":"Surrealistick\u00e9 popov\u00e9 mo\u0159e pln\u00e9 barev a fantazie na Colours of Ostrava 2026.","og_url":"https:\/\/www.colours.cz\/en\/ucinkujici\/bert-and-friends\/","og_site_name":"Colours of Ostrava","article_modified_time":"2026-03-16T13:03:40+00:00","og_image":[{"width":2560,"height":2115,"url":"https:\/\/www.colours.cz\/wp-content\/uploads\/2025\/11\/01_Bert_and_Friends_Foto_by_Sima_Mullerova-scaled.jpg","type":"image\/jpeg"}],"twitter_card":"summary_large_image","twitter_misc":{"Est. reading time":"2 minutes"},"schema":{"@context":"https:\/\/schema.org","@graph":[{"@type":"WebPage","@id":"https:\/\/www.colours.cz\/en\/ucinkujici\/bert-and-friends\/","url":"https:\/\/www.colours.cz\/en\/ucinkujici\/bert-and-friends\/","name":"BERT &amp; FRIENDS - Colours of Ostrava","isPartOf":{"@id":"https:\/\/www.colours.cz\/en\/#website"},"primaryImageOfPage":{"@id":"https:\/\/www.colours.cz\/en\/ucinkujici\/bert-and-friends\/#primaryimage"},"image":{"@id":"https:\/\/www.colours.cz\/en\/ucinkujici\/bert-and-friends\/#primaryimage"},"thumbnailUrl":"https:\/\/www.colours.cz\/wp-content\/uploads\/2025\/11\/01_Bert_and_Friends_Foto_by_Sima_Mullerova-scaled.jpg","datePublished":"2025-11-06T08:15:58+00:00","dateModified":"2026-03-16T13:03:40+00:00","description":"Surrealistick\u00e9 popov\u00e9 mo\u0159e pln\u00e9 barev a fantazie na Colours of Ostrava 2026.","breadcrumb":{"@id":"https:\/\/www.colours.cz\/en\/ucinkujici\/bert-and-friends\/#breadcrumb"},"inLanguage":"en-US","potentialAction":[{"@type":"ReadAction","target":["https:\/\/www.colours.cz\/en\/ucinkujici\/bert-and-friends\/"]}]},{"@type":"ImageObject","inLanguage":"en-US","@id":"https:\/\/www.colours.cz\/en\/ucinkujici\/bert-and-friends\/#primaryimage","url":"https:\/\/www.colours.cz\/wp-content\/uploads\/2025\/11\/01_Bert_and_Friends_Foto_by_Sima_Mullerova-scaled.jpg","contentUrl":"https:\/\/www.colours.cz\/wp-content\/uploads\/2025\/11\/01_Bert_and_Friends_Foto_by_Sima_Mullerova-scaled.jpg","width":2560,"height":2115},{"@type":"BreadcrumbList","@id":"https:\/\/www.colours.cz\/en\/ucinkujici\/bert-and-friends\/#breadcrumb","itemListElement":[{"@type":"ListItem","position":1,"name":"Dom\u016f","item":"https:\/\/www.colours.cz\/en\/"},{"@type":"ListItem","position":2,"name":"BERT &amp; FRIENDS"}]},{"@type":"WebSite","@id":"https:\/\/www.colours.cz\/en\/#website","url":"https:\/\/www.colours.cz\/en\/","name":"Colours of Ostrava","description":"","potentialAction":[{"@type":"SearchAction","target":{"@type":"EntryPoint","urlTemplate":"https:\/\/www.colours.cz\/en\/?s={search_term_string}"},"query-input":{"@type":"PropertyValueSpecification","valueRequired":true,"valueName":"search_term_string"}}],"inLanguage":"en-US"}]}},"program-params-interpret-block-order":"0","program-params-thumbnail-mobile-id":"","program-params-sign-language-available":"0","program-params-timeline-description":"","program-tickets-not-included":"0","program-events-items-ids":[{"program-event-items-date-start":"16.07.2026 20:00","program-event-items-date-end":"","program-event-items-date-length":"0","program-event-items-place":"6471"}],"program-spotify-iframe":"","program-spotify-position":"center","program-socials-facebook":"https:\/\/www.facebook.com\/Bert.and.Friends.music\/?locale=cs_CZ","program-socials-youtube":"https:\/\/www.youtube.com\/@BertandFriends\/videos","program-socials-spotify":"https:\/\/open.spotify.com\/artist\/2rRAGDauJ2h0aDYLbBitkB?si=n3_5KkQzQ-6VnrMvSAdklg","program-socials-instagram":"https:\/\/www.instagram.com\/bertandfriends\/","program-socials-threads":"","program-socials-tiktok":"","program-socials-linkedin":"","program-gallery-items-ids":[{"program-items-url":"","program-items-title":"","program-items-description":"","program-items-duration":"","program-items-image-id":""}],"program-discover-title":"","program-discover-show-in-modal":"0","program-discover-items-ids":"","_links":{"self":[{"href":"https:\/\/www.colours.cz\/en\/wp-json\/wp\/v2\/program\/10702","targetHints":{"allow":["GET"]}}],"collection":[{"href":"https:\/\/www.colours.cz\/en\/wp-json\/wp\/v2\/program"}],"about":[{"href":"https:\/\/www.colours.cz\/en\/wp-json\/wp\/v2\/types\/program"}],"wp:featuredmedia":[{"embeddable":true,"href":"https:\/\/www.colours.cz\/en\/wp-json\/wp\/v2\/media\/10018"}],"wp:attachment":[{"href":"https:\/\/www.colours.cz\/en\/wp-json\/wp\/v2\/media?parent=10702"}],"wp:term":[{"taxonomy":"program-year","embeddable":true,"href":"https:\/\/www.colours.cz\/en\/wp-json\/wp\/v2\/program-year?post=10702"},{"taxonomy":"program-category","embeddable":true,"href":"https:\/\/www.colours.cz\/en\/wp-json\/wp\/v2\/program-category?post=10702"},{"taxonomy":"program-genre","embeddable":true,"href":"https:\/\/www.colours.cz\/en\/wp-json\/wp\/v2\/program-genre?post=10702"},{"taxonomy":"program-country","embeddable":true,"href":"https:\/\/www.colours.cz\/en\/wp-json\/wp\/v2\/program-country?post=10702"}],"curies":[{"name":"wp","href":"https:\/\/api.w.org\/{rel}","templated":true}]}}

<figure class="wp-block-embed is-type-rich is-provider-spotify wp-block-embed-spotify wp-embed-aspect-21-9 wp-has-aspect-ratio"><div class="wp-block-embed__wrapper">
<iframe title="Spotify Embed: Bert and Friends" style="border-radius: 12px" width="100%" height="352" frameborder="0" allowfullscreen allow="autoplay; clipboard-write; encrypted-media; fullscreen; picture-in-picture" loading="lazy" src="https://open.spotify.com/embed/artist/2rRAGDauJ2h0aDYLbBitkB?si=n3_5KkQzQ-6VnrMvSAdklg&amp;utm_source=oembed"></iframe>
</div></figure>



<p>One of the most singular phenomena of the Czech music scene is bringing České moře to Ostrava. The band led by charismatic frontman Albert Romanutti creates a world where echoes of the past blend with visions of the future. Living dreams collide with electronics, melancholy with playfulness, and pop music drifts off into other dimensions. They first appeared at Colours of Ostrava back in 2019, when only a handful of singles were out. The EP <em>Supr</em> followed later that autumn, a live album <em>2050</em> arrived in 2021, and the band finally unveiled its debut album in 2024.</p>



<figure class="wp-block-embed is-type-video is-provider-youtube wp-block-embed-youtube wp-embed-aspect-16-9 wp-has-aspect-ratio"><div class="wp-block-embed__wrapper">
<iframe loading="lazy" title="Bert &amp; Friends ~ Plody Moří (Official video)" width="500" height="281" src="https://www.youtube.com/embed/tLN3cZbFBxg?feature=oembed" frameborder="0" allow="accelerometer; autoplay; clipboard-write; encrypted-media; gyroscope; picture-in-picture; web-share" referrerpolicy="strict-origin-when-cross-origin" allowfullscreen></iframe>
</div></figure>



<p>Bert &amp; Friends are now preparing a big show for the 23rd edition of Colours, drawing on their acclaimed performances at the Rudolfinum and Forum Karlín, as well as concerts in Tokyo, Seoul, and closer to home in Děčín and Frýdek-Místek. With songs like <em>Haluzinace</em>, <em>Plody moří</em> and <em>Lambaláda</em>, Bert &amp; Friends have won fans across generations. This summer, they will also bring to Ostrava the still-fresh sound of <em>České moře</em>.</p>

<!-- This site is optimized with the Yoast SEO plugin v25.3.1 - https://yoast.com/wordpress/plugins/seo/ -->
<title>BERT &amp; FRIENDS - Colours of Ostrava</title>
<meta name="description" content="Surrealistické popové moře plné barev a fantazie na Colours of Ostrava 2026." />
<meta name="robots" content="index, follow, max-snippet:-1, max-image-preview:large, max-video-preview:-1" />
<link rel="canonical" href="https://www.colours.cz/en/ucinkujici/bert-and-friends/" />
<meta property="og:locale" content="en_US" />
<meta property="og:type" content="article" />
<meta property="og:title" content="BERT &amp; FRIENDS - Colours of Ostrava" />
<meta property="og:description" content="Surrealistické popové moře plné barev a fantazie na Colours of Ostrava 2026." />
<meta property="og:url" content="https://www.colours.cz/en/ucinkujici/bert-and-friends/" />
<meta property="og:site_name" content="Colours of Ostrava" />
<meta property="article:modified_time" content="2026-03-16T13:03:40+00:00" />
<meta property="og:image" content="https://www.colours.cz/wp-content/uploads/2025/11/01_Bert_and_Friends_Foto_by_Sima_Mullerova-scaled.jpg" />
	<meta property="og:image:width" content="2560" />
	<meta property="og:image:height" content="2115" />
	<meta property="og:image:type" content="image/jpeg" />
<meta name="twitter:card" content="summary_large_image" />
<meta name="twitter:label1" content="Est. reading time" />
	<meta name="twitter:data1" content="2 minutes" />
<!-- / Yoast SEO plugin. -->

Surrealistické popové moře plné barev a fantazie na Colours of Ostrava 2026.

Domů
